192.168.25.197 - - [05/May/2017:14:30:12 +0800] "GET /zentao/project-task-4.html HTTP/1.1" 200 12113 "http://192.168.21.6:81/zentao/task-create-4--0.html" "Mozilla/5.0 (Windows NT 6.1) AppleWebKit/537.36 (KHTML, like Gecko) Chrome/56.0.2924.87 Safari/537.36"
192.168.25.185 - - [05/May/2017:14:33:43 +0800] "GET /zentao/misc-ping.html HTTP/1.1" 200 88 "-" "Mozilla/5.0 (Windows NT 6.1; Trident/7.0; rv:11.0) like Gecko Core/1.53.2595.400 QQBrowser/9.6.10872.400"
192.168.25.197 - - [05/May/2017:14:40:12 +0800] "GET /zentao/misc-ping.html HTTP/1.1" 200 88 "http://192.168.21.6:81/zentao/project-task-4.html" "Mozilla/5.0 (Windows NT 6.1) AppleWebKit/537.36 (KHTML, like Gecko) Chrome/56.0.2924.87 Safari/537.36"
192.168.25.185 - - [05/May/2017:14:43:45 +0800] "GET /zentao/misc-ping.html HTTP/1.1" 200 88 "-" "Mozilla/5.0 (Windows NT 6.1; Trident/7.0; rv:11.0) like Gecko Core/1.53.2595.400 QQBrowser/9.6.10872.400"
192.168.25.197 - - [05/May/2017:14:50:13 +0800] "GET /zentao/misc-ping.html HTTP/1.1" 200 88 "http://192.168.21.6:81/zentao/misc-ping.html" "Mozilla/5.0 (Windows NT 6.1) AppleWebKit/537.36 (KHTML, like Gecko) Chrome/56.0.2924.87 Safari/537.36"
192.168.25.185 - - [05/May/2017:14:53:46 +0800] "GET /zentao/misc-ping.html HTTP/1.1" 200 88 "-" "Mozilla/5.0 (Windows NT 6.1; Trident/7.0; rv:11.0) like Gecko Core/1.53.2595.400 QQBrowser/9.6.10872.400"
192.168.25.197 - - [05/May/2017:15:00:13 +0800] "GET /zentao/misc-ping.html HTTP/1.1" 200 88 "http://192.168.21.6:81/zentao/misc-ping.html" "Mozilla/5.0 (Windows NT 6.1) AppleWebKit/537.36 (KHTML, like Gecko) Chrome/56.0.2924.87 Safari/537.36"
192.168.25.185 - - [05/May/2017:15:03:48 +0800] "GET /zentao/misc-ping.html HTTP/1.1" 200 88 "-" "Mozilla/5.0 (Windows NT 6.1; Trident/7.0; rv:11.0) like Gecko Core/1.53.2595.400 QQBrowser/9.6.10872.400"
192.168.25.197 - - [05/May/2017:15:10:13 +0800] "GET /zentao/misc-ping.html HTTP/1.1" 200 88 "http://192.168.21.6:81/zentao/misc-ping.html" "Mozilla/5.0 (Windows NT 6.1) AppleWebKit/537.36 (KHTML, like Gecko) Chrome/56.0.2924.87 Safari/537.36"
192.168.25.185 - - [05/May/2017:15:13:50 +0800] "GET /zentao/misc-ping.html HTTP/1.1" 200 88 "-" "Mozilla/5.0 (Windows NT 6.1; Trident/7.0; rv:11.0) like Gecko Core/1.53.2595.400 QQBrowser/9.6.10872.400"
192.168.25.197 - - [05/May/2017:15:20:13 +0800] "GET /zentao/misc-ping.html HTTP/1.1" 200 88 "http://192.168.21.6:81/zentao/misc-ping.html" "Mozilla/5.0 (Windows NT 6.1) AppleWebKit/537.36 (KHTML, like Gecko) Chrome/56.0.2924.87 Safari/537.36"
192.168.25.185 - - [05/May/2017:15:23:52 +0800] "GET /zentao/misc-ping.html HTTP/1.1" 200 88 "-" "Mozilla/5.0 (Windows NT 6.1; Trident/7.0; rv:11.0) like Gecko Core/1.53.2595.400 QQBrowser/9.6.10872.400"
192.168.25.197 - - [05/May/2017:15:30:14 +0800] "GET /zentao/misc-ping.html HTTP/1.1" 200 88 "http://192.168.21.6:81/zentao/misc-ping.html" "Mozilla/5.0 (Windows NT 6.1) AppleWebKit/537.36 (KHTML, like Gecko) Chrome/56.0.2924.87 Safari/537.36"
192.168.25.185 - - [05/May/2017:15:33:53 +0800] "GET /zentao/misc-ping.html HTTP/1.1" 200 88 "-" "Mozilla/5.0 (Windows NT 6.1; Trident/7.0; rv:11.0) like Gecko Core/1.53.2595.400 QQBrowser/9.6.10872.400"
192.168.25.197 - - [05/May/2017:15:40:14 +0800] "GET /zentao/misc-ping.html HTTP/1.1" 200 88 "http://192.168.21.6:81/zentao/misc-ping.html" "Mozilla/5.0 (Windows NT 6.1) AppleWebKit/537.36 (KHTML, like Gecko) Chrome/56.0.2924.87 Safari/537.36"
192.168.25.185 - - [05/May/2017:15:43:54 +0800] "GET /zentao/misc-ping.html HTTP/1.1" 200 88 "-" "Mozilla/5.0 (Windows NT 6.1; Trident/7.0; rv:11.0) like Gecko Core/1.53.2595.400 QQBrowser/9.6.10872.400"
192.168.25.197 - - [05/May/2017:15:50:14 +0800] "GET /zentao/misc-ping.html HTTP/1.1" 200 88 "http://192.168.21.6:81/zentao/misc-ping.html" "Mozilla/5.0 (Windows NT 6.1) AppleWebKit/537.36 (KHTML, like Gecko) Chrome/56.0.2924.87 Safari/537.36"
192.168.25.185 - - [05/May/2017:15:53:56 +0800] "GET /zentao/misc-ping.html HTTP/1.1" 200 88 "-" "Mozilla/5.0 (Windows NT 6.1; Trident/7.0; rv:11.0) like Gecko Core/1.53.2595.400 QQBrowser/9.6.10872.400"
192.168.25.197 - - [05/May/2017:16:00:15 +0800] "GET /zentao/misc-ping.html HTTP/1.1" 200 88 "http://192.168.21.6:81/zentao/misc-ping.html" "Mozilla/5.0 (Windows NT 6.1) AppleWebKit/537.36 (KHTML, like Gecko) Chrome/56.0.2924.87 Safari/537.36"
192.168.25.185 - - [05/May/2017:16:03:58 +0800] "GET /zentao/misc-ping.html HTTP/1.1" 200 88 "-" "Mozilla/5.0 (Windows NT 6.1; Trident/7.0; rv:11.0) like Gecko Core/1.53.2595.400 QQBrowser/9.6.10872.400"
192.168.25.197 - - [05/May/2017:16:10:15 +0800] "GET /zentao/misc-ping.html HTTP/1.1" 200 88 "http://192.168.21.6:81/zentao/misc-ping.html" "Mozilla/5.0 (Windows NT 6.1) AppleWebKit/537.36 (KHTML, like Gecko) Chrome/56.0.2924.87 Safari/537.36"
192.168.25.185 - - [05/May/2017:16:13:59 +0800] "GET /zentao/misc-ping.html HTTP/1.1" 200 88 "-" "Mozilla/5.0 (Windows NT 6.1; Trident/7.0; rv:11.0) like Gecko Core/1.53.2595.400 QQBrowser/9.6.10872.400"
192.168.25.197 - - [05/May/2017:16:20:15 +0800] "GET /zentao/misc-ping.html HTTP/1.1" 200 88 "http://192.168.21.6:81/zentao/misc-ping.html" "Mozilla/5.0 (Windows NT 6.1) AppleWebKit/537.36 (KHTML, like Gecko) Chrome/56.0.2924.87 Safari/537.36"
192.168.25.185 - - [05/May/2017:16:21:27 +0800] "GET /zentao/testcase-browse-1.html HTTP/1.1" 200 12300 "http://192.168.21.6:81/zentao/testcase-view-8-3.html" "Mozilla/5.0 (Windows NT 6.1; Trident/7.0; rv:11.0) like Gecko Core/1.53.2595.400 QQBrowser/9.6.10872.400"
192.168.25.185 - - [05/May/2017:16:21:35 +0800] "GET /zentao/testcase-view-1-1.html HTTP/1.1" 200 11957 "http://192.168.21.6:81/zentao/testcase-browse-1.html" "Mozilla/5.0 (Windows NT 6.1; Trident/7.0; rv:11.0) like Gecko Core/1.53.2595.400 QQBrowser/9.6.10872.400"
192.168.25.185 - - [05/May/2017:16:21:50 +0800] "GET /zentao/file-download-2-left.html?zentaosid=hrgq3o74emnhcqk8colmbn8d94 HTTP/1.1" 200 1168 "http://192.168.21.6:81/zentao/testcase-view-1-1.html" "Mozilla/5.0 (Windows NT 6.1; Trident/7.0; rv:11.0) like Gecko Core/1.53.2595.400 QQBrowser/9.6.10872.400"
192.168.25.185 - - [05/May/2017:16:21:50 +0800] "GET /zentao/data/upload/1/200201/16121500025040rq.jpg HTTP/1.1" 200 14536 "http://192.168.21.6:81/zentao/file-download-2-left.html?zentaosid=hrgq3o74emnhcqk8colmbn8d94" "Mozilla/5.0 (Windows NT 6.1; Trident/7.0; rv:11.0) like Gecko Core/1.53.2595.400 QQBrowser/9.6.10872.400"
192.168.25.185 - - [05/May/2017:16:22:02 +0800] "GET /zentao/testcase-browse-1.html HTTP/1.1" 200 12300 "-" "Mozilla/5.0 (Windows NT 6.1; Trident/7.0; rv:11.0) like Gecko Core/1.53.2595.400 QQBrowser/9.6.10872.400"
192.168.25.185 - - [05/May/2017:16:22:04 +0800] "GET /zentao/testcase-view-3-4.html HTTP/1.1" 200 12846 "http://192.168.21.6:81/zentao/testcase-browse-1.html" "Mozilla/5.0 (Windows NT 6.1; Trident/7.0; rv:11.0) like Gecko Core/1.53.2595.400 QQBrowser/9.6.10872.400"
192.168.25.185 - - [05/May/2017:16:22:13 +0800] "GET /zentao/qa/ HTTP/1.1" 302 - "http://192.168.21.6:81/zentao/testcase-view-3-4.html" "Mozilla/5.0 (Windows NT 6.1; Trident/7.0; rv:11.0) like Gecko Core/1.53.2595.400 QQBrowser/9.6.10872.400"
192.168.25.185 - - [05/May/2017:16:22:13 +0800] "GET /zentao/bug-browse.html HTTP/1.1" 200 10493 "http://192.168.21.6:81/zentao/testcase-view-3-4.html" "Mozilla/5.0 (Windows NT 6.1; Trident/7.0; rv:11.0) like Gecko Core/1.53.2595.400 QQBrowser/9.6.10872.400"
192.168.25.185 - - [05/May/2017:16:22:16 +0800] "GET /zentao/product-ajaxGetDropMenu-1-bug-browse-.html HTTP/1.1" 200 446 "http://192.168.21.6:81/zentao/bug-browse.html" "Mozilla/5.0 (Windows NT 6.1; Trident/7.0; rv:11.0) like Gecko Core/1.53.2595.400 QQBrowser/9.6.10872.400"
192.168.25.185 - - [05/May/2017:16:22:17 +0800] "GET /zentao/bug-browse-1.html HTTP/1.1" 200 10495 "http://192.168.21.6:81/zentao/bug-browse.html" "Mozilla/5.0 (Windows NT 6.1; Trident/7.0; rv:11.0) like Gecko Core/1.53.2595.400 QQBrowser/9.6.10872.400"
192.168.25.185 - - [05/May/2017:16:22:23 +0800] "GET /zentao/testcase-browse-1.html HTTP/1.1" 200 12300 "http://192.168.21.6:81/zentao/bug-browse-1.html" "Mozilla/5.0 (Windows NT 6.1; Trident/7.0; rv:11.0) like Gecko Core/1.53.2595.400 QQBrowser/9.6.10872.400"
192.168.25.185 - - [05/May/2017:16:22:26 +0800] "GET /zentao/testcase-view-4-1.html HTTP/1.1" 200 11540 "http://192.168.21.6:81/zentao/testcase-browse-1.html" "Mozilla/5.0 (Windows NT 6.1; Trident/7.0; rv:11.0) like Gecko Core/1.53.2595.400 QQBrowser/9.6.10872.400"
192.168.25.185 - - [05/May/2017:16:25:46 +0800] "GET /zentao/testcase-browse-1.html HTTP/1.1" 200 12300 "http://192.168.21.6:81/zentao/testcase-view-4-1.html" "Mozilla/5.0 (Windows NT 6.1; Trident/7.0; rv:11.0) like Gecko Core/1.53.2595.400 QQBrowser/9.6.10872.400"
192.168.25.185 - - [05/May/2017:16:27:09 +0800] "GET /zentao/testcase-view-3-4.html HTTP/1.1" 200 12845 "http://192.168.21.6:81/zentao/testcase-browse-1.html" "Mozilla/5.0 (Windows NT 6.1; Trident/7.0; rv:11.0) like Gecko Core/1.53.2595.400 QQBrowser/9.6.10872.400"
192.168.25.185 - - [05/May/2017:16:27:13 +0800] "GET /zentao/qa/ HTTP/1.1" 302 - "http://192.168.21.6:81/zentao/testcase-view-3-4.html" "Mozilla/5.0 (Windows NT 6.1; Trident/7.0; rv:11.0) like Gecko Core/1.53.2595.400 QQBrowser/9.6.10872.400"
192.168.25.185 - - [05/May/2017:16:27:13 +0800] "GET /zentao/bug-browse.html HTTP/1.1" 200 10493 "http://192.168.21.6:81/zentao/testcase-view-3-4.html" "Mozilla/5.0 (Windows NT 6.1; Trident/7.0; rv:11.0) like Gecko Core/1.53.2595.400 QQBrowser/9.6.10872.400"
192.168.25.185 - - [05/May/2017:16:27:17 +0800] "GET /zentao/testcase-browse-1.html HTTP/1.1" 200 12300 "http://192.168.21.6:81/zentao/bug-browse.html" "Mozilla/5.0 (Windows NT 6.1; Trident/7.0; rv:11.0) like Gecko Core/1.53.2595.400 QQBrowser/9.6.10872.400"
192.168.25.197 - - [05/May/2017:16:30:15 +0800] "GET /zentao/misc-ping.html HTTP/1.1" 200 88 "http://192.168.21.6:81/zentao/misc-ping.html" "Mozilla/5.0 (Windows NT 6.1) AppleWebKit/537.36 (KHTML, like Gecko) Chrome/56.0.2924.87 Safari/537.36"
192.168.25.185 - - [05/May/2017:16:37:17 +0800] "GET /zentao/misc-ping.html HTTP/1.1" 200 88 "http://192.168.21.6:81/zentao/testcase-browse-1.html" "Mozilla/5.0 (Windows NT 6.1; Trident/7.0; rv:11.0) like Gecko Core/1.53.2595.400 QQBrowser/9.6.10872.400"
192.168.25.197 - - [05/May/2017:16:40:16 +0800] "GET /zentao/misc-ping.html HTTP/1.1" 200 88 "http://192.168.21.6:81/zentao/misc-ping.html" "Mozilla/5.0 (Windows NT 6.1) AppleWebKit/537.36 (KHTML, like Gecko) Chrome/56.0.2924.87 Safari/537.36"
192.168.25.185 - - [05/May/2017:16:41:42 +0800] "GET /zentao/testcase-view-8-3.html HTTP/1.1" 200 12107 "http://192.168.21.6:81/zentao/testcase-browse-1.html" "Mozilla/5.0 (Windows NT 6.1; Trident/7.0; rv:11.0) like Gecko Core/1.53.2595.400 QQBrowser/9.6.10872.400"
192.168.25.185 - - [05/May/2017:16:41:59 +0800] "GET /zentao/testcase-browse-1.html HTTP/1.1" 200 12300 "-" "Mozilla/5.0 (Windows NT 6.1; Trident/7.0; rv:11.0) like Gecko Core/1.53.2595.400 QQBrowser/9.6.10872.400"
192.168.25.185 - - [05/May/2017:16:42:01 +0800] "GET /zentao/testcase-view-7-1.html HTTP/1.1" 200 11641 "http://192.168.21.6:81/zentao/testcase-browse-1.html" "Mozilla/5.0 (Windows NT 6.1; Trident/7.0; rv:11.0) like Gecko Core/1.53.2595.400 QQBrowser/9.6.10872.400"
192.168.25.185 - - [05/May/2017:16:42:24 +0800] "GET /zentao/product-ajaxGetDropMenu-1-testcase-browse-.html HTTP/1.1" 200 449 "http://192.168.21.6:81/zentao/testcase-view-7-1.html" "Mozilla/5.0 (Windows NT 6.1; Trident/7.0; rv:11.0) like Gecko Core/1.53.2595.400 QQBrowser/9.6.10872.400"
192.168.25.185 - - [05/May/2017:16:49:37 +0800] "GET /zentao/testcase-browse-1.html HTTP/1.1" 200 12300 "http://192.168.21.6:81/zentao/testcase-view-7-1.html" "Mozilla/5.0 (Windows NT 6.1; Trident/7.0; rv:11.0) like Gecko Core/1.53.2595.400 QQBrowser/9.6.10872.400"
192.168.25.185 - - [05/May/2017:16:49:41 +0800] "GET /zentao/testcase-view-6-1.html HTTP/1.1" 200 11622 "http://192.168.21.6:81/zentao/testcase-browse-1.html" "Mozilla/5.0 (Windows NT 6.1; Trident/7.0; rv:11.0) like Gecko Core/1.53.2595.400 QQBrowser/9.6.10872.400"
192.168.25.197 - - [05/May/2017:16:50:16 +0800] "GET /zentao/misc-ping.html HTTP/1.1" 200 88 "http://192.168.21.6:81/zentao/misc-ping.html" "Mozilla/5.0 (Windows NT 6.1) AppleWebKit/537.36 (KHTML, like Gecko) Chrome/56.0.2924.87 Safari/537.36"
192.168.25.185 - - [05/May/2017:16:59:41 +0800] "GET /zentao/misc-ping.html HTTP/1.1" 200 88 "http://192.168.21.6:81/zentao/testcase-view-6-1.html" "Mozilla/5.0 (Windows NT 6.1; Trident/7.0; rv:11.0) like Gecko Core/1.53.2595.400 QQBrowser/9.6.10872.400"
192.168.25.197 - - [05/May/2017:17:00:16 +0800] "GET /zentao/misc-ping.html HTTP/1.1" 200 88 "http://192.168.21.6:81/zentao/misc-ping.html" "Mozilla/5.0 (Windows NT 6.1) AppleWebKit/537.36 (KHTML, like Gecko) Chrome/56.0.2924.87 Safari/537.36"
192.168.25.185 - - [05/May/2017:17:09:43 +0800] "GET /zentao/misc-ping.html HTTP/1.1" 200 88 "-" "Mozilla/5.0 (Windows NT 6.1; Trident/7.0; rv:11.0) like Gecko Core/1.53.2595.400 QQBrowser/9.6.10872.400"
192.168.25.197 - - [05/May/2017:17:10:16 +0800] "GET /zentao/misc-ping.html HTTP/1.1" 200 88 "http://192.168.21.6:81/zentao/misc-ping.html" "Mozilla/5.0 (Windows NT 6.1) AppleWebKit/537.36 (KHTML, like Gecko) Chrome/56.0.2924.87 Safari/537.36"
192.168.25.185 - - [05/May/2017:17:19:44 +0800] "GET /zentao/misc-ping.html HTTP/1.1" 200 88 "-" "Mozilla/5.0 (Windows NT 6.1; Trident/7.0; rv:11.0) like Gecko Core/1.53.2595.400 QQBrowser/9.6.10872.400"
192.168.25.197 - - [05/May/2017:17:20:17 +0800] "GET /zentao/misc-ping.html HTTP/1.1" 200 88 "http://192.168.21.6:81/zentao/misc-ping.html" "Mozilla/5.0 (Windows NT 6.1) AppleWebKit/537.36 (KHTML, like Gecko) Chrome/56.0.2924.87 Safari/537.36"
192.168.25.185 - - [05/May/2017:17:29:45 +0800] "GET /zentao/misc-ping.html HTTP/1.1" 200 88 "-" "Mozilla/5.0 (Windows NT 6.1; Trident/7.0; rv:11.0) like Gecko Core/1.53.2595.400 QQBrowser/9.6.10872.400"
192.168.25.197 - - [05/May/2017:17:30:17 +0800] "GET /zentao/misc-ping.html HTTP/1.1" 200 88 "http://192.168.21.6:81/zentao/misc-ping.html" "Mozilla/5.0 (Windows NT 6.1) AppleWebKit/537.36 (KHTML, like Gecko) Chrome/56.0.2924.87 Safari/537.36"
192.168.25.185 - - [05/May/2017:17:39:47 +0800] "GET /zentao/misc-ping.html HTTP/1.1" 200 88 "-" "Mozilla/5.0 (Windows NT 6.1; Trident/7.0; rv:11.0) like Gecko Core/1.53.2595.400 QQBrowser/9.6.10872.400"
192.168.25.197 - - [05/May/2017:17:40:17 +0800] "GET /zentao/misc-ping.html HTTP/1.1" 200 88 "http://192.168.21.6:81/zentao/misc-ping.html" "Mozilla/5.0 (Windows NT 6.1) AppleWebKit/537.36 (KHTML, like Gecko) Chrome/56.0.2924.87 Safari/537.36"
192.168.25.185 - - [05/May/2017:17:49:47 +0800] "GET /zentao/misc-ping.html HTTP/1.1" 200 88 "-" "Mozilla/5.0 (Windows NT 6.1; Trident/7.0; rv:11.0) like Gecko Core/1.53.2595.400 QQBrowser/9.6.10872.400"
192.168.25.197 - - [05/May/2017:17:50:18 +0800] "GET /zentao/misc-ping.html HTTP/1.1" 200 88 "http://192.168.21.6:81/zentao/misc-ping.html" "Mozilla/5.0 (Windows NT 6.1) AppleWebKit/537.36 (KHTML, like Gecko) Chrome/56.0.2924.87 Safari/537.36"
192.168.25.185 - - [05/May/2017:17:59:49 +0800] "GET /zentao/misc-ping.html HTTP/1.1" 200 88 "-" "Mozilla/5.0 (Windows NT 6.1; Trident/7.0; rv:11.0) like Gecko Core/1.53.2595.400 QQBrowser/9.6.10872.400"
192.168.25.197 - - [05/May/2017:18:00:19 +0800] "GET /zentao/misc-ping.html HTTP/1.1" 200 88 "http://192.168.21.6:81/zentao/misc-ping.html" "Mozilla/5.0 (Windows NT 6.1) AppleWebKit/537.36 (KHTML, like Gecko) Chrome/56.0.2924.87 Safari/537.36"
192.168.25.185 - - [05/May/2017:18:09:50 +0800] "GET /zentao/misc-ping.html HTTP/1.1" 200 88 "-" "Mozilla/5.0 (Windows NT 6.1; Trident/7.0; rv:11.0) like Gecko Core/1.53.2595.400 QQBrowser/9.6.10872.400"
192.168.25.197 - - [05/May/2017:18:10:20 +0800] "GET /zentao/misc-ping.html HTTP/1.1" 200 88 "http://192.168.21.6:81/zentao/misc-ping.html" "Mozilla/5.0 (Windows NT 6.1) AppleWebKit/537.36 (KHTML, like Gecko) Chrome/56.0.2924.87 Safari/537.36"
192.168.25.197 - - [05/May/2017:18:20:20 +0800] "GET /zentao/misc-ping.html HTTP/1.1" 200 88 "http://192.168.21.6:81/zentao/misc-ping.html" "Mozilla/5.0 (Windows NT 6.1) AppleWebKit/537.36 (KHTML, like Gecko) Chrome/56.0.2924.87 Safari/537.36"
192.168.25.197 - - [05/May/2017:18:30:20 +0800] "GET /zentao/misc-ping.html HTTP/1.1" 200 88 "http://192.168.21.6:81/zentao/misc-ping.html" "Mozilla/5.0 (Windows NT 6.1) AppleWebKit/537.36 (KHTML, like Gecko) Chrome/56.0.2924.87 Safari/537.36"
192.168.25.197 - - [05/May/2017:18:40:21 +0800] "GET /zentao/misc-ping.html HTTP/1.1" 200 88 "http://192.168.21.6:81/zentao/misc-ping.html" "Mozilla/5.0 (Windows NT 6.1) AppleWebKit/537.36 (KHTML, like Gecko) Chrome/56.0.2924.87 Safari/537.36"
192.168.25.197 - - [05/May/2017:18:50:21 +0800] "GET /zentao/misc-ping.html HTTP/1.1" 200 88 "http://192.168.21.6:81/zentao/misc-ping.html" "Mozilla/5.0 (Windows NT 6.1) AppleWebKit/537.36 (KHTML, like Gecko) Chrome/56.0.2924.87 Safari/537.36"
192.168.25.197 - - [05/May/2017:19:00:21 +0800] "GET /zentao/misc-ping.html HTTP/1.1" 200 88 "http://192.168.21.6:81/zentao/misc-ping.html" "Mozilla/5.0 (Windows NT 6.1) AppleWebKit/537.36 (KHTML, like Gecko) Chrome/56.0.2924.87 Safari/537.36"
192.168.25.197 - - [05/May/2017:19:10:21 +0800] "GET /zentao/misc-ping.html HTTP/1.1" 200 88 "http://192.168.21.6:81/zentao/misc-ping.html" "Mozilla/5.0 (Windows NT 6.1) AppleWebKit/537.36 (KHTML, like Gecko) Chrome/56.0.2924.87 Safari/537.36"
192.168.25.197 - - [08/May/2017:08:47:59 +0800] "GET /zentao/user-login-L3plbnRhby8=.html HTTP/1.1" 200 2969 "-" "Mozilla/5.0 (Windows NT 6.1) AppleWebKit/537.36 (KHTML, like Gecko) Chrome/56.0.2924.87 Safari/537.36"
192.168.25.197 - - [08/May/2017:08:48:39 +0800] "POST /zentao/user-login-L3plbnRhby8=.html HTTP/1.1" 200 126 "http://192.168.21.6:81/zentao/user-login-L3plbnRhby8=.html" "Mozilla/5.0 (Windows NT 6.1) AppleWebKit/537.36 (KHTML, like Gecko) Chrome/56.0.2924.87 Safari/537.36"
192.168.25.197 - - [08/May/2017:08:48:39 +0800] "GET /zentao/index.html HTTP/1.1" 302 - "http://192.168.21.6:81/zentao/user-login-L3plbnRhby8=.html" "Mozilla/5.0 (Windows NT 6.1) AppleWebKit/537.36 (KHTML, like Gecko) Chrome/56.0.2924.87 Safari/537.36"
192.168.25.197 - - [08/May/2017:08:48:39 +0800] "GET /zentao/my/ HTTP/1.1" 200 8783 "http://192.168.21.6:81/zentao/user-login-L3plbnRhby8=.html" "Mozilla/5.0 (Windows NT 6.1) AppleWebKit/537.36 (KHTML, like Gecko) Chrome/56.0.2924.87 Safari/537.36"
192.168.25.197 - - [08/May/2017:08:48:40 +0800] "GET /zentao/theme/default/fonts/zenicon.woff?v=1.0.0 HTTP/1.1" 304 - "http://192.168.21.6:81/zentao/theme/default/zh-cn.lightblue.css?v=9.1.2" "Mozilla/5.0 (Windows NT 6.1) AppleWebKit/537.36 (KHTML, like Gecko) Chrome/56.0.2924.87 Safari/537.36"
192.168.25.197 - - [08/May/2017:08:48:40 +0800] "GET /zentao/theme/zui/fonts/zenicon.woff?v=1.0.0 HTTP/1.1" 304 - "http://192.168.21.6:81/zentao/theme/default/zh-cn.lightblue.css?v=9.1.2" "Mozilla/5.0 (Windows NT 6.1) AppleWebKit/537.36 (KHTML, like Gecko) Chrome/56.0.2924.87 Safari/537.36"
192.168.25.197 - - [08/May/2017:08:48:40 +0800] "GET /zentao/block-printBlock-20-my.html HTTP/1.1" 200 210 "http://192.168.21.6:81/zentao/my/" "Mozilla/5.0 (Windows NT 6.1) AppleWebKit/537.36 (KHTML, like Gecko) Chrome/56.0.2924.87 Safari/537.36"
192.168.25.197 - - [08/May/2017:08:48:40 +0800] "GET /zentao/block-printBlock-19-my.html HTTP/1.1" 200 966 "http://192.168.21.6:81/zentao/my/" "Mozilla/5.0 (Windows NT 6.1) AppleWebKit/537.36 (KHTML, like Gecko) Chrome/56.0.2924.87 Safari/537.36"
192.168.25.197 - - [08/May/2017:08:48:40 +0800] "GET /zentao/block-printBlock-23-my.html HTTP/1.1" 200 446 "http://192.168.21.6:81/zentao/my/" "Mozilla/5.0 (Windows NT 6.1) AppleWebKit/537.36 (KHTML, like Gecko) Chrome/56.0.2924.87 Safari/537.36"
192.168.25.197 - - [08/May/2017:08:48:40 +0800] "GET /zentao/block-printBlock-21-my.html HTTP/1.1" 200 1779 "http://192.168.21.6:81/zentao/my/" "Mozilla/5.0 (Windows NT 6.1) AppleWebKit/537.36 (KHTML, like Gecko) Chrome/56.0.2924.87 Safari/537.36"
192.168.25.197 - - [08/May/2017:08:48:40 +0800] "GET /zentao/block-printBlock-22-my.html HTTP/1.1" 200 408 "http://192.168.21.6:81/zentao/my/" "Mozilla/5.0 (Windows NT 6.1) AppleWebKit/537.36 (KHTML, like Gecko) Chrome/56.0.2924.87 Safari/537.36"
192.168.25.197 - - [08/May/2017:08:48:40 +0800] "GET /zentao/block-printBlock-24-my.html HTTP/1.1" 200 561 "http://192.168.21.6:81/zentao/my/" "Mozilla/5.0 (Windows NT 6.1) AppleWebKit/537.36 (KHTML, like Gecko) Chrome/56.0.2924.87 Safari/537.36"
192.168.25.197 - - [08/May/2017:08:48:40 +0800] "GET /zentao/block-printBlock-25-my.html HTTP/1.1" 200 359 "http://192.168.21.6:81/zentao/my/" "Mozilla/5.0 (Windows NT 6.1) AppleWebKit/537.36 (KHTML, like Gecko) Chrome/56.0.2924.87 Safari/537.36"
192.168.25.197 - - [08/May/2017:08:48:40 +0800] "GET /zentao/block-printBlock-26-my.html HTTP/1.1" 200 239 "http://192.168.21.6:81/zentao/my/" "Mozilla/5.0 (Windows NT 6.1) AppleWebKit/537.36 (KHTML, like Gecko) Chrome/56.0.2924.87 Safari/537.36"
192.168.25.197 - - [08/May/2017:08:48:40 +0800] "GET /zentao/block-printBlock-27-my.html HTTP/1.1" 200 253 "http://192.168.21.6:81/zentao/my/" "Mozilla/5.0 (Windows NT 6.1) AppleWebKit/537.36 (KHTML, like Gecko) Chrome/56.0.2924.87 Safari/537.36"
192.168.25.197 - - [08/May/2017:08:48:41 +0800] "GET /zentao/js/chartjs/chart.line.min.js?v=9.1.2&_=1494204435577 HTTP/1.1" 200 2918 "http://192.168.21.6:81/zentao/my/" "Mozilla/5.0 (Windows NT 6.1) AppleWebKit/537.36 (KHTML, like Gecko) Chrome/56.0.2924.87 Safari/537.36"
192.168.25.197 - - [08/May/2017:08:48:45 +0800] "GET /zentao/project/ HTTP/1.1" 200 8818 "http://192.168.21.6:81/zentao/my/" "Mozilla/5.0 (Windows NT 6.1) AppleWebKit/537.36 (KHTML, like Gecko) Chrome/56.0.2924.87 Safari/537.36"
192.168.25.197 - - [08/May/2017:08:48:45 +0800] "GET /zentao/block-printBlock-14-project.html HTTP/1.1" 200 1780 "http://192.168.21.6:81/zentao/project/" "Mozilla/5.0 (Windows NT 6.1) AppleWebKit/537.36 (KHTML, like Gecko) Chrome/56.0.2924.87 Safari/537.36"
192.168.25.197 - - [08/May/2017:08:48:45 +0800] "GET /zentao/block-printBlock-39-project.html HTTP/1.1" 200 231 "http://192.168.21.6:81/zentao/project/" "Mozilla/5.0 (Windows NT 6.1) AppleWebKit/537.36 (KHTML, like Gecko) Chrome/56.0.2924.87 Safari/537.36"
192.168.25.197 - - [08/May/2017:08:48:45 +0800] "GET /zentao/block-printBlock-15-project.html HTTP/1.1" 200 561 "http://192.168.21.6:81/zentao/project/" "Mozilla/5.0 (Windows NT 6.1) AppleWebKit/537.36 (KHTML, like Gecko) Chrome/56.0.2924.87 Safari/537.36"
192.168.25.197 - - [08/May/2017:08:48:45 +0800] "GET /zentao/js/chartjs/chart.line.min.js?v=9.1.2&_=1494204440973 HTTP/1.1" 200 2918 "http://192.168.21.6:81/zentao/project/" "Mozilla/5.0 (Windows NT 6.1) AppleWebKit/537.36 (KHTML, like Gecko) Chrome/56.0.2924.87 Safari/537.36"
192.168.25.197 - - [08/May/2017:08:48:48 +0800] "GET /zentao/project-ajaxGetDropMenu-4-project-index-.html HTTP/1.1" 200 494 "http://192.168.21.6:81/zentao/project/" "Mozilla/5.0 (Windows NT 6.1) AppleWebKit/537.36 (KHTML, like Gecko) Chrome/56.0.2924.87 Safari/537.36"
192.168.25.197 - - [08/May/2017:08:48:51 +0800] "GET /zentao/product/ HTTP/1.1" 200 7489 "http://192.168.21.6:81/zentao/project/" "Mozilla/5.0 (Windows NT 6.1) AppleWebKit/537.36 (KHTML, like Gecko) Chrome/56.0.2924.87 Safari/537.36"
192.168.25.197 - - [08/May/2017:08:48:51 +0800] "GET /zentao/block-printBlock-47-product.html HTTP/1.1" 200 446 "http://192.168.21.6:81/zentao/product/" "Mozilla/5.0 (Windows NT 6.1) AppleWebKit/537.36 (KHTML, like Gecko) Chrome/56.0.2924.87 Safari/537.36"
192.168.25.197 - - [08/May/2017:08:48:51 +0800] "GET /zentao/block-printBlock-48-product.html HTTP/1.1" 200 239 "http://192.168.21.6:81/zentao/product/" "Mozilla/5.0 (Windows NT 6.1) AppleWebKit/537.36 (KHTML, like Gecko) Chrome/56.0.2924.87 Safari/537.36"
192.168.25.197 - - [08/May/2017:08:48:54 +0800] "GET /zentao/project/ HTTP/1.1" 200 8818 "http://192.168.21.6:81/zentao/product/" "Mozilla/5.0 (Windows NT 6.1) AppleWebKit/537.36 (KHTML, like Gecko) Chrome/56.0.2924.87 Safari/537.36"
192.168.25.197 - - [08/May/2017:08:48:55 +0800] "GET /zentao/block-printBlock-14-project.html HTTP/1.1" 200 1779 "http://192.168.21.6:81/zentao/project/" "Mozilla/5.0 (Windows NT 6.1) AppleWebKit/537.36 (KHTML, like Gecko) Chrome/56.0.2924.87 Safari/537.36"
192.168.25.197 - - [08/May/2017:08:48:55 +0800] "GET /zentao/block-printBlock-15-project.html HTTP/1.1" 200 561 "http://192.168.21.6:81/zentao/project/" "Mozilla/5.0 (Windows NT 6.1) AppleWebKit/537.36 (KHTML, like Gecko) Chrome/56.0.2924.87 Safari/537.36"
192.168.25.197 - - [08/May/2017:08:48:55 +0800] "GET /zentao/block-printBlock-39-project.html HTTP/1.1" 200 231 "http://192.168.21.6:81/zentao/project/" "Mozilla/5.0 (Windows NT 6.1) AppleWebKit/537.36 (KHTML, like Gecko) Chrome/56.0.2924.87 Safari/537.36"
192.168.25.197 - - [08/May/2017:08:48:56 +0800] "GET /zentao/js/chartjs/chart.line.min.js?v=9.1.2&_=1494204451130 HTTP/1.1" 200 2918 "http://192.168.21.6:81/zentao/project/" "Mozilla/5.0 (Windows NT 6.1) AppleWebKit/537.36 (KHTML, like Gecko) Chrome/56.0.2924.87 Safari/537.36"
192.168.25.197 - - [08/May/2017:08:48:57 +0800] "GET /zentao/project-ajaxGetDropMenu-4-project-index-.html HTTP/1.1" 200 494 "http://192.168.21.6:81/zentao/project/" "Mozilla/5.0 (Windows NT 6.1) AppleWebKit/537.36 (KHTML, like Gecko) Chrome/56.0.2924.87 Safari/537.36"
192.168.25.197 - - [08/May/2017:08:48:58 +0800] "GET /zentao/project-task-5.html HTTP/1.1" 200 12430 "http://192.168.21.6:81/zentao/project/" "Mozilla/5.0 (Windows NT 6.1) AppleWebKit/537.36 (KHTML, like Gecko) Chrome/56.0.2924.87 Safari/537.36"
192.168.25.197 - - [08/May/2017:08:49:08 +0800] "GET /zentao/task-view-8.html HTTP/1.1" 200 9648 "http://192.168.21.6:81/zentao/project-task-5.html" "Mozilla/5.0 (Windows NT 6.1) AppleWebKit/537.36 (KHTML, like Gecko) Chrome/56.0.2924.87 Safari/537.36"
192.168.25.197 - - [08/May/2017:08:49:12 +0800] "GET /zentao/task-assignTo-5-8.html?onlybody=yes HTTP/1.1" 200 5613 "http://192.168.21.6:81/zentao/task-view-8.html" "Mozilla/5.0 (Windows NT 6.1) AppleWebKit/537.36 (KHTML, like Gecko) Chrome/56.0.2924.87 Safari/537.36"
192.168.25.197 - - [08/May/2017:08:49:19 +0800] "GET /zentao/qa/ HTTP/1.1" 200 7357 "http://192.168.21.6:81/zentao/task-view-8.html" "Mozilla/5.0 (Windows NT 6.1) AppleWebKit/537.36 (KHTML, like Gecko) Chrome/56.0.2924.87 Safari/537.36"
192.168.25.197 - - [08/May/2017:08:49:19 +0800] "GET /zentao/block-printBlock-16-qa.html HTTP/1.1" 200 359 "http://192.168.21.6:81/zentao/qa/" "Mozilla/5.0 (Windows NT 6.1) AppleWebKit/537.36 (KHTML, like Gecko) Chrome/56.0.2924.87 Safari/537.36"
192.168.25.197 - - [08/May/2017:08:49:19 +0800] "GET /zentao/block-printBlock-18-qa.html HTTP/1.1" 200 410 "http://192.168.21.6:81/zentao/qa/" "Mozilla/5.0 (Windows NT 6.1) AppleWebKit/537.36 (KHTML, like Gecko) Chrome/56.0.2924.87 Safari/537.36"
192.168.25.197 - - [08/May/2017:08:49:19 +0800] "GET /zentao/block-printBlock-17-qa.html HTTP/1.1" 200 253 "http://192.168.21.6:81/zentao/qa/" "Mozilla/5.0 (Windows NT 6.1) AppleWebKit/537.36 (KHTML, like Gecko) Chrome/56.0.2924.87 Safari/537.36"
192.168.25.197 - - [08/May/2017:08:49:26 +0800] "GET /zentao/project/ HTTP/1.1" 200 8792 "http://192.168.21.6:81/zentao/qa/" "Mozilla/5.0 (Windows NT 6.1) AppleWebKit/537.36 (KHTML, like Gecko) Chrome/56.0.2924.87 Safari/537.36"
192.168.25.197 - - [08/May/2017:08:49:27 +0800] "GET /zentao/block-printBlock-15-project.html HTTP/1.1" 200 561 "http://192.168.21.6:81/zentao/project/" "Mozilla/5.0 (Windows NT 6.1) AppleWebKit/537.36 (KHTML, like Gecko) Chrome/56.0.2924.87 Safari/537.36"
192.168.25.197 - - [08/May/2017:08:49:27 +0800] "GET /zentao/block-printBlock-14-project.html HTTP/1.1" 200 1778 "http://192.168.21.6:81/zentao/project/" "Mozilla/5.0 (Windows NT 6.1) AppleWebKit/537.36 (KHTML, like Gecko) Chrome/56.0.2924.87 Safari/537.36"
192.168.25.197 - - [08/May/2017:08:49:27 +0800] "GET /zentao/block-printBlock-39-project.html HTTP/1.1" 200 231 "http://192.168.21.6:81/zentao/project/" "Mozilla/5.0 (Windows NT 6.1) AppleWebKit/537.36 (KHTML, like Gecko) Chrome/56.0.2924.87 Safari/537.36"
192.168.25.197 - - [08/May/2017:08:49:27 +0800] "GET /zentao/js/chartjs/chart.line.min.js?v=9.1.2&_=1494204482925 HTTP/1.1" 200 2918 "http://192.168.21.6:81/zentao/project/" "Mozilla/5.0 (Windows NT 6.1) AppleWebKit/537.36 (KHTML, like Gecko) Chrome/56.0.2924.87 Safari/537.36"
192.168.25.197 - - [08/May/2017:08:49:34 +0800] "GET /zentao/project-testtask-5.html HTTP/1.1" 200 5663 "http://192.168.21.6:81/zentao/project/" "Mozilla/5.0 (Windows NT 6.1) AppleWebKit/537.36 (KHTML, like Gecko) Chrome/56.0.2924.87 Safari/537.36"
192.168.25.197 - - [08/May/2017:08:49:38 +0800] "GET /zentao/project-create.html HTTP/1.1" 200 9980 "http://192.168.21.6:81/zentao/project-testtask-5.html" "Mozilla/5.0 (Windows NT 6.1) AppleWebKit/537.36 (KHTML, like Gecko) Chrome/56.0.2924.87 Safari/537.36"
192.168.25.197 - - [08/May/2017:08:49:45 +0800] "GET /zentao/project/ HTTP/1.1" 200 8792 "http://192.168.21.6:81/zentao/project-create.html" "Mozilla/5.0 (Windows NT 6.1) AppleWebKit/537.36 (KHTML, like Gecko) Chrome/56.0.2924.87 Safari/537.36"
192.168.25.197 - - [08/May/2017:08:49:45 +0800] "GET /zentao/block-printBlock-39-project.html HTTP/1.1" 200 231 "http://192.168.21.6:81/zentao/project/" "Mozilla/5.0 (Windows NT 6.1) AppleWebKit/537.36 (KHTML, like Gecko) Chrome/56.0.2924.87 Safari/537.36"
192.168.25.197 - - [08/May/2017:08:49:45 +0800] "GET /zentao/block-printBlock-14-project.html HTTP/1.1" 200 1780 "http://192.168.21.6:81/zentao/project/" "Mozilla/5.0 (Windows NT 6.1) AppleWebKit/537.36 (KHTML, like Gecko) Chrome/56.0.2924.87 Safari/537.36"
192.168.25.197 - - [08/May/2017:08:49:45 +0800] "GET /zentao/block-printBlock-15-project.html HTTP/1.1" 200 561 "http://192.168.21.6:81/zentao/project/" "Mozilla/5.0 (Windows NT 6.1) AppleWebKit/537.36 (KHTML, like Gecko) Chrome/56.0.2924.87 Safari/537.36"
192.168.25.197 - - [08/May/2017:08:49:46 +0800] "GET /zentao/js/chartjs/chart.line.min.js?v=9.1.2&_=1494204501397 HTTP/1.1" 200 2918 "http://192.168.21.6:81/zentao/project/" "Mozilla/5.0 (Windows NT 6.1) AppleWebKit/537.36 (KHTML, like Gecko) Chrome/56.0.2924.87 Safari/537.36"
192.168.25.197 - - [08/May/2017:08:49:46 +0800] "GET /zentao/project-all-undone-5.html HTTP/1.1" 200 8271 "http://192.168.21.6:81/zentao/project/" "Mozilla/5.0 (Windows NT 6.1) AppleWebKit/537.36 (KHTML, like Gecko) Chrome/56.0.2924.87 Safari/537.36"
192.168.25.197 - - [08/May/2017:08:49:51 +0800] "GET /zentao/project-view-5.html HTTP/1.1" 200 6978 "http://192.168.21.6:81/zentao/project-all-undone-5.html" "Mozilla/5.0 (Windows NT 6.1) AppleWebKit/537.36 (KHTML, like Gecko) Chrome/56.0.2924.87 Safari/537.36"
192.168.25.197 - - [08/May/2017:08:50:15 +0800] "GET /zentao/qa/ HTTP/1.1" 200 7357 "http://192.168.21.6:81/zentao/project-view-5.html" "Mozilla/5.0 (Windows NT 6.1) AppleWebKit/537.36 (KHTML, like Gecko) Chrome/56.0.2924.87 Safari/537.36"
192.168.25.197 - - [08/May/2017:08:50:16 +0800] "GET /zentao/block-printBlock-18-qa.html HTTP/1.1" 200 410 "http://192.168.21.6:81/zentao/qa/" "Mozilla/5.0 (Windows NT 6.1) AppleWebKit/537.36 (KHTML, like Gecko) Chrome/56.0.2924.87 Safari/537.36"
192.168.25.197 - - [08/May/2017:08:50:16 +0800] "GET /zentao/block-printBlock-16-qa.html HTTP/1.1" 200 359 "http://192.168.21.6:81/zentao/qa/" "Mozilla/5.0 (Windows NT 6.1) AppleWebKit/537.36 (KHTML, like Gecko) Chrome/56.0.2924.87 Safari/537.36"
192.168.25.197 - - [08/May/2017:08:50:16 +0800] "GET /zentao/block-printBlock-17-qa.html HTTP/1.1" 200 253 "http://192.168.21.6:81/zentao/qa/" "Mozilla/5.0 (Windows NT 6.1) AppleWebKit/537.36 (KHTML, like Gecko) Chrome/56.0.2924.87 Safari/537.36"
192.168.25.197 - - [08/May/2017:08:50:18 +0800] "GET /zentao/testtask-browse-3.html HTTP/1.1" 200 4109 "http://192.168.21.6:81/zentao/qa/" "Mozilla/5.0 (Windows NT 6.1) AppleWebKit/537.36 (KHTML, like Gecko) Chrome/56.0.2924.87 Safari/537.36"
192.168.25.197 - - [08/May/2017:08:50:20 +0800] "GET /zentao/testtask-create-3.html HTTP/1.1" 200 7875 "http://192.168.21.6:81/zentao/testtask-browse-3.html" "Mozilla/5.0 (Windows NT 6.1) AppleWebKit/537.36 (KHTML, like Gecko) Chrome/56.0.2924.87 Safari/537.36"
192.168.25.197 - - [08/May/2017:08:50:25 +0800] "GET /zentao/project/ HTTP/1.1" 200 8792 "http://192.168.21.6:81/zentao/testtask-create-3.html" "Mozilla/5.0 (Windows NT 6.1) AppleWebKit/537.36 (KHTML, like Gecko) Chrome/56.0.2924.87 Safari/537.36"
192.168.25.197 - - [08/May/2017:08:50:25 +0800] "GET /zentao/block-printBlock-14-project.html HTTP/1.1" 200 1779 "http://192.168.21.6:81/zentao/project/" "Mozilla/5.0 (Windows NT 6.1) AppleWebKit/537.36 (KHTML, like Gecko) Chrome/56.0.2924.87 Safari/537.36"
192.168.25.197 - - [08/May/2017:08:50:25 +0800] "GET /zentao/block-printBlock-15-project.html HTTP/1.1" 200 561 "http://192.168.21.6:81/zentao/project/" "Mozilla/5.0 (Windows NT 6.1) AppleWebKit/537.36 (KHTML, like Gecko) Chrome/56.0.2924.87 Safari/537.36"
192.168.25.197 - - [08/May/2017:08:50:25 +0800] "GET /zentao/block-printBlock-39-project.html HTTP/1.1" 200 231 "http://192.168.21.6:81/zentao/project/" "Mozilla/5.0 (Windows NT 6.1) AppleWebKit/537.36 (KHTML, like Gecko) Chrome/56.0.2924.87 Safari/537.36"
192.168.25.197 - - [08/May/2017:08:50:26 +0800] "GET /zentao/js/chartjs/chart.line.min.js?v=9.1.2&_=1494204541370 HTTP/1.1" 200 2918 "http://192.168.21.6:81/zentao/project/" "Mozilla/5.0 (Windows NT 6.1) AppleWebKit/537.36 (KHTML, like Gecko) Chrome/56.0.2924.87 Safari/537.36"
192.168.25.197 - - [08/May/2017:08:50:28 +0800] "GET /zentao/admin/ HTTP/1.1" 200 4528 "http://192.168.21.6:81/zentao/project/" "Mozilla/5.0 (Windows NT 6.1) AppleWebKit/537.36 (KHTML, like Gecko) Chrome/56.0.2924.87 Safari/537.36"
192.168.25.197 - - [08/May/2017:08:50:30 +0800] "GET /zentao/company/ HTTP/1.1" 302 - "http://192.168.21.6:81/zentao/admin/" "Mozilla/5.0 (Windows NT 6.1) AppleWebKit/537.36 (KHTML, like Gecko) Chrome/56.0.2924.87 Safari/537.36"
192.168.25.197 - - [08/May/2017:08:50:30 +0800] "GET /zentao/company-browse.html HTTP/1.1" 200 11321 "http://192.168.21.6:81/zentao/admin/" "Mozilla/5.0 (Windows NT 6.1) AppleWebKit/537.36 (KHTML, like Gecko) Chrome/56.0.2924.87 Safari/537.36"
192.168.25.197 - - [08/May/2017:08:50:33 +0800] "GET /zentao/user-view-tracy_fang.html HTTP/1.1" 302 - "http://192.168.21.6:81/zentao/company-browse.html" "Mozilla/5.0 (Windows NT 6.1) AppleWebKit/537.36 (KHTML, like Gecko) Chrome/56.0.2924.87 Safari/537.36"
192.168.25.197 - - [08/May/2017:08:50:33 +0800] "GET /zentao/user-todo-tracy_fang.html HTTP/1.1" 200 5278 "http://192.168.21.6:81/zentao/company-browse.html" "Mozilla/5.0 (Windows NT 6.1) AppleWebKit/537.36 (KHTML, like Gecko) Chrome/56.0.2924.87 Safari/537.36"
192.168.25.197 - - [08/May/2017:08:50:36 +0800] "GET /zentao/group-browse.html HTTP/1.1" 200 4910 "http://192.168.21.6:81/zentao/user-todo-tracy_fang.html" "Mozilla/5.0 (Windows NT 6.1) AppleWebKit/537.36 (KHTML, like Gecko) Chrome/56.0.2924.87 Safari/537.36"
192.168.25.197 - - [08/May/2017:08:50:40 +0800] "GET /zentao/company-browse.html HTTP/1.1" 200 11321 "http://192.168.21.6:81/zentao/group-browse.html" "Mozilla/5.0 (Windows NT 6.1) AppleWebKit/537.36 (KHTML, like Gecko) Chrome/56.0.2924.87 Safari/537.36"
192.168.25.197 - - [08/May/2017:08:50:45 +0800] "GET /zentao/user-edit-3-company.html HTTP/1.1" 200 5939 "http://192.168.21.6:81/zentao/company-browse.html" "Mozilla/5.0 (Windows NT 6.1) AppleWebKit/537.36 (KHTML, like Gecko) Chrome/56.0.2924.87 Safari/537.36"
192.168.25.197 - - [08/May/2017:08:51:04 +0800] "POST /zentao/user-edit-3-company.html HTTP/1.1" 200 130 "http://192.168.21.6:81/zentao/user-edit-3-company.html" "Mozilla/5.0 (Windows NT 6.1) AppleWebKit/537.36 (KHTML, like Gecko) Chrome/56.0.2924.87 Safari/537.36"
192.168.25.197 - - [08/May/2017:08:51:04 +0800] "GET /zentao/company-browse.html HTTP/1.1" 200 11321 "http://192.168.21.6:81/zentao/user-edit-3-company.html" "Mozilla/5.0 (Windows NT 6.1) AppleWebKit/537.36 (KHTML, like Gecko) Chrome/56.0.2924.87 Safari/537.36"
192.168.25.197 - - [08/May/2017:08:51:06 +0800] "GET /zentao/project/ HTTP/1.1" 200 8792 "http://192.168.21.6:81/zentao/company-browse.html" "Mozilla/5.0 (Windows NT 6.1) AppleWebKit/537.36 (KHTML, like Gecko) Chrome/56.0.2924.87 Safari/537.36"
192.168.25.197 - - [08/May/2017:08:51:07 +0800] "GET /zentao/block-printBlock-14-project.html HTTP/1.1" 200 1780 "http://192.168.21.6:81/zentao/project/" "Mozilla/5.0 (Windows NT 6.1) AppleWebKit/537.36 (KHTML, like Gecko) Chrome/56.0.2924.87 Safari/537.36"
192.168.25.197 - - [08/May/2017:08:51:07 +0800] "GET /zentao/block-printBlock-39-project.html HTTP/1.1" 200 231 "http://192.168.21.6:81/zentao/project/" "Mozilla/5.0 (Windows NT 6.1) AppleWebKit/537.36 (KHTML, like Gecko) Chrome/56.0.2924.87 Safari/537.36"
192.168.25.197 - - [08/May/2017:08:51:07 +0800] "GET /zentao/block-printBlock-15-project.html HTTP/1.1" 200 561 "http://192.168.21.6:81/zentao/project/" "Mozilla/5.0 (Windows NT 6.1) AppleWebKit/537.36 (KHTML, like Gecko) Chrome/56.0.2924.87 Safari/537.36"
192.168.25.197 - - [08/May/2017:08:51:07 +0800] "GET /zentao/js/chartjs/chart.line.min.js?v=9.1.2&_=1494204582679 HTTP/1.1" 200 2918 "http://192.168.21.6:81/zentao/project/" "Mozilla/5.0 (Windows NT 6.1) AppleWebKit/537.36 (KHTML, like Gecko) Chrome/56.0.2924.87 Safari/537.36"
192.168.25.197 - - [08/May/2017:08:51:09 +0800] "GET /zentao/project-task-5.html HTTP/1.1" 200 12430 "http://192.168.21.6:81/zentao/project/" "Mozilla/5.0 (Windows NT 6.1) AppleWebKit/537.36 (KHTML, like Gecko) Chrome/56.0.2924.87 Safari/537.36"
192.168.25.197 - - [08/May/2017:08:51:12 +0800] "GET /zentao/task-view-9.html HTTP/1.1" 200 9951 "http://192.168.21.6:81/zentao/project-task-5.html" "Mozilla/5.0 (Windows NT 6.1) AppleWebKit/537.36 (KHTML, like Gecko) Chrome/56.0.2924.87 Safari/537.36"
192.168.25.197 - - [08/May/2017:08:51:14 +0800] "GET /zentao/task-assignTo-5-9.html?onlybody=yes HTTP/1.1" 200 5631 "http://192.168.21.6:81/zentao/task-view-9.html" "Mozilla/5.0 (Windows NT 6.1) AppleWebKit/537.36 (KHTML, like Gecko) Chrome/56.0.2924.87 Safari/537.36"
192.168.25.197 - - [08/May/2017:08:51:25 +0800] "GET /zentao/project-build-5.html HTTP/1.1" 200 5661 "http://192.168.21.6:81/zentao/task-view-9.html" "Mozilla/5.0 (Windows NT 6.1) AppleWebKit/537.36 (KHTML, like Gecko) Chrome/56.0.2924.87 Safari/537.36"
192.168.25.197 - - [08/May/2017:08:51:26 +0800] "GET /zentao/project-task-5.html HTTP/1.1" 200 12430 "http://192.168.21.6:81/zentao/project-build-5.html" "Mozilla/5.0 (Windows NT 6.1) AppleWebKit/537.36 (KHTML, like Gecko) Chrome/56.0.2924.87 Safari/537.36"
192.168.25.197 - - [08/May/2017:08:51:28 +0800] "GET /zentao/task-view-7.html HTTP/1.1" 200 9644 "http://192.168.21.6:81/zentao/project-task-5.html" "Mozilla/5.0 (Windows NT 6.1) AppleWebKit/537.36 (KHTML, like Gecko) Chrome/56.0.2924.87 Safari/537.36"
192.168.25.197 - - [08/May/2017:08:51:30 +0800] "GET /zentao/task-assignTo-5-7.html?onlybody=yes HTTP/1.1" 200 5610 "http://192.168.21.6:81/zentao/task-view-7.html" "Mozilla/5.0 (Windows NT 6.1) AppleWebKit/537.36 (KHTML, like Gecko) Chrome/56.0.2924.87 Safari/537.36"
192.168.25.197 - - [08/May/2017:08:51:39 +0800] "GET /zentao/misc-about.html HTTP/1.1" 200 2323 "http://192.168.21.6:81/zentao/task-view-7.html" "Mozilla/5.0 (Windows NT 6.1) AppleWebKit/537.36 (KHTML, like Gecko) Chrome/56.0.2924.87 Safari/537.36"
192.168.25.197 - - [08/May/2017:08:53:29 +0800] "GET /zentao/project-team-5.html HTTP/1.1" 200 5809 "http://192.168.21.6:81/zentao/task-view-7.html" "Mozilla/5.0 (Windows NT 6.1) AppleWebKit/537.36 (KHTML, like Gecko) Chrome/56.0.2924.87 Safari/537.36"
192.168.25.197 - - [08/May/2017:08:53:35 +0800] "GET /zentao/project-managemembers-5.html HTTP/1.1" 200 6749 "http://192.168.21.6:81/zentao/project-team-5.html" "Mozilla/5.0 (Windows NT 6.1) AppleWebKit/537.36 (KHTML, like Gecko) Chrome/56.0.2924.87 Safari/537.36"
192.168.25.197 - - [08/May/2017:08:53:42 +0800] "POST /zentao/project-managemembers-5.html HTTP/1.1" 302 - "http://192.168.21.6:81/zentao/project-managemembers-5.html" "Mozilla/5.0 (Windows NT 6.1) AppleWebKit/537.36 (KHTML, like Gecko) Chrome/56.0.2924.87 Safari/537.36"
192.168.25.197 - - [08/May/2017:08:53:42 +0800] "GET /zentao/project-team-5.html HTTP/1.1" 200 5849 "http://192.168.21.6:81/zentao/project-managemembers-5.html" "Mozilla/5.0 (Windows NT 6.1) AppleWebKit/537.36 (KHTML, like Gecko) Chrome/56.0.2924.87 Safari/537.36"
192.168.25.197 - - [08/May/2017:08:53:44 +0800] "GET /zentao/project-task-5.html HTTP/1.1" 200 12466 "http://192.168.21.6:81/zentao/project-team-5.html" "Mozilla/5.0 (Windows NT 6.1) AppleWebKit/537.36 (KHTML, like Gecko) Chrome/56.0.2924.87 Safari/537.36"
192.168.25.197 - - [08/May/2017:08:53:46 +0800] "GET /zentao/task-view-9.html HTTP/1.1" 200 9950 "http://192.168.21.6:81/zentao/project-task-5.html" "Mozilla/5.0 (Windows NT 6.1) AppleWebKit/537.36 (KHTML, like Gecko) Chrome/56.0.2924.87 Safari/537.36"
192.168.25.197 - - [08/May/2017:08:53:48 +0800] "GET /zentao/task-assignTo-5-9.html?onlybody=yes HTTP/1.1" 200 5653 "http://192.168.21.6:81/zentao/task-view-9.html" "Mozilla/5.0 (Windows NT 6.1) AppleWebKit/537.36 (KHTML, like Gecko) Chrome/56.0.2924.87 Safari/537.36"
192.168.25.197 - - [08/May/2017:08:53:51 +0800] "POST /zentao/task-assignTo-5-9.html?onlybody=yes HTTP/1.1" 200 187 "http://192.168.21.6:81/zentao/task-assignTo-5-9.html?onlybody=yes" "Mozilla/5.0 (Windows NT 6.1) AppleWebKit/537.36 (KHTML, like Gecko) Chrome/56.0.2924.87 Safari/537.36"
192.168.25.197 - - [08/May/2017:08:53:51 +0800] "GET /zentao/task-view-9.html HTTP/1.1" 200 10108 "http://192.168.21.6:81/zentao/task-view-9.html" "Mozilla/5.0 (Windows NT 6.1) AppleWebKit/537.36 (KHTML, like Gecko) Chrome/56.0.2924.87 Safari/537.36"
192.168.25.197 - - [08/May/2017:08:53:52 +0800] "GET /zentao/js/all.js?v=9.1.2 HTTP/1.1" 304 - "http://192.168.21.6:81/zentao/task-view-9.html" "Mozilla/5.0 (Windows NT 6.1) AppleWebKit/537.36 (KHTML, like Gecko) Chrome/56.0.2924.87 Safari/537.36"
192.168.25.197 - - [08/May/2017:08:53:52 +0800] "GET /zentao/theme/default/zh-cn.lightblue.css?v=9.1.2 HTTP/1.1" 304 - "http://192.168.21.6:81/zentao/task-view-9.html" "Mozilla/5.0 (Windows NT 6.1) AppleWebKit/537.36 (KHTML, like Gecko) Chrome/56.0.2924.87 Safari/537.36"
192.168.25.197 - - [08/May/2017:08:53:52 +0800] "GET /zentao/js/kindeditor/themes/default/default.css HTTP/1.1" 304 - "http://192.168.21.6:81/zentao/task-view-9.html" "Mozilla/5.0 (Windows NT 6.1) AppleWebKit/537.36 (KHTML, like Gecko) Chrome/56.0.2924.87 Safari/537.36"
192.168.25.197 - - [08/May/2017:08:53:52 +0800] "GET /zentao/js/jquery/syntaxhighlighter/styles/shThemeDefault.css HTTP/1.1" 304 - "http://192.168.21.6:81/zentao/task-view-9.html" "Mozilla/5.0 (Windows NT 6.1) AppleWebKit/537.36 (KHTML, like Gecko) Chrome/56.0.2924.87 Safari/537.36"
192.168.25.197 - - [08/May/2017:08:53:52 +0800] "GET /zentao/js/kindeditor/kindeditor-min.js HTTP/1.1" 304 - "http://192.168.21.6:81/zentao/task-view-9.html" "Mozilla/5.0 (Windows NT 6.1) AppleWebKit/537.36 (KHTML, like Gecko) Chrome/56.0.2924.87 Safari/537.36"
192.168.25.197 - - [08/May/2017:08:53:52 +0800] "GET /zentao/js/kindeditor/lang/zh_CN.js HTTP/1.1" 304 - "http://192.168.21.6:81/zentao/task-view-9.html" "Mozilla/5.0 (Windows NT 6.1) AppleWebKit/537.36 (KHTML, like Gecko) Chrome/56.0.2924.87 Safari/537.36"
192.168.25.197 - - [08/May/2017:08:53:52 +0800] "GET /zentao/js/jquery/syntaxhighlighter/styles/shCore.css HTTP/1.1" 304 - "http://192.168.21.6:81/zentao/task-view-9.html" "Mozilla/5.0 (Windows NT 6.1) AppleWebKit/537.36 (KHTML, like Gecko) Chrome/56.0.2924.87 Safari/537.36"
192.168.25.197 - - [08/May/2017:08:53:52 +0800] "GET /zentao/js/jquery/reverseorder/raw.js HTTP/1.1" 304 - "http://192.168.21.6:81/zentao/task-view-9.html" "Mozilla/5.0 (Windows NT 6.1) AppleWebKit/537.36 (KHTML, like Gecko) Chrome/56.0.2924.87 Safari/537.36"
192.168.25.197 - - [08/May/2017:08:53:52 +0800] "GET /zentao/js/jquery/syntaxhighlighter/scripts/shCore.js HTTP/1.1" 304 - "http://192.168.21.6:81/zentao/task-view-9.html" "Mozilla/5.0 (Windows NT 6.1) AppleWebKit/537.36 (KHTML, like Gecko) Chrome/56.0.2924.87 Safari/537.36"
192.168.25.197 - - [08/May/2017:08:53:52 +0800] "GET /zentao/js/jquery/syntaxhighlighter/scripts/shAutoloader.js HTTP/1.1" 304 - "http://192.168.21.6:81/zentao/task-view-9.html" "Mozilla/5.0 (Windows NT 6.1) AppleWebKit/537.36 (KHTML, like Gecko) Chrome/56.0.2924.87 Safari/537.36"
192.168.25.197 - - [08/May/2017:08:53:52 +0800] "GET /zentao/theme/default/fonts/zenicon.woff?v=1.0.0 HTTP/1.1" 304 - "http://192.168.21.6:81/zentao/theme/default/zh-cn.lightblue.css?v=9.1.2" "Mozilla/5.0 (Windows NT 6.1) AppleWebKit/537.36 (KHTML, like Gecko) Chrome/56.0.2924.87 Safari/537.36"
192.168.25.197 - - [08/May/2017:08:53:52 +0800] "GET /zentao/theme/default/images/main/icon.png HTTP/1.1" 304 - "http://192.168.21.6:81/zentao/theme/default/zh-cn.lightblue.css?v=9.1.2" "Mozilla/5.0 (Windows NT 6.1) AppleWebKit/537.36 (KHTML, like Gecko) Chrome/56.0.2924.87 Safari/537.36"
192.168.25.197 - - [08/May/2017:08:53:52 +0800] "GET /zentao/theme/zui/fonts/zenicon.woff?v=1.0.0 HTTP/1.1" 304 - "http://192.168.21.6:81/zentao/theme/default/zh-cn.lightblue.css?v=9.1.2" "Mozilla/5.0 (Windows NT 6.1) AppleWebKit/537.36 (KHTML, like Gecko) Chrome/56.0.2924.87 Safari/537.36"
192.168.25.197 - - [08/May/2017:08:53:52 +0800] "GET /zentao/theme/zui/css/min.css HTTP/1.1" 304 - "http://192.168.21.6:81/zentao/task-view-9.html" "Mozilla/5.0 (Windows NT 6.1) AppleWebKit/537.36 (KHTML, like Gecko) Chrome/56.0.2924.87 Safari/537.36"
192.168.25.197 - - [08/May/2017:08:53:53 +0800] "GET /zentao/project-task-5.html HTTP/1.1" 200 12470 "http://192.168.21.6:81/zentao/task-view-9.html" "Mozilla/5.0 (Windows NT 6.1) AppleWebKit/537.36 (KHTML, like Gecko) Chrome/56.0.2924.87 Safari/537.36"
192.168.25.197 - - [08/May/2017:08:53:53 +0800] "GET /zentao/theme/zui/fonts/zenicon.woff?v=1.0.0 HTTP/1.1" 304 - "http://192.168.21.6:81/zentao/theme/zui/css/min.css" "Mozilla/5.0 (Windows NT 6.1) AppleWebKit/537.36 (KHTML, like Gecko) Chrome/56.0.2924.87 Safari/537.36"
192.168.25.197 - - [08/May/2017:08:53:54 +0800] "GET /zentao/task-view-8.html HTTP/1.1" 200 9649 "http://192.168.21.6:81/zentao/project-task-5.html" "Mozilla/5.0 (Windows NT 6.1) AppleWebKit/537.36 (KHTML, like Gecko) Chrome/56.0.2924.87 Safari/537.36"
192.168.25.197 - - [08/May/2017:08:53:56 +0800] "GET /zentao/task-assignTo-5-8.html?onlybody=yes HTTP/1.1" 200 5633 "http://192.168.21.6:81/zentao/task-view-8.html" "Mozilla/5.0 (Windows NT 6.1) AppleWebKit/537.36 (KHTML, like Gecko) Chrome/56.0.2924.87 Safari/537.36"
192.168.25.197 - - [08/May/2017:08:53:59 +0800] "POST /zentao/task-assignTo-5-8.html?onlybody=yes HTTP/1.1" 200 187 "http://192.168.21.6:81/zentao/task-assignTo-5-8.html?onlybody=yes" "Mozilla/5.0 (Windows NT 6.1) AppleWebKit/537.36 (KHTML, like Gecko) Chrome/56.0.2924.87 Safari/537.36"
192.168.25.197 - - [08/May/2017:08:54:00 +0800] "GET /zentao/task-view-8.html HTTP/1.1" 200 9808 "http://192.168.21.6:81/zentao/task-view-8.html" "Mozilla/5.0 (Windows NT 6.1) AppleWebKit/537.36 (KHTML, like Gecko) Chrome/56.0.2924.87 Safari/537.36"
192.168.25.197 - - [08/May/2017:08:54:00 +0800] "GET /zentao/js/all.js?v=9.1.2 HTTP/1.1" 304 - "http://192.168.21.6:81/zentao/task-view-8.html" "Mozilla/5.0 (Windows NT 6.1) AppleWebKit/537.36 (KHTML, like Gecko) Chrome/56.0.2924.87 Safari/537.36"
192.168.25.197 - - [08/May/2017:08:54:00 +0800] "GET /zentao/theme/default/zh-cn.lightblue.css?v=9.1.2 HTTP/1.1" 304 - "http://192.168.21.6:81/zentao/task-view-8.html" "Mozilla/5.0 (Windows NT 6.1) AppleWebKit/537.36 (KHTML, like Gecko) Chrome/56.0.2924.87 Safari/537.36"
192.168.25.197 - - [08/May/2017:08:54:00 +0800] "GET /zentao/js/kindeditor/themes/default/default.css HTTP/1.1" 304 - "http://192.168.21.6:81/zentao/task-view-8.html" "Mozilla/5.0 (Windows NT 6.1) AppleWebKit/537.36 (KHTML, like Gecko) Chrome/56.0.2924.87 Safari/537.36"
192.168.25.197 - - [08/May/2017:08:54:00 +0800] "GET /zentao/js/kindeditor/kindeditor-min.js HTTP/1.1" 304 - "http://192.168.21.6:81/zentao/task-view-8.html" "Mozilla/5.0 (Windows NT 6.1) AppleWebKit/537.36 (KHTML, like Gecko) Chrome/56.0.2924.87 Safari/537.36"
192.168.25.197 - - [08/May/2017:08:54:00 +0800] "GET /zentao/js/kindeditor/lang/zh_CN.js HTTP/1.1" 304 - "http://192.168.21.6:81/zentao/task-view-8.html" "Mozilla/5.0 (Windows NT 6.1) AppleWebKit/537.36 (KHTML, like Gecko) Chrome/56.0.2924.87 Safari/537.36"
192.168.25.197 - - [08/May/2017:08:54:00 +0800] "GET /zentao/js/jquery/reverseorder/raw.js HTTP/1.1" 304 - "http://192.168.21.6:81/zentao/task-view-8.html" "Mozilla/5.0 (Windows NT 6.1) AppleWebKit/537.36 (KHTML, like Gecko) Chrome/56.0.2924.87 Safari/537.36"
192.168.25.197 - - [08/May/2017:08:54:00 +0800] "GET /zentao/js/jquery/syntaxhighlighter/scripts/shCore.js HTTP/1.1" 304 - "http://192.168.21.6:81/zentao/task-view-8.html" "Mozilla/5.0 (Windows NT 6.1) AppleWebKit/537.36 (KHTML, like Gecko) Chrome/56.0.2924.87 Safari/537.36"
192.168.25.197 - - [08/May/2017:08:54:00 +0800] "GET /zentao/js/jquery/syntaxhighlighter/scripts/shAutoloader.js HTTP/1.1" 304 - "http://192.168.21.6:81/zentao/task-view-8.html" "Mozilla/5.0 (Windows NT 6.1) AppleWebKit/537.36 (KHTML, like Gecko) Chrome/56.0.2924.87 Safari/537.36"
192.168.25.197 - - [08/May/2017:08:54:00 +0800] "GET /zentao/js/jquery/syntaxhighlighter/styles/shCore.css HTTP/1.1" 304 - "http://192.168.21.6:81/zentao/task-view-8.html" "Mozilla/5.0 (Windows NT 6.1) AppleWebKit/537.36 (KHTML, like Gecko) Chrome/56.0.2924.87 Safari/537.36"
192.168.25.197 - - [08/May/2017:08:54:00 +0800] "GET /zentao/js/jquery/syntaxhighlighter/styles/shThemeDefault.css HTTP/1.1" 304 - "http://192.168.21.6:81/zentao/task-view-8.html" "Mozilla/5.0 (Windows NT 6.1) AppleWebKit/537.36 (KHTML, like Gecko) Chrome/56.0.2924.87 Safari/537.36"
