192.168.25.197 - - [05/May/2017:10:36:03 +0800] "GET /zentao/project-task-4.html HTTP/1.1" 200 12021 "http://192.168.21.6:81/zentao/project/" "Mozilla/5.0 (Windows NT 6.1) AppleWebKit/537.36 (KHTML, like Gecko) Chrome/56.0.2924.87 Safari/537.36"
192.168.25.197 - - [05/May/2017:10:36:08 +0800] "GET /zentao/project-ajaxGetDropMenu-4-project-task-unclosed.html HTTP/1.1" 200 459 "http://192.168.21.6:81/zentao/project-task-4.html" "Mozilla/5.0 (Windows NT 6.1) AppleWebKit/537.36 (KHTML, like Gecko) Chrome/56.0.2924.87 Safari/537.36"
192.168.25.197 - - [05/May/2017:10:36:09 +0800] "GET /zentao/project/ HTTP/1.1" 200 8818 "http://192.168.21.6:81/zentao/project-task-4.html" "Mozilla/5.0 (Windows NT 6.1) AppleWebKit/537.36 (KHTML, like Gecko) Chrome/56.0.2924.87 Safari/537.36"
192.168.25.197 - - [05/May/2017:10:36:10 +0800] "GET /zentao/product/ HTTP/1.1" 200 7508 "http://192.168.21.6:81/zentao/project/" "Mozilla/5.0 (Windows NT 6.1) AppleWebKit/537.36 (KHTML, like Gecko) Chrome/56.0.2924.87 Safari/537.36"
192.168.25.197 - - [05/May/2017:10:36:10 +0800] "GET /zentao/block-printBlock-47-product.html HTTP/1.1" 200 445 "http://192.168.21.6:81/zentao/product/" "Mozilla/5.0 (Windows NT 6.1) AppleWebKit/537.36 (KHTML, like Gecko) Chrome/56.0.2924.87 Safari/537.36"
192.168.25.197 - - [05/May/2017:10:36:10 +0800] "GET /zentao/block-printBlock-48-product.html HTTP/1.1" 200 239 "http://192.168.21.6:81/zentao/product/" "Mozilla/5.0 (Windows NT 6.1) AppleWebKit/537.36 (KHTML, like Gecko) Chrome/56.0.2924.87 Safari/537.36"
192.168.25.197 - - [05/May/2017:10:36:10 +0800] "GET /zentao/product/ HTTP/1.1" 200 7508 "http://192.168.21.6:81/zentao/product/" "Mozilla/5.0 (Windows NT 6.1) AppleWebKit/537.36 (KHTML, like Gecko) Chrome/56.0.2924.87 Safari/537.36"
192.168.25.197 - - [05/May/2017:10:36:11 +0800] "GET /zentao/block-printBlock-47-product.html HTTP/1.1" 200 445 "http://192.168.21.6:81/zentao/product/" "Mozilla/5.0 (Windows NT 6.1) AppleWebKit/537.36 (KHTML, like Gecko) Chrome/56.0.2924.87 Safari/537.36"
192.168.25.197 - - [05/May/2017:10:36:11 +0800] "GET /zentao/block-printBlock-48-product.html HTTP/1.1" 200 239 "http://192.168.21.6:81/zentao/product/" "Mozilla/5.0 (Windows NT 6.1) AppleWebKit/537.36 (KHTML, like Gecko) Chrome/56.0.2924.87 Safari/537.36"
192.168.25.197 - - [05/May/2017:10:36:13 +0800] "GET /zentao/project/ HTTP/1.1" 200 8818 "http://192.168.21.6:81/zentao/product/" "Mozilla/5.0 (Windows NT 6.1) AppleWebKit/537.36 (KHTML, like Gecko) Chrome/56.0.2924.87 Safari/537.36"
192.168.25.197 - - [05/May/2017:10:36:13 +0800] "GET /zentao/block-printBlock-39-project.html HTTP/1.1" 200 231 "http://192.168.21.6:81/zentao/project/" "Mozilla/5.0 (Windows NT 6.1) AppleWebKit/537.36 (KHTML, like Gecko) Chrome/56.0.2924.87 Safari/537.36"
192.168.25.197 - - [05/May/2017:10:36:13 +0800] "GET /zentao/block-printBlock-15-project.html HTTP/1.1" 200 512 "http://192.168.21.6:81/zentao/project/" "Mozilla/5.0 (Windows NT 6.1) AppleWebKit/537.36 (KHTML, like Gecko) Chrome/56.0.2924.87 Safari/537.36"
192.168.25.197 - - [05/May/2017:10:36:13 +0800] "GET /zentao/block-printBlock-14-project.html HTTP/1.1" 200 1716 "http://192.168.21.6:81/zentao/project/" "Mozilla/5.0 (Windows NT 6.1) AppleWebKit/537.36 (KHTML, like Gecko) Chrome/56.0.2924.87 Safari/537.36"
192.168.25.197 - - [05/May/2017:10:36:14 +0800] "GET /zentao/js/chartjs/chart.line.min.js?v=9.1.2&_=1493951736680 HTTP/1.1" 200 2918 "http://192.168.21.6:81/zentao/project/" "Mozilla/5.0 (Windows NT 6.1) AppleWebKit/537.36 (KHTML, like Gecko) Chrome/56.0.2924.87 Safari/537.36"
192.168.25.197 - - [05/May/2017:10:36:16 +0800] "GET /zentao/project-create.html HTTP/1.1" 200 9967 "http://192.168.21.6:81/zentao/project/" "Mozilla/5.0 (Windows NT 6.1) AppleWebKit/537.36 (KHTML, like Gecko) Chrome/56.0.2924.87 Safari/537.36"
192.168.25.185 - - [05/May/2017:10:38:31 +0800] "GET /zentao/user-login.html HTTP/1.1" 200 2961 "-" "Mozilla/5.0 (Windows NT 6.1; Trident/7.0; rv:11.0) like Gecko Core/1.53.2595.400 QQBrowser/9.6.10872.400"
192.168.25.185 - - [05/May/2017:10:38:31 +0800] "GET /zentao/js/md5.js?v=9.1.2 HTTP/1.1" 200 2411 "http://192.168.21.6:81/zentao/user-login.html" "Mozilla/5.0 (Windows NT 6.1; Trident/7.0; rv:11.0) like Gecko Core/1.53.2595.400 QQBrowser/9.6.10872.400"
192.168.25.185 - - [05/May/2017:10:38:31 +0800] "GET /zentao/theme/default/zh-cn.default.css?v=9.1.2 HTTP/1.1" 200 32995 "http://192.168.21.6:81/zentao/user-login.html" "Mozilla/5.0 (Windows NT 6.1; Trident/7.0; rv:11.0) like Gecko Core/1.53.2595.400 QQBrowser/9.6.10872.400"
192.168.25.185 - - [05/May/2017:10:38:31 +0800] "GET /zentao/js/all.js?v=9.1.2 HTTP/1.1" 200 104385 "http://192.168.21.6:81/zentao/user-login.html" "Mozilla/5.0 (Windows NT 6.1; Trident/7.0; rv:11.0) like Gecko Core/1.53.2595.400 QQBrowser/9.6.10872.400"
192.168.25.185 - - [05/May/2017:10:38:32 +0800] "GET /zentao/theme/default/images/main/zt-logo.png HTTP/1.1" 200 4308 "http://192.168.21.6:81/zentao/user-login.html" "Mozilla/5.0 (Windows NT 6.1; Trident/7.0; rv:11.0) like Gecko Core/1.53.2595.400 QQBrowser/9.6.10872.400"
192.168.25.185 - - [05/May/2017:10:38:32 +0800] "GET /zentao/user-login.html HTTP/1.1" 200 2961 "-" "Mozilla/5.0 (Windows NT 6.1; Trident/7.0; rv:11.0) like Gecko Core/1.53.2595.400 QQBrowser/9.6.10872.400"
192.168.25.185 - - [05/May/2017:10:38:45 +0800] "POST /zentao/user-login.html HTTP/1.1" 200 126 "http://192.168.21.6:81/zentao/user-login.html" "Mozilla/5.0 (Windows NT 6.1; Trident/7.0; rv:11.0) like Gecko Core/1.53.2595.400 QQBrowser/9.6.10872.400"
192.168.25.185 - - [05/May/2017:10:38:45 +0800] "GET /zentao/index.html HTTP/1.1" 302 - "http://192.168.21.6:81/zentao/user-login.html" "Mozilla/5.0 (Windows NT 6.1; Trident/7.0; rv:11.0) like Gecko Core/1.53.2595.400 QQBrowser/9.6.10872.400"
192.168.25.185 - - [05/May/2017:10:38:45 +0800] "GET /zentao/my/ HTTP/1.1" 200 8762 "http://192.168.21.6:81/zentao/user-login.html" "Mozilla/5.0 (Windows NT 6.1; Trident/7.0; rv:11.0) like Gecko Core/1.53.2595.400 QQBrowser/9.6.10872.400"
192.168.25.185 - - [05/May/2017:10:38:45 +0800] "GET /zentao/theme/default/index.css?v=9.1.2 HTTP/1.1" 200 - "http://192.168.21.6:81/zentao/my/" "Mozilla/5.0 (Windows NT 6.1; Trident/7.0; rv:11.0) like Gecko Core/1.53.2595.400 QQBrowser/9.6.10872.400"
192.168.25.185 - - [05/May/2017:10:38:45 +0800] "GET /zentao/js/jquery/tablesorter/metadata.js?v=9.1.2 HTTP/1.1" 200 1522 "http://192.168.21.6:81/zentao/my/" "Mozilla/5.0 (Windows NT 6.1; Trident/7.0; rv:11.0) like Gecko Core/1.53.2595.400 QQBrowser/9.6.10872.400"
192.168.25.185 - - [05/May/2017:10:38:45 +0800] "GET /zentao/js/jquery/tablesorter/min.js?v=9.1.2 HTTP/1.1" 200 11028 "http://192.168.21.6:81/zentao/my/" "Mozilla/5.0 (Windows NT 6.1; Trident/7.0; rv:11.0) like Gecko Core/1.53.2595.400 QQBrowser/9.6.10872.400"
192.168.25.185 - - [05/May/2017:10:38:45 +0800] "GET /zentao/theme/default/fonts/zenicon.eot? HTTP/1.1" 200 19504 "http://192.168.21.6:81/zentao/my/" "Mozilla/5.0 (Windows NT 6.1; Trident/7.0; rv:11.0) like Gecko Core/1.53.2595.400 QQBrowser/9.6.10872.400"
192.168.25.185 - - [05/May/2017:10:38:45 +0800] "GET /zentao/theme/zui/fonts/zenicon.eot? HTTP/1.1" 200 82872 "http://192.168.21.6:81/zentao/my/" "Mozilla/5.0 (Windows NT 6.1; Trident/7.0; rv:11.0) like Gecko Core/1.53.2595.400 QQBrowser/9.6.10872.400"
192.168.25.185 - - [05/May/2017:10:38:45 +0800] "GET /zentao/block-printBlock-28-my.html HTTP/1.1" 200 966 "http://192.168.21.6:81/zentao/my/" "Mozilla/5.0 (Windows NT 6.1; Trident/7.0; rv:11.0) like Gecko Core/1.53.2595.400 QQBrowser/9.6.10872.400"
192.168.25.185 - - [05/May/2017:10:38:45 +0800] "GET /zentao/block-printBlock-30-my.html HTTP/1.1" 200 1716 "http://192.168.21.6:81/zentao/my/" "Mozilla/5.0 (Windows NT 6.1; Trident/7.0; rv:11.0) like Gecko Core/1.53.2595.400 QQBrowser/9.6.10872.400"
192.168.25.185 - - [05/May/2017:10:38:45 +0800] "GET /zentao/block-printBlock-29-my.html HTTP/1.1" 200 685 "http://192.168.21.6:81/zentao/my/" "Mozilla/5.0 (Windows NT 6.1; Trident/7.0; rv:11.0) like Gecko Core/1.53.2595.400 QQBrowser/9.6.10872.400"
192.168.25.185 - - [05/May/2017:10:38:45 +0800] "GET /zentao/block-printBlock-32-my.html HTTP/1.1" 200 445 "http://192.168.21.6:81/zentao/my/" "Mozilla/5.0 (Windows NT 6.1; Trident/7.0; rv:11.0) like Gecko Core/1.53.2595.400 QQBrowser/9.6.10872.400"
192.168.25.185 - - [05/May/2017:10:38:46 +0800] "GET /zentao/theme/default/images/main/icon.png HTTP/1.1" 200 3466 "http://192.168.21.6:81/zentao/my/" "Mozilla/5.0 (Windows NT 6.1; Trident/7.0; rv:11.0) like Gecko Core/1.53.2595.400 QQBrowser/9.6.10872.400"
192.168.25.185 - - [05/May/2017:10:38:45 +0800] "GET /zentao/block-printBlock-31-my.html HTTP/1.1" 200 224 "http://192.168.21.6:81/zentao/my/" "Mozilla/5.0 (Windows NT 6.1; Trident/7.0; rv:11.0) like Gecko Core/1.53.2595.400 QQBrowser/9.6.10872.400"
192.168.25.185 - - [05/May/2017:10:38:45 +0800] "GET /zentao/block-printBlock-33-my.html HTTP/1.1" 200 418 "http://192.168.21.6:81/zentao/my/" "Mozilla/5.0 (Windows NT 6.1; Trident/7.0; rv:11.0) like Gecko Core/1.53.2595.400 QQBrowser/9.6.10872.400"
192.168.25.185 - - [05/May/2017:10:38:46 +0800] "GET /zentao/theme/default/images/main/green.png HTTP/1.1" 200 2733 "http://192.168.21.6:81/zentao/my/" "Mozilla/5.0 (Windows NT 6.1; Trident/7.0; rv:11.0) like Gecko Core/1.53.2595.400 QQBrowser/9.6.10872.400"
192.168.25.185 - - [05/May/2017:10:38:46 +0800] "GET /zentao/js/chartjs/chart.line.min.js?v=9.1.2&_=1493951846663 HTTP/1.1" 200 2918 "http://192.168.21.6:81/zentao/my/" "Mozilla/5.0 (Windows NT 6.1; Trident/7.0; rv:11.0) like Gecko Core/1.53.2595.400 QQBrowser/9.6.10872.400"
192.168.25.185 - - [05/May/2017:10:38:46 +0800] "GET /zentao/block-printBlock-34-my.html HTTP/1.1" 200 219 "http://192.168.21.6:81/zentao/my/" "Mozilla/5.0 (Windows NT 6.1; Trident/7.0; rv:11.0) like Gecko Core/1.53.2595.400 QQBrowser/9.6.10872.400"
192.168.25.185 - - [05/May/2017:10:38:46 +0800] "GET /zentao/block-printBlock-35-my.html HTTP/1.1" 200 376 "http://192.168.21.6:81/zentao/my/" "Mozilla/5.0 (Windows NT 6.1; Trident/7.0; rv:11.0) like Gecko Core/1.53.2595.400 QQBrowser/9.6.10872.400"
192.168.25.185 - - [05/May/2017:10:38:46 +0800] "GET /zentao/block-printBlock-36-my.html HTTP/1.1" 200 253 "http://192.168.21.6:81/zentao/my/" "Mozilla/5.0 (Windows NT 6.1; Trident/7.0; rv:11.0) like Gecko Core/1.53.2595.400 QQBrowser/9.6.10872.400"
192.168.25.185 - - [05/May/2017:10:39:55 +0800] "GET /zentao/doc/ HTTP/1.1" 200 7093 "http://192.168.21.6:81/zentao/my/" "Mozilla/5.0 (Windows NT 6.1; Trident/7.0; rv:11.0) like Gecko Core/1.53.2595.400 QQBrowser/9.6.10872.400"
192.168.25.185 - - [05/May/2017:10:39:56 +0800] "GET /zentao/theme/default/images/main/doc-lib.png HTTP/1.1" 200 1172 "http://192.168.21.6:81/zentao/doc/" "Mozilla/5.0 (Windows NT 6.1; Trident/7.0; rv:11.0) like Gecko Core/1.53.2595.400 QQBrowser/9.6.10872.400"
192.168.25.185 - - [05/May/2017:10:40:00 +0800] "GET /zentao/qa/ HTTP/1.1" 200 1066 "http://192.168.21.6:81/zentao/doc/" "Mozilla/5.0 (Windows NT 6.1; Trident/7.0; rv:11.0) like Gecko Core/1.53.2595.400 QQBrowser/9.6.10872.400"
192.168.25.185 - - [05/May/2017:10:40:02 +0800] "GET /zentao/custom-ajaxSetHomepage-qa-browse.html HTTP/1.1" 200 - "http://192.168.21.6:81/zentao/qa/" "Mozilla/5.0 (Windows NT 6.1; Trident/7.0; rv:11.0) like Gecko Core/1.53.2595.400 QQBrowser/9.6.10872.400"
192.168.25.185 - - [05/May/2017:10:40:03 +0800] "GET /zentao/qa/ HTTP/1.1" 302 - "http://192.168.21.6:81/zentao/doc/" "Mozilla/5.0 (Windows NT 6.1; Trident/7.0; rv:11.0) like Gecko Core/1.53.2595.400 QQBrowser/9.6.10872.400"
192.168.25.185 - - [05/May/2017:10:40:03 +0800] "GET /zentao/bug-browse.html HTTP/1.1" 200 8663 "http://192.168.21.6:81/zentao/doc/" "Mozilla/5.0 (Windows NT 6.1; Trident/7.0; rv:11.0) like Gecko Core/1.53.2595.400 QQBrowser/9.6.10872.400"
192.168.25.185 - - [05/May/2017:10:40:03 +0800] "GET /zentao/js/all.js?v=9.1.2 HTTP/1.1" 200 104385 "http://192.168.21.6:81/zentao/bug-browse.html" "Mozilla/5.0 (Windows NT 6.1; Trident/7.0; rv:11.0) like Gecko Core/1.53.2595.400 QQBrowser/9.6.10872.400"
192.168.25.185 - - [05/May/2017:10:40:03 +0800] "GET /zentao/theme/default/zh-cn.default.css?v=9.1.2 HTTP/1.1" 200 32995 "http://192.168.21.6:81/zentao/bug-browse.html" "Mozilla/5.0 (Windows NT 6.1; Trident/7.0; rv:11.0) like Gecko Core/1.53.2595.400 QQBrowser/9.6.10872.400"
192.168.25.185 - - [05/May/2017:10:40:03 +0800] "GET /zentao/theme/zui/fonts/zenicon.eot? HTTP/1.1" 200 82872 "http://192.168.21.6:81/zentao/bug-browse.html" "Mozilla/5.0 (Windows NT 6.1; Trident/7.0; rv:11.0) like Gecko Core/1.53.2595.400 QQBrowser/9.6.10872.400"
192.168.25.185 - - [05/May/2017:10:40:03 +0800] "GET /zentao/theme/default/fonts/zenicon.eot? HTTP/1.1" 200 19504 "http://192.168.21.6:81/zentao/bug-browse.html" "Mozilla/5.0 (Windows NT 6.1; Trident/7.0; rv:11.0) like Gecko Core/1.53.2595.400 QQBrowser/9.6.10872.400"
192.168.25.185 - - [05/May/2017:10:40:03 +0800] "GET /zentao/theme/default/images/main/icon.png HTTP/1.1" 200 3466 "http://192.168.21.6:81/zentao/bug-browse.html" "Mozilla/5.0 (Windows NT 6.1; Trident/7.0; rv:11.0) like Gecko Core/1.53.2595.400 QQBrowser/9.6.10872.400"
192.168.25.185 - - [05/May/2017:10:40:07 +0800] "GET /zentao/testcase-browse-3.html HTTP/1.1" 200 9936 "http://192.168.21.6:81/zentao/bug-browse.html" "Mozilla/5.0 (Windows NT 6.1; Trident/7.0; rv:11.0) like Gecko Core/1.53.2595.400 QQBrowser/9.6.10872.400"
192.168.25.185 - - [05/May/2017:10:40:14 +0800] "GET /zentao/testcase-browse-3.html HTTP/1.1" 200 9936 "http://192.168.21.6:81/zentao/testcase-browse-3.html" "Mozilla/5.0 (Windows NT 6.1; Trident/7.0; rv:11.0) like Gecko Core/1.53.2595.400 QQBrowser/9.6.10872.400"
192.168.25.185 - - [05/May/2017:10:40:20 +0800] "GET /zentao/product-ajaxGetDropMenu-3-testcase-browse-.html HTTP/1.1" 200 449 "http://192.168.21.6:81/zentao/testcase-browse-3.html" "Mozilla/5.0 (Windows NT 6.1; Trident/7.0; rv:11.0) like Gecko Core/1.53.2595.400 QQBrowser/9.6.10872.400"
192.168.25.185 - - [05/May/2017:10:40:23 +0800] "GET /zentao/testcase-browse-1.html HTTP/1.1" 200 12300 "http://192.168.21.6:81/zentao/testcase-browse-3.html" "Mozilla/5.0 (Windows NT 6.1; Trident/7.0; rv:11.0) like Gecko Core/1.53.2595.400 QQBrowser/9.6.10872.400"
192.168.25.185 - - [05/May/2017:10:40:35 +0800] "GET /zentao/testcase-view-7-1.html HTTP/1.1" 200 11641 "http://192.168.21.6:81/zentao/testcase-browse-1.html" "Mozilla/5.0 (Windows NT 6.1; Trident/7.0; rv:11.0) like Gecko Core/1.53.2595.400 QQBrowser/9.6.10872.400"
192.168.25.185 - - [05/May/2017:10:40:36 +0800] "GET /zentao/js/kindeditor/themes/default/default.css HTTP/1.1" 200 3621 "http://192.168.21.6:81/zentao/testcase-view-7-1.html" "Mozilla/5.0 (Windows NT 6.1; Trident/7.0; rv:11.0) like Gecko Core/1.53.2595.400 QQBrowser/9.6.10872.400"
192.168.25.185 - - [05/May/2017:10:40:36 +0800] "GET /zentao/js/kindeditor/lang/zh_CN.js HTTP/1.1" 200 3125 "http://192.168.21.6:81/zentao/testcase-view-7-1.html" "Mozilla/5.0 (Windows NT 6.1; Trident/7.0; rv:11.0) like Gecko Core/1.53.2595.400 QQBrowser/9.6.10872.400"
192.168.25.185 - - [05/May/2017:10:40:36 +0800] "GET /zentao/js/jquery/reverseorder/raw.js HTTP/1.1" 200 450 "http://192.168.21.6:81/zentao/testcase-view-7-1.html" "Mozilla/5.0 (Windows NT 6.1; Trident/7.0; rv:11.0) like Gecko Core/1.53.2595.400 QQBrowser/9.6.10872.400"
192.168.25.185 - - [05/May/2017:10:40:36 +0800] "GET /zentao/js/kindeditor/kindeditor-min.js HTTP/1.1" 200 30614 "http://192.168.21.6:81/zentao/testcase-view-7-1.html" "Mozilla/5.0 (Windows NT 6.1; Trident/7.0; rv:11.0) like Gecko Core/1.53.2595.400 QQBrowser/9.6.10872.400"
192.168.25.185 - - [05/May/2017:10:40:36 +0800] "GET /zentao/theme/zui/css/min.css HTTP/1.1" 200 20765 "http://192.168.21.6:81/zentao/testcase-view-7-1.html" "Mozilla/5.0 (Windows NT 6.1; Trident/7.0; rv:11.0) like Gecko Core/1.53.2595.400 QQBrowser/9.6.10872.400"
192.168.25.185 - - [05/May/2017:10:42:58 +0800] "GET /zentao/testcase-browse-1.html HTTP/1.1" 200 12300 "-" "Mozilla/5.0 (Windows NT 6.1; Trident/7.0; rv:11.0) like Gecko Core/1.53.2595.400 QQBrowser/9.6.10872.400"
192.168.25.185 - - [05/May/2017:10:43:00 +0800] "GET /zentao/testcase-view-6-1.html HTTP/1.1" 200 11623 "http://192.168.21.6:81/zentao/testcase-browse-1.html" "Mozilla/5.0 (Windows NT 6.1; Trident/7.0; rv:11.0) like Gecko Core/1.53.2595.400 QQBrowser/9.6.10872.400"
192.168.25.185 - - [05/May/2017:10:43:08 +0800] "GET /zentao/testcase-browse-1.html HTTP/1.1" 200 12300 "-" "Mozilla/5.0 (Windows NT 6.1; Trident/7.0; rv:11.0) like Gecko Core/1.53.2595.400 QQBrowser/9.6.10872.400"
192.168.25.185 - - [05/May/2017:10:43:10 +0800] "GET /zentao/testcase-view-8-3.html HTTP/1.1" 200 12108 "http://192.168.21.6:81/zentao/testcase-browse-1.html" "Mozilla/5.0 (Windows NT 6.1; Trident/7.0; rv:11.0) like Gecko Core/1.53.2595.400 QQBrowser/9.6.10872.400"
192.168.25.197 - - [05/May/2017:10:45:21 +0800] "GET /zentao/qa/ HTTP/1.1" 200 7376 "http://192.168.21.6:81/zentao/project-create.html" "Mozilla/5.0 (Windows NT 6.1) AppleWebKit/537.36 (KHTML, like Gecko) Chrome/56.0.2924.87 Safari/537.36"
192.168.25.197 - - [05/May/2017:10:45:22 +0800] "GET /zentao/block-printBlock-16-qa.html HTTP/1.1" 200 359 "http://192.168.21.6:81/zentao/qa/" "Mozilla/5.0 (Windows NT 6.1) AppleWebKit/537.36 (KHTML, like Gecko) Chrome/56.0.2924.87 Safari/537.36"
192.168.25.197 - - [05/May/2017:10:45:22 +0800] "GET /zentao/block-printBlock-18-qa.html HTTP/1.1" 200 410 "http://192.168.21.6:81/zentao/qa/" "Mozilla/5.0 (Windows NT 6.1) AppleWebKit/537.36 (KHTML, like Gecko) Chrome/56.0.2924.87 Safari/537.36"
192.168.25.197 - - [05/May/2017:10:45:22 +0800] "GET /zentao/block-printBlock-17-qa.html HTTP/1.1" 200 253 "http://192.168.21.6:81/zentao/qa/" "Mozilla/5.0 (Windows NT 6.1) AppleWebKit/537.36 (KHTML, like Gecko) Chrome/56.0.2924.87 Safari/537.36"
192.168.25.197 - - [05/May/2017:10:45:26 +0800] "GET /zentao/testcase-browse-1.html HTTP/1.1" 200 12460 "http://192.168.21.6:81/zentao/qa/" "Mozilla/5.0 (Windows NT 6.1) AppleWebKit/537.36 (KHTML, like Gecko) Chrome/56.0.2924.87 Safari/537.36"
192.168.25.197 - - [05/May/2017:10:45:29 +0800] "GET /zentao/testcase-view-8-3.html HTTP/1.1" 200 12174 "http://192.168.21.6:81/zentao/testcase-browse-1.html" "Mozilla/5.0 (Windows NT 6.1) AppleWebKit/537.36 (KHTML, like Gecko) Chrome/56.0.2924.87 Safari/537.36"
192.168.25.197 - - [05/May/2017:10:45:34 +0800] "GET /zentao/qa/ HTTP/1.1" 200 7376 "http://192.168.21.6:81/zentao/testcase-view-8-3.html" "Mozilla/5.0 (Windows NT 6.1) AppleWebKit/537.36 (KHTML, like Gecko) Chrome/56.0.2924.87 Safari/537.36"
192.168.25.197 - - [05/May/2017:10:45:34 +0800] "GET /zentao/block-printBlock-16-qa.html HTTP/1.1" 200 359 "http://192.168.21.6:81/zentao/qa/" "Mozilla/5.0 (Windows NT 6.1) AppleWebKit/537.36 (KHTML, like Gecko) Chrome/56.0.2924.87 Safari/537.36"
192.168.25.197 - - [05/May/2017:10:45:34 +0800] "GET /zentao/block-printBlock-17-qa.html HTTP/1.1" 200 253 "http://192.168.21.6:81/zentao/qa/" "Mozilla/5.0 (Windows NT 6.1) AppleWebKit/537.36 (KHTML, like Gecko) Chrome/56.0.2924.87 Safari/537.36"
192.168.25.197 - - [05/May/2017:10:45:34 +0800] "GET /zentao/block-printBlock-18-qa.html HTTP/1.1" 200 410 "http://192.168.21.6:81/zentao/qa/" "Mozilla/5.0 (Windows NT 6.1) AppleWebKit/537.36 (KHTML, like Gecko) Chrome/56.0.2924.87 Safari/537.36"
192.168.25.197 - - [05/May/2017:10:45:37 +0800] "GET /zentao/testtask-browse-1.html HTTP/1.1" 200 5167 "http://192.168.21.6:81/zentao/qa/" "Mozilla/5.0 (Windows NT 6.1) AppleWebKit/537.36 (KHTML, like Gecko) Chrome/56.0.2924.87 Safari/537.36"
192.168.25.197 - - [05/May/2017:10:45:38 +0800] "GET /zentao/testcase-browse-1.html HTTP/1.1" 200 12460 "http://192.168.21.6:81/zentao/testtask-browse-1.html" "Mozilla/5.0 (Windows NT 6.1) AppleWebKit/537.36 (KHTML, like Gecko) Chrome/56.0.2924.87 Safari/537.36"
192.168.25.197 - - [05/May/2017:10:45:40 +0800] "GET /zentao/testcase-browse-1.html HTTP/1.1" 200 12460 "http://192.168.21.6:81/zentao/testcase-browse-1.html" "Mozilla/5.0 (Windows NT 6.1) AppleWebKit/537.36 (KHTML, like Gecko) Chrome/56.0.2924.87 Safari/537.36"
192.168.25.197 - - [05/May/2017:10:45:44 +0800] "GET /zentao/testcase-view-7-1.html HTTP/1.1" 200 11708 "http://192.168.21.6:81/zentao/testcase-browse-1.html" "Mozilla/5.0 (Windows NT 6.1) AppleWebKit/537.36 (KHTML, like Gecko) Chrome/56.0.2924.87 Safari/537.36"
192.168.25.185 - - [05/May/2017:10:53:10 +0800] "GET /zentao/misc-ping.html HTTP/1.1" 200 88 "http://192.168.21.6:81/zentao/testcase-view-8-3.html" "Mozilla/5.0 (Windows NT 6.1; Trident/7.0; rv:11.0) like Gecko Core/1.53.2595.400 QQBrowser/9.6.10872.400"
192.168.25.197 - - [05/May/2017:10:55:45 +0800] "GET /zentao/misc-ping.html HTTP/1.1" 200 88 "http://192.168.21.6:81/zentao/testcase-view-7-1.html" "Mozilla/5.0 (Windows NT 6.1) AppleWebKit/537.36 (KHTML, like Gecko) Chrome/56.0.2924.87 Safari/537.36"
192.168.25.185 - - [05/May/2017:11:03:12 +0800] "GET /zentao/misc-ping.html HTTP/1.1" 200 88 "-" "Mozilla/5.0 (Windows NT 6.1; Trident/7.0; rv:11.0) like Gecko Core/1.53.2595.400 QQBrowser/9.6.10872.400"
192.168.25.185 - - [05/May/2017:11:13:14 +0800] "GET /zentao/misc-ping.html HTTP/1.1" 200 88 "-" "Mozilla/5.0 (Windows NT 6.1; Trident/7.0; rv:11.0) like Gecko Core/1.53.2595.400 QQBrowser/9.6.10872.400"
192.168.25.197 - - [05/May/2017:11:13:57 +0800] "GET /zentao/qa/ HTTP/1.1" 200 7376 "http://192.168.21.6:81/zentao/testcase-view-7-1.html" "Mozilla/5.0 (Windows NT 6.1) AppleWebKit/537.36 (KHTML, like Gecko) Chrome/56.0.2924.87 Safari/537.36"
192.168.25.197 - - [05/May/2017:11:13:57 +0800] "GET /zentao/block-printBlock-16-qa.html HTTP/1.1" 200 359 "http://192.168.21.6:81/zentao/qa/" "Mozilla/5.0 (Windows NT 6.1) AppleWebKit/537.36 (KHTML, like Gecko) Chrome/56.0.2924.87 Safari/537.36"
192.168.25.197 - - [05/May/2017:11:13:57 +0800] "GET /zentao/block-printBlock-17-qa.html HTTP/1.1" 200 253 "http://192.168.21.6:81/zentao/qa/" "Mozilla/5.0 (Windows NT 6.1) AppleWebKit/537.36 (KHTML, like Gecko) Chrome/56.0.2924.87 Safari/537.36"
192.168.25.197 - - [05/May/2017:11:13:57 +0800] "GET /zentao/block-printBlock-18-qa.html HTTP/1.1" 200 410 "http://192.168.21.6:81/zentao/qa/" "Mozilla/5.0 (Windows NT 6.1) AppleWebKit/537.36 (KHTML, like Gecko) Chrome/56.0.2924.87 Safari/537.36"
192.168.25.197 - - [05/May/2017:11:14:01 +0800] "GET /zentao/testcase-browse-1.html HTTP/1.1" 200 12460 "http://192.168.21.6:81/zentao/qa/" "Mozilla/5.0 (Windows NT 6.1) AppleWebKit/537.36 (KHTML, like Gecko) Chrome/56.0.2924.87 Safari/537.36"
192.168.25.197 - - [05/May/2017:11:14:01 +0800] "GET /zentao/qa/ HTTP/1.1" 200 7376 "http://192.168.21.6:81/zentao/testcase-browse-1.html" "Mozilla/5.0 (Windows NT 6.1) AppleWebKit/537.36 (KHTML, like Gecko) Chrome/56.0.2924.87 Safari/537.36"
192.168.25.197 - - [05/May/2017:11:14:02 +0800] "GET /zentao/block-printBlock-16-qa.html HTTP/1.1" 200 359 "http://192.168.21.6:81/zentao/qa/" "Mozilla/5.0 (Windows NT 6.1) AppleWebKit/537.36 (KHTML, like Gecko) Chrome/56.0.2924.87 Safari/537.36"
192.168.25.197 - - [05/May/2017:11:14:02 +0800] "GET /zentao/block-printBlock-17-qa.html HTTP/1.1" 200 253 "http://192.168.21.6:81/zentao/qa/" "Mozilla/5.0 (Windows NT 6.1) AppleWebKit/537.36 (KHTML, like Gecko) Chrome/56.0.2924.87 Safari/537.36"
192.168.25.197 - - [05/May/2017:11:14:02 +0800] "GET /zentao/block-printBlock-18-qa.html HTTP/1.1" 200 410 "http://192.168.21.6:81/zentao/qa/" "Mozilla/5.0 (Windows NT 6.1) AppleWebKit/537.36 (KHTML, like Gecko) Chrome/56.0.2924.87 Safari/537.36"
192.168.25.197 - - [05/May/2017:11:14:55 +0800] "GET /zentao/project/ HTTP/1.1" 200 8818 "http://192.168.21.6:81/zentao/qa/" "Mozilla/5.0 (Windows NT 6.1) AppleWebKit/537.36 (KHTML, like Gecko) Chrome/56.0.2924.87 Safari/537.36"
192.168.25.197 - - [05/May/2017:11:14:55 +0800] "GET /zentao/block-printBlock-15-project.html HTTP/1.1" 200 512 "http://192.168.21.6:81/zentao/project/" "Mozilla/5.0 (Windows NT 6.1) AppleWebKit/537.36 (KHTML, like Gecko) Chrome/56.0.2924.87 Safari/537.36"
192.168.25.197 - - [05/May/2017:11:14:55 +0800] "GET /zentao/block-printBlock-14-project.html HTTP/1.1" 200 1715 "http://192.168.21.6:81/zentao/project/" "Mozilla/5.0 (Windows NT 6.1) AppleWebKit/537.36 (KHTML, like Gecko) Chrome/56.0.2924.87 Safari/537.36"
192.168.25.197 - - [05/May/2017:11:14:55 +0800] "GET /zentao/block-printBlock-39-project.html HTTP/1.1" 200 231 "http://192.168.21.6:81/zentao/project/" "Mozilla/5.0 (Windows NT 6.1) AppleWebKit/537.36 (KHTML, like Gecko) Chrome/56.0.2924.87 Safari/537.36"
192.168.25.197 - - [05/May/2017:11:14:56 +0800] "GET /zentao/js/chartjs/chart.line.min.js?v=9.1.2&_=1493954057986 HTTP/1.1" 200 2918 "http://192.168.21.6:81/zentao/project/" "Mozilla/5.0 (Windows NT 6.1) AppleWebKit/537.36 (KHTML, like Gecko) Chrome/56.0.2924.87 Safari/537.36"
192.168.25.185 - - [05/May/2017:11:23:16 +0800] "GET /zentao/misc-ping.html HTTP/1.1" 200 88 "-" "Mozilla/5.0 (Windows NT 6.1; Trident/7.0; rv:11.0) like Gecko Core/1.53.2595.400 QQBrowser/9.6.10872.400"
192.168.25.197 - - [05/May/2017:11:24:44 +0800] "GET /zentao/project-task-4.html HTTP/1.1" 200 12021 "http://192.168.21.6:81/zentao/project/" "Mozilla/5.0 (Windows NT 6.1) AppleWebKit/537.36 (KHTML, like Gecko) Chrome/56.0.2924.87 Safari/537.36"
192.168.25.197 - - [05/May/2017:11:24:49 +0800] "GET /zentao/project/ HTTP/1.1" 200 8818 "http://192.168.21.6:81/zentao/project-task-4.html" "Mozilla/5.0 (Windows NT 6.1) AppleWebKit/537.36 (KHTML, like Gecko) Chrome/56.0.2924.87 Safari/537.36"
192.168.25.197 - - [05/May/2017:11:24:50 +0800] "GET /zentao/block-printBlock-14-project.html HTTP/1.1" 200 1717 "http://192.168.21.6:81/zentao/project/" "Mozilla/5.0 (Windows NT 6.1) AppleWebKit/537.36 (KHTML, like Gecko) Chrome/56.0.2924.87 Safari/537.36"
192.168.25.197 - - [05/May/2017:11:24:50 +0800] "GET /zentao/block-printBlock-15-project.html HTTP/1.1" 200 512 "http://192.168.21.6:81/zentao/project/" "Mozilla/5.0 (Windows NT 6.1) AppleWebKit/537.36 (KHTML, like Gecko) Chrome/56.0.2924.87 Safari/537.36"
192.168.25.197 - - [05/May/2017:11:24:50 +0800] "GET /zentao/block-printBlock-39-project.html HTTP/1.1" 200 231 "http://192.168.21.6:81/zentao/project/" "Mozilla/5.0 (Windows NT 6.1) AppleWebKit/537.36 (KHTML, like Gecko) Chrome/56.0.2924.87 Safari/537.36"
192.168.25.197 - - [05/May/2017:11:24:50 +0800] "GET /zentao/js/chartjs/chart.line.min.js?v=9.1.2&_=1493954652581 HTTP/1.1" 200 2918 "http://192.168.21.6:81/zentao/project/" "Mozilla/5.0 (Windows NT 6.1) AppleWebKit/537.36 (KHTML, like Gecko) Chrome/56.0.2924.87 Safari/537.36"
192.168.25.197 - - [05/May/2017:11:24:54 +0800] "GET /zentao/project-create.html HTTP/1.1" 200 9967 "http://192.168.21.6:81/zentao/project/" "Mozilla/5.0 (Windows NT 6.1) AppleWebKit/537.36 (KHTML, like Gecko) Chrome/56.0.2924.87 Safari/537.36"
192.168.25.197 - - [05/May/2017:11:25:28 +0800] "GET /zentao/branch-ajaxGetBranches-1.html HTTP/1.1" 200 - "http://192.168.21.6:81/zentao/project-create.html" "Mozilla/5.0 (Windows NT 6.1) AppleWebKit/537.36 (KHTML, like Gecko) Chrome/56.0.2924.87 Safari/537.36"
192.168.25.197 - - [05/May/2017:11:27:44 +0800] "POST /zentao/project-create.html HTTP/1.1" 200 134 "http://192.168.21.6:81/zentao/project-create.html" "Mozilla/5.0 (Windows NT 6.1) AppleWebKit/537.36 (KHTML, like Gecko) Chrome/56.0.2924.87 Safari/537.36"
192.168.25.197 - - [05/May/2017:11:27:44 +0800] "GET /zentao/project-create-5.html HTTP/1.1" 200 1566 "http://192.168.21.6:81/zentao/project-create.html" "Mozilla/5.0 (Windows NT 6.1) AppleWebKit/537.36 (KHTML, like Gecko) Chrome/56.0.2924.87 Safari/537.36"
192.168.25.197 - - [05/May/2017:11:27:46 +0800] "GET /zentao/task-create-5.html HTTP/1.1" 200 12078 "http://192.168.21.6:81/zentao/project-create-5.html" "Mozilla/5.0 (Windows NT 6.1) AppleWebKit/537.36 (KHTML, like Gecko) Chrome/56.0.2924.87 Safari/537.36"
192.168.25.197 - - [05/May/2017:11:27:58 +0800] "GET /zentao/story-ajaxGetProjectStories-5-0-0-21.html HTTP/1.1" 200 126 "http://192.168.21.6:81/zentao/task-create-5.html" "Mozilla/5.0 (Windows NT 6.1) AppleWebKit/537.36 (KHTML, like Gecko) Chrome/56.0.2924.87 Safari/537.36"
192.168.25.197 - - [05/May/2017:11:29:40 +0800] "POST /zentao/task-create-5.html HTTP/1.1" 200 93 "http://192.168.21.6:81/zentao/task-create-5.html" "Mozilla/5.0 (Windows NT 6.1) AppleWebKit/537.36 (KHTML, like Gecko) Chrome/56.0.2924.87 Safari/537.36"
192.168.25.197 - - [05/May/2017:11:29:40 +0800] "GET /zentao/project-browse-5-task.html HTTP/1.1" 302 - "http://192.168.21.6:81/zentao/task-create-5.html" "Mozilla/5.0 (Windows NT 6.1) AppleWebKit/537.36 (KHTML, like Gecko) Chrome/56.0.2924.87 Safari/537.36"
192.168.25.197 - - [05/May/2017:11:29:40 +0800] "GET /zentao/project-task-5.html HTTP/1.1" 200 12125 "http://192.168.21.6:81/zentao/task-create-5.html" "Mozilla/5.0 (Windows NT 6.1) AppleWebKit/537.36 (KHTML, like Gecko) Chrome/56.0.2924.87 Safari/537.36"
192.168.25.197 - - [05/May/2017:11:29:45 +0800] "GET /zentao/task-create-5--0.html HTTP/1.1" 200 12078 "http://192.168.21.6:81/zentao/project-task-5.html" "Mozilla/5.0 (Windows NT 6.1) AppleWebKit/537.36 (KHTML, like Gecko) Chrome/56.0.2924.87 Safari/537.36"
192.168.25.197 - - [05/May/2017:11:29:49 +0800] "GET /zentao/story-ajaxGetProjectStories-5-0-0-15.html HTTP/1.1" 200 126 "http://192.168.21.6:81/zentao/task-create-5--0.html" "Mozilla/5.0 (Windows NT 6.1) AppleWebKit/537.36 (KHTML, like Gecko) Chrome/56.0.2924.87 Safari/537.36"
192.168.25.197 - - [05/May/2017:11:29:53 +0800] "GET /zentao/story-ajaxGetProjectStories-5-0-0-7.html HTTP/1.1" 200 126 "http://192.168.21.6:81/zentao/task-create-5--0.html" "Mozilla/5.0 (Windows NT 6.1) AppleWebKit/537.36 (KHTML, like Gecko) Chrome/56.0.2924.87 Safari/537.36"
192.168.25.197 - - [05/May/2017:11:30:21 +0800] "POST /zentao/task-create-5--0.html HTTP/1.1" 200 93 "http://192.168.21.6:81/zentao/task-create-5--0.html" "Mozilla/5.0 (Windows NT 6.1) AppleWebKit/537.36 (KHTML, like Gecko) Chrome/56.0.2924.87 Safari/537.36"
192.168.25.197 - - [05/May/2017:11:30:21 +0800] "GET /zentao/project-browse-5-task.html HTTP/1.1" 302 - "http://192.168.21.6:81/zentao/task-create-5--0.html" "Mozilla/5.0 (Windows NT 6.1) AppleWebKit/537.36 (KHTML, like Gecko) Chrome/56.0.2924.87 Safari/537.36"
192.168.25.197 - - [05/May/2017:11:30:21 +0800] "GET /zentao/project-task-5.html HTTP/1.1" 200 12233 "http://192.168.21.6:81/zentao/task-create-5--0.html" "Mozilla/5.0 (Windows NT 6.1) AppleWebKit/537.36 (KHTML, like Gecko) Chrome/56.0.2924.87 Safari/537.36"
192.168.25.197 - - [05/May/2017:11:30:25 +0800] "GET /zentao/task-create-5--0.html HTTP/1.1" 200 12077 "http://192.168.21.6:81/zentao/project-task-5.html" "Mozilla/5.0 (Windows NT 6.1) AppleWebKit/537.36 (KHTML, like Gecko) Chrome/56.0.2924.87 Safari/537.36"
192.168.25.197 - - [05/May/2017:11:30:49 +0800] "GET /zentao/story-ajaxGetProjectStories-5-0-0-2.html HTTP/1.1" 200 126 "http://192.168.21.6:81/zentao/task-create-5--0.html" "Mozilla/5.0 (Windows NT 6.1) AppleWebKit/537.36 (KHTML, like Gecko) Chrome/56.0.2924.87 Safari/537.36"
192.168.25.197 - - [05/May/2017:11:31:00 +0800] "POST /zentao/task-create-5--0.html HTTP/1.1" 200 93 "http://192.168.21.6:81/zentao/task-create-5--0.html" "Mozilla/5.0 (Windows NT 6.1) AppleWebKit/537.36 (KHTML, like Gecko) Chrome/56.0.2924.87 Safari/537.36"
192.168.25.197 - - [05/May/2017:11:31:00 +0800] "GET /zentao/project-browse-5-task.html HTTP/1.1" 302 - "http://192.168.21.6:81/zentao/task-create-5--0.html" "Mozilla/5.0 (Windows NT 6.1) AppleWebKit/537.36 (KHTML, like Gecko) Chrome/56.0.2924.87 Safari/537.36"
192.168.25.197 - - [05/May/2017:11:31:00 +0800] "GET /zentao/project-task-5.html HTTP/1.1" 200 12325 "http://192.168.21.6:81/zentao/task-create-5--0.html" "Mozilla/5.0 (Windows NT 6.1) AppleWebKit/537.36 (KHTML, like Gecko) Chrome/56.0.2924.87 Safari/537.36"
192.168.25.197 - - [05/May/2017:11:32:27 +0800] "GET /zentao/project-ajaxGetDropMenu-5-project-task-unclosed.html HTTP/1.1" 200 501 "http://192.168.21.6:81/zentao/project-task-5.html" "Mozilla/5.0 (Windows NT 6.1) AppleWebKit/537.36 (KHTML, like Gecko) Chrome/56.0.2924.87 Safari/537.36"
192.168.25.197 - - [05/May/2017:11:32:38 +0800] "GET /zentao/task-create-5--0.html HTTP/1.1" 200 12079 "http://192.168.21.6:81/zentao/project-task-5.html" "Mozilla/5.0 (Windows NT 6.1) AppleWebKit/537.36 (KHTML, like Gecko) Chrome/56.0.2924.87 Safari/537.36"
192.168.25.185 - - [05/May/2017:11:33:17 +0800] "GET /zentao/misc-ping.html HTTP/1.1" 200 88 "-" "Mozilla/5.0 (Windows NT 6.1; Trident/7.0; rv:11.0) like Gecko Core/1.53.2595.400 QQBrowser/9.6.10872.400"
192.168.25.197 - - [05/May/2017:11:33:25 +0800] "GET /zentao/project-linkStory-5.html HTTP/1.1" 200 6092 "http://192.168.21.6:81/zentao/task-create-5--0.html" "Mozilla/5.0 (Windows NT 6.1) AppleWebKit/537.36 (KHTML, like Gecko) Chrome/56.0.2924.87 Safari/537.36"
192.168.25.197 - - [05/May/2017:11:33:26 +0800] "GET /zentao/search-buildForm.html HTTP/1.1" 200 8805 "http://192.168.21.6:81/zentao/project-linkStory-5.html" "Mozilla/5.0 (Windows NT 6.1) AppleWebKit/537.36 (KHTML, like Gecko) Chrome/56.0.2924.87 Safari/537.36"
192.168.25.197 - - [05/May/2017:11:33:29 +0800] "GET /zentao/story-view-7.html HTTP/1.1" 200 9786 "http://192.168.21.6:81/zentao/project-linkStory-5.html" "Mozilla/5.0 (Windows NT 6.1) AppleWebKit/537.36 (KHTML, like Gecko) Chrome/56.0.2924.87 Safari/537.36"
192.168.25.197 - - [05/May/2017:11:33:39 +0800] "GET /zentao/project/ HTTP/1.1" 200 8792 "http://192.168.21.6:81/zentao/story-view-7.html" "Mozilla/5.0 (Windows NT 6.1) AppleWebKit/537.36 (KHTML, like Gecko) Chrome/56.0.2924.87 Safari/537.36"
192.168.25.197 - - [05/May/2017:11:33:40 +0800] "GET /zentao/block-printBlock-14-project.html HTTP/1.1" 200 1767 "http://192.168.21.6:81/zentao/project/" "Mozilla/5.0 (Windows NT 6.1) AppleWebKit/537.36 (KHTML, like Gecko) Chrome/56.0.2924.87 Safari/537.36"
192.168.25.197 - - [05/May/2017:11:33:40 +0800] "GET /zentao/block-printBlock-15-project.html HTTP/1.1" 200 539 "http://192.168.21.6:81/zentao/project/" "Mozilla/5.0 (Windows NT 6.1) AppleWebKit/537.36 (KHTML, like Gecko) Chrome/56.0.2924.87 Safari/537.36"
192.168.25.197 - - [05/May/2017:11:33:40 +0800] "GET /zentao/block-printBlock-39-project.html HTTP/1.1" 200 231 "http://192.168.21.6:81/zentao/project/" "Mozilla/5.0 (Windows NT 6.1) AppleWebKit/537.36 (KHTML, like Gecko) Chrome/56.0.2924.87 Safari/537.36"
192.168.25.197 - - [05/May/2017:11:33:40 +0800] "GET /zentao/js/chartjs/chart.line.min.js?v=9.1.2&_=1493955181915 HTTP/1.1" 200 2918 "http://192.168.21.6:81/zentao/project/" "Mozilla/5.0 (Windows NT 6.1) AppleWebKit/537.36 (KHTML, like Gecko) Chrome/56.0.2924.87 Safari/537.36"
192.168.25.197 - - [05/May/2017:11:33:43 +0800] "GET /zentao/project-task-5.html HTTP/1.1" 200 12325 "http://192.168.21.6:81/zentao/project/" "Mozilla/5.0 (Windows NT 6.1) AppleWebKit/537.36 (KHTML, like Gecko) Chrome/56.0.2924.87 Safari/537.36"
192.168.25.197 - - [05/May/2017:11:33:47 +0800] "GET /zentao/task-create-5--0.html HTTP/1.1" 200 12077 "http://192.168.21.6:81/zentao/project-task-5.html" "Mozilla/5.0 (Windows NT 6.1) AppleWebKit/537.36 (KHTML, like Gecko) Chrome/56.0.2924.87 Safari/537.36"
192.168.25.197 - - [05/May/2017:11:42:39 +0800] "GET /zentao/misc-ping.html HTTP/1.1" 200 88 "http://192.168.21.6:81/zentao/task-create-5--0.html" "Mozilla/5.0 (Windows NT 6.1) AppleWebKit/537.36 (KHTML, like Gecko) Chrome/56.0.2924.87 Safari/537.36"
192.168.25.185 - - [05/May/2017:11:43:19 +0800] "GET /zentao/misc-ping.html HTTP/1.1" 200 88 "-" "Mozilla/5.0 (Windows NT 6.1; Trident/7.0; rv:11.0) like Gecko Core/1.53.2595.400 QQBrowser/9.6.10872.400"
192.168.25.197 - - [05/May/2017:11:52:39 +0800] "GET /zentao/misc-ping.html HTTP/1.1" 200 88 "http://192.168.21.6:81/zentao/misc-ping.html" "Mozilla/5.0 (Windows NT 6.1) AppleWebKit/537.36 (KHTML, like Gecko) Chrome/56.0.2924.87 Safari/537.36"
192.168.25.185 - - [05/May/2017:11:53:20 +0800] "GET /zentao/misc-ping.html HTTP/1.1" 200 88 "-" "Mozilla/5.0 (Windows NT 6.1; Trident/7.0; rv:11.0) like Gecko Core/1.53.2595.400 QQBrowser/9.6.10872.400"
192.168.25.197 - - [05/May/2017:12:02:39 +0800] "GET /zentao/misc-ping.html HTTP/1.1" 200 88 "http://192.168.21.6:81/zentao/misc-ping.html" "Mozilla/5.0 (Windows NT 6.1) AppleWebKit/537.36 (KHTML, like Gecko) Chrome/56.0.2924.87 Safari/537.36"
192.168.25.185 - - [05/May/2017:12:03:22 +0800] "GET /zentao/misc-ping.html HTTP/1.1" 200 88 "-" "Mozilla/5.0 (Windows NT 6.1; Trident/7.0; rv:11.0) like Gecko Core/1.53.2595.400 QQBrowser/9.6.10872.400"
192.168.25.197 - - [05/May/2017:12:12:40 +0800] "GET /zentao/misc-ping.html HTTP/1.1" 200 88 "http://192.168.21.6:81/zentao/misc-ping.html" "Mozilla/5.0 (Windows NT 6.1) AppleWebKit/537.36 (KHTML, like Gecko) Chrome/56.0.2924.87 Safari/537.36"
192.168.25.185 - - [05/May/2017:12:13:24 +0800] "GET /zentao/misc-ping.html HTTP/1.1" 200 88 "-" "Mozilla/5.0 (Windows NT 6.1; Trident/7.0; rv:11.0) like Gecko Core/1.53.2595.400 QQBrowser/9.6.10872.400"
192.168.25.197 - - [05/May/2017:12:22:40 +0800] "GET /zentao/misc-ping.html HTTP/1.1" 200 88 "http://192.168.21.6:81/zentao/misc-ping.html" "Mozilla/5.0 (Windows NT 6.1) AppleWebKit/537.36 (KHTML, like Gecko) Chrome/56.0.2924.87 Safari/537.36"
192.168.25.185 - - [05/May/2017:12:23:25 +0800] "GET /zentao/misc-ping.html HTTP/1.1" 200 88 "-" "Mozilla/5.0 (Windows NT 6.1; Trident/7.0; rv:11.0) like Gecko Core/1.53.2595.400 QQBrowser/9.6.10872.400"
192.168.25.197 - - [05/May/2017:12:32:40 +0800] "GET /zentao/misc-ping.html HTTP/1.1" 200 88 "http://192.168.21.6:81/zentao/misc-ping.html" "Mozilla/5.0 (Windows NT 6.1) AppleWebKit/537.36 (KHTML, like Gecko) Chrome/56.0.2924.87 Safari/537.36"
192.168.25.185 - - [05/May/2017:12:33:26 +0800] "GET /zentao/misc-ping.html HTTP/1.1" 200 88 "-" "Mozilla/5.0 (Windows NT 6.1; Trident/7.0; rv:11.0) like Gecko Core/1.53.2595.400 QQBrowser/9.6.10872.400"
192.168.25.197 - - [05/May/2017:12:42:40 +0800] "GET /zentao/misc-ping.html HTTP/1.1" 200 88 "http://192.168.21.6:81/zentao/misc-ping.html" "Mozilla/5.0 (Windows NT 6.1) AppleWebKit/537.36 (KHTML, like Gecko) Chrome/56.0.2924.87 Safari/537.36"
192.168.25.185 - - [05/May/2017:12:43:27 +0800] "GET /zentao/misc-ping.html HTTP/1.1" 200 88 "-" "Mozilla/5.0 (Windows NT 6.1; Trident/7.0; rv:11.0) like Gecko Core/1.53.2595.400 QQBrowser/9.6.10872.400"
192.168.25.197 - - [05/May/2017:12:52:41 +0800] "GET /zentao/misc-ping.html HTTP/1.1" 200 88 "http://192.168.21.6:81/zentao/misc-ping.html" "Mozilla/5.0 (Windows NT 6.1) AppleWebKit/537.36 (KHTML, like Gecko) Chrome/56.0.2924.87 Safari/537.36"
192.168.25.185 - - [05/May/2017:12:53:28 +0800] "GET /zentao/misc-ping.html HTTP/1.1" 200 88 "-" "Mozilla/5.0 (Windows NT 6.1; Trident/7.0; rv:11.0) like Gecko Core/1.53.2595.400 QQBrowser/9.6.10872.400"
192.168.25.197 - - [05/May/2017:13:02:41 +0800] "GET /zentao/misc-ping.html HTTP/1.1" 200 88 "http://192.168.21.6:81/zentao/misc-ping.html" "Mozilla/5.0 (Windows NT 6.1) AppleWebKit/537.36 (KHTML, like Gecko) Chrome/56.0.2924.87 Safari/537.36"
192.168.25.185 - - [05/May/2017:13:03:29 +0800] "GET /zentao/misc-ping.html HTTP/1.1" 200 88 "-" "Mozilla/5.0 (Windows NT 6.1; Trident/7.0; rv:11.0) like Gecko Core/1.53.2595.400 QQBrowser/9.6.10872.400"
192.168.25.197 - - [05/May/2017:13:12:41 +0800] "GET /zentao/misc-ping.html HTTP/1.1" 200 88 "http://192.168.21.6:81/zentao/misc-ping.html" "Mozilla/5.0 (Windows NT 6.1) AppleWebKit/537.36 (KHTML, like Gecko) Chrome/56.0.2924.87 Safari/537.36"
192.168.25.185 - - [05/May/2017:13:13:30 +0800] "GET /zentao/misc-ping.html HTTP/1.1" 200 88 "-" "Mozilla/5.0 (Windows NT 6.1; Trident/7.0; rv:11.0) like Gecko Core/1.53.2595.400 QQBrowser/9.6.10872.400"
192.168.25.197 - - [05/May/2017:13:22:42 +0800] "GET /zentao/misc-ping.html HTTP/1.1" 200 88 "http://192.168.21.6:81/zentao/misc-ping.html" "Mozilla/5.0 (Windows NT 6.1) AppleWebKit/537.36 (KHTML, like Gecko) Chrome/56.0.2924.87 Safari/537.36"
192.168.25.185 - - [05/May/2017:13:23:32 +0800] "GET /zentao/misc-ping.html HTTP/1.1" 200 88 "-" "Mozilla/5.0 (Windows NT 6.1; Trident/7.0; rv:11.0) like Gecko Core/1.53.2595.400 QQBrowser/9.6.10872.400"
192.168.25.197 - - [05/May/2017:13:32:42 +0800] "GET /zentao/misc-ping.html HTTP/1.1" 200 88 "http://192.168.21.6:81/zentao/misc-ping.html" "Mozilla/5.0 (Windows NT 6.1) AppleWebKit/537.36 (KHTML, like Gecko) Chrome/56.0.2924.87 Safari/537.36"
192.168.25.185 - - [05/May/2017:13:33:33 +0800] "GET /zentao/misc-ping.html HTTP/1.1" 200 88 "-" "Mozilla/5.0 (Windows NT 6.1; Trident/7.0; rv:11.0) like Gecko Core/1.53.2595.400 QQBrowser/9.6.10872.400"
192.168.25.197 - - [05/May/2017:13:42:42 +0800] "GET /zentao/misc-ping.html HTTP/1.1" 200 88 "http://192.168.21.6:81/zentao/misc-ping.html" "Mozilla/5.0 (Windows NT 6.1) AppleWebKit/537.36 (KHTML, like Gecko) Chrome/56.0.2924.87 Safari/537.36"
192.168.25.185 - - [05/May/2017:13:43:35 +0800] "GET /zentao/misc-ping.html HTTP/1.1" 200 88 "-" "Mozilla/5.0 (Windows NT 6.1; Trident/7.0; rv:11.0) like Gecko Core/1.53.2595.400 QQBrowser/9.6.10872.400"
192.168.25.197 - - [05/May/2017:13:52:42 +0800] "GET /zentao/misc-ping.html HTTP/1.1" 200 88 "http://192.168.21.6:81/zentao/misc-ping.html" "Mozilla/5.0 (Windows NT 6.1) AppleWebKit/537.36 (KHTML, like Gecko) Chrome/56.0.2924.87 Safari/537.36"
192.168.25.185 - - [05/May/2017:13:53:36 +0800] "GET /zentao/misc-ping.html HTTP/1.1" 200 88 "-" "Mozilla/5.0 (Windows NT 6.1; Trident/7.0; rv:11.0) like Gecko Core/1.53.2595.400 QQBrowser/9.6.10872.400"
192.168.25.197 - - [05/May/2017:14:02:43 +0800] "GET /zentao/misc-ping.html HTTP/1.1" 200 88 "http://192.168.21.6:81/zentao/misc-ping.html" "Mozilla/5.0 (Windows NT 6.1) AppleWebKit/537.36 (KHTML, like Gecko) Chrome/56.0.2924.87 Safari/537.36"
192.168.25.185 - - [05/May/2017:14:03:38 +0800] "GET /zentao/misc-ping.html HTTP/1.1" 200 88 "-" "Mozilla/5.0 (Windows NT 6.1; Trident/7.0; rv:11.0) like Gecko Core/1.53.2595.400 QQBrowser/9.6.10872.400"
192.168.25.197 - - [05/May/2017:14:12:43 +0800] "GET /zentao/misc-ping.html HTTP/1.1" 200 88 "http://192.168.21.6:81/zentao/misc-ping.html" "Mozilla/5.0 (Windows NT 6.1) AppleWebKit/537.36 (KHTML, like Gecko) Chrome/56.0.2924.87 Safari/537.36"
192.168.25.185 - - [05/May/2017:14:13:40 +0800] "GET /zentao/misc-ping.html HTTP/1.1" 200 88 "-" "Mozilla/5.0 (Windows NT 6.1; Trident/7.0; rv:11.0) like Gecko Core/1.53.2595.400 QQBrowser/9.6.10872.400"
192.168.25.197 - - [05/May/2017:14:20:31 +0800] "POST /zentao/task-create-5--0.html HTTP/1.1" 200 93 "http://192.168.21.6:81/zentao/task-create-5--0.html" "Mozilla/5.0 (Windows NT 6.1) AppleWebKit/537.36 (KHTML, like Gecko) Chrome/56.0.2924.87 Safari/537.36"
192.168.25.197 - - [05/May/2017:14:20:32 +0800] "GET /zentao/project-browse-5-task.html HTTP/1.1" 302 - "http://192.168.21.6:81/zentao/task-create-5--0.html" "Mozilla/5.0 (Windows NT 6.1) AppleWebKit/537.36 (KHTML, like Gecko) Chrome/56.0.2924.87 Safari/537.36"
192.168.25.197 - - [05/May/2017:14:20:32 +0800] "GET /zentao/project-task-5.html HTTP/1.1" 200 12430 "http://192.168.21.6:81/zentao/task-create-5--0.html" "Mozilla/5.0 (Windows NT 6.1) AppleWebKit/537.36 (KHTML, like Gecko) Chrome/56.0.2924.87 Safari/537.36"
192.168.25.185 - - [05/May/2017:14:23:42 +0800] "GET /zentao/misc-ping.html HTTP/1.1" 200 88 "-" "Mozilla/5.0 (Windows NT 6.1; Trident/7.0; rv:11.0) like Gecko Core/1.53.2595.400 QQBrowser/9.6.10872.400"
192.168.25.197 - - [05/May/2017:14:25:08 +0800] "GET /zentao/project-ajaxGetDropMenu-5-project-task-unclosed.html HTTP/1.1" 200 501 "http://192.168.21.6:81/zentao/project-task-5.html" "Mozilla/5.0 (Windows NT 6.1) AppleWebKit/537.36 (KHTML, like Gecko) Chrome/56.0.2924.87 Safari/537.36"
192.168.25.197 - - [05/May/2017:14:25:10 +0800] "GET /zentao/project-task-4-unclosed.html HTTP/1.1" 200 12021 "http://192.168.21.6:81/zentao/project-task-5.html" "Mozilla/5.0 (Windows NT 6.1) AppleWebKit/537.36 (KHTML, like Gecko) Chrome/56.0.2924.87 Safari/537.36"
192.168.25.197 - - [05/May/2017:14:25:15 +0800] "GET /zentao/project-ajaxGetDropMenu-4-project-task-unclosed.html HTTP/1.1" 200 501 "http://192.168.21.6:81/zentao/project-task-4-unclosed.html" "Mozilla/5.0 (Windows NT 6.1) AppleWebKit/537.36 (KHTML, like Gecko) Chrome/56.0.2924.87 Safari/537.36"
192.168.25.197 - - [05/May/2017:14:25:18 +0800] "GET /zentao/project-all-undone-4.html HTTP/1.1" 200 8263 "http://192.168.21.6:81/zentao/project-task-4-unclosed.html" "Mozilla/5.0 (Windows NT 6.1) AppleWebKit/537.36 (KHTML, like Gecko) Chrome/56.0.2924.87 Safari/537.36"
192.168.25.197 - - [05/May/2017:14:25:24 +0800] "GET /zentao/product/ HTTP/1.1" 200 7508 "http://192.168.21.6:81/zentao/project-all-undone-4.html" "Mozilla/5.0 (Windows NT 6.1) AppleWebKit/537.36 (KHTML, like Gecko) Chrome/56.0.2924.87 Safari/537.36"
192.168.25.197 - - [05/May/2017:14:25:24 +0800] "GET /zentao/block-printBlock-48-product.html HTTP/1.1" 200 239 "http://192.168.21.6:81/zentao/product/" "Mozilla/5.0 (Windows NT 6.1) AppleWebKit/537.36 (KHTML, like Gecko) Chrome/56.0.2924.87 Safari/537.36"
192.168.25.197 - - [05/May/2017:14:25:24 +0800] "GET /zentao/block-printBlock-47-product.html HTTP/1.1" 200 445 "http://192.168.21.6:81/zentao/product/" "Mozilla/5.0 (Windows NT 6.1) AppleWebKit/537.36 (KHTML, like Gecko) Chrome/56.0.2924.87 Safari/537.36"
192.168.25.197 - - [05/May/2017:14:27:03 +0800] "GET /zentao/product-ajaxGetDropMenu-1-product-index-.html HTTP/1.1" 200 465 "http://192.168.21.6:81/zentao/product/" "Mozilla/5.0 (Windows NT 6.1) AppleWebKit/537.36 (KHTML, like Gecko) Chrome/56.0.2924.87 Safari/537.36"
192.168.25.197 - - [05/May/2017:14:27:04 +0800] "GET /zentao/product-browse-1.html HTTP/1.1" 200 10418 "http://192.168.21.6:81/zentao/product/" "Mozilla/5.0 (Windows NT 6.1) AppleWebKit/537.36 (KHTML, like Gecko) Chrome/56.0.2924.87 Safari/537.36"
192.168.25.197 - - [05/May/2017:14:27:08 +0800] "GET /zentao/product-ajaxGetDropMenu-1-product-browse-.html HTTP/1.1" 200 463 "http://192.168.21.6:81/zentao/product-browse-1.html" "Mozilla/5.0 (Windows NT 6.1) AppleWebKit/537.36 (KHTML, like Gecko) Chrome/56.0.2924.87 Safari/537.36"
192.168.25.197 - - [05/May/2017:14:27:09 +0800] "GET /zentao/product-browse-3.html HTTP/1.1" 200 9967 "http://192.168.21.6:81/zentao/product-browse-1.html" "Mozilla/5.0 (Windows NT 6.1) AppleWebKit/537.36 (KHTML, like Gecko) Chrome/56.0.2924.87 Safari/537.36"
192.168.25.197 - - [05/May/2017:14:27:11 +0800] "GET /zentao/story-create-3-0-0.html HTTP/1.1" 200 11072 "http://192.168.21.6:81/zentao/product-browse-3.html" "Mozilla/5.0 (Windows NT 6.1) AppleWebKit/537.36 (KHTML, like Gecko) Chrome/56.0.2924.87 Safari/537.36"
192.168.25.197 - - [05/May/2017:14:27:33 +0800] "GET /zentao/product-browse-3.html HTTP/1.1" 200 9967 "http://192.168.21.6:81/zentao/story-create-3-0-0.html" "Mozilla/5.0 (Windows NT 6.1) AppleWebKit/537.36 (KHTML, like Gecko) Chrome/56.0.2924.87 Safari/537.36"
192.168.25.197 - - [05/May/2017:14:29:42 +0800] "POST /zentao/story-create-3-0-0.html HTTP/1.1" 200 86 "http://192.168.21.6:81/zentao/story-create-3-0-0.html" "Mozilla/5.0 (Windows NT 6.1) AppleWebKit/537.36 (KHTML, like Gecko) Chrome/56.0.2924.87 Safari/537.36"
192.168.25.197 - - [05/May/2017:14:29:42 +0800] "GET /zentao/story-view-8.html HTTP/1.1" 200 9829 "http://192.168.21.6:81/zentao/story-create-3-0-0.html" "Mozilla/5.0 (Windows NT 6.1) AppleWebKit/537.36 (KHTML, like Gecko) Chrome/56.0.2924.87 Safari/537.36"
192.168.25.197 - - [05/May/2017:14:29:45 +0800] "GET /zentao/project/ HTTP/1.1" 200 8818 "http://192.168.21.6:81/zentao/story-view-8.html" "Mozilla/5.0 (Windows NT 6.1) AppleWebKit/537.36 (KHTML, like Gecko) Chrome/56.0.2924.87 Safari/537.36"
192.168.25.197 - - [05/May/2017:14:29:46 +0800] "GET /zentao/block-printBlock-14-project.html HTTP/1.1" 200 1765 "http://192.168.21.6:81/zentao/project/" "Mozilla/5.0 (Windows NT 6.1) AppleWebKit/537.36 (KHTML, like Gecko) Chrome/56.0.2924.87 Safari/537.36"
192.168.25.197 - - [05/May/2017:14:29:46 +0800] "GET /zentao/block-printBlock-15-project.html HTTP/1.1" 200 539 "http://192.168.21.6:81/zentao/project/" "Mozilla/5.0 (Windows NT 6.1) AppleWebKit/537.36 (KHTML, like Gecko) Chrome/56.0.2924.87 Safari/537.36"
192.168.25.197 - - [05/May/2017:14:29:46 +0800] "GET /zentao/block-printBlock-39-project.html HTTP/1.1" 200 231 "http://192.168.21.6:81/zentao/project/" "Mozilla/5.0 (Windows NT 6.1) AppleWebKit/537.36 (KHTML, like Gecko) Chrome/56.0.2924.87 Safari/537.36"
192.168.25.197 - - [05/May/2017:14:29:46 +0800] "GET /zentao/js/chartjs/chart.line.min.js?v=9.1.2&_=1493965745818 HTTP/1.1" 200 2918 "http://192.168.21.6:81/zentao/project/" "Mozilla/5.0 (Windows NT 6.1) AppleWebKit/537.36 (KHTML, like Gecko) Chrome/56.0.2924.87 Safari/537.36"
192.168.25.197 - - [05/May/2017:14:29:48 +0800] "GET /zentao/project-task-4.html HTTP/1.1" 200 12021 "http://192.168.21.6:81/zentao/project/" "Mozilla/5.0 (Windows NT 6.1) AppleWebKit/537.36 (KHTML, like Gecko) Chrome/56.0.2924.87 Safari/537.36"
192.168.25.197 - - [05/May/2017:14:29:54 +0800] "GET /zentao/task-create-4--0.html HTTP/1.1" 200 11909 "http://192.168.21.6:81/zentao/project-task-4.html" "Mozilla/5.0 (Windows NT 6.1) AppleWebKit/537.36 (KHTML, like Gecko) Chrome/56.0.2924.87 Safari/537.36"
192.168.25.197 - - [05/May/2017:14:29:57 +0800] "GET /zentao/story-ajaxGetProjectStories-4-0-0-16.html HTTP/1.1" 200 126 "http://192.168.21.6:81/zentao/task-create-4--0.html" "Mozilla/5.0 (Windows NT 6.1) AppleWebKit/537.36 (KHTML, like Gecko) Chrome/56.0.2924.87 Safari/537.36"
192.168.25.197 - - [05/May/2017:14:30:11 +0800] "POST /zentao/task-create-4--0.html HTTP/1.1" 200 93 "http://192.168.21.6:81/zentao/task-create-4--0.html" "Mozilla/5.0 (Windows NT 6.1) AppleWebKit/537.36 (KHTML, like Gecko) Chrome/56.0.2924.87 Safari/537.36"
192.168.25.197 - - [05/May/2017:14:30:12 +0800] "GET /zentao/project-browse-4-task.html HTTP/1.1" 302 - "http://192.168.21.6:81/zentao/task-create-4--0.html" "Mozilla/5.0 (Windows NT 6.1) AppleWebKit/537.36 (KHTML, like Gecko) Chrome/56.0.2924.87 Safari/537.36"
