192.168.25.185 - - [08/May/2017:11:35:57 +0800] "GET /zentao/testcase-browse-1.html HTTP/1.1" 200 12300 "http://192.168.21.6:81/zentao/bug-browse.html" "Mozilla/5.0 (Windows NT 6.1) AppleWebKit/537.36 (KHTML, like Gecko) Chrome/53.0.2785.104 Safari/537.36 Core/1.53.2595.400 QQBrowser/9.6.10872.400"
192.168.25.185 - - [08/May/2017:11:36:03 +0800] "GET /zentao/product-ajaxGetDropMenu-1-testcase-browse-.html HTTP/1.1" 200 449 "http://192.168.21.6:81/zentao/testcase-browse-1.html" "Mozilla/5.0 (Windows NT 6.1) AppleWebKit/537.36 (KHTML, like Gecko) Chrome/53.0.2785.104 Safari/537.36 Core/1.53.2595.400 QQBrowser/9.6.10872.400"
192.168.25.185 - - [08/May/2017:11:36:19 +0800] "GET /zentao/product/ HTTP/1.1" 302 - "http://192.168.21.6:81/zentao/testcase-browse-1.html" "Mozilla/5.0 (Windows NT 6.1) AppleWebKit/537.36 (KHTML, like Gecko) Chrome/53.0.2785.104 Safari/537.36 Core/1.53.2595.400 QQBrowser/9.6.10872.400"
192.168.25.185 - - [08/May/2017:11:36:19 +0800] "GET /zentao/product-browse.html HTTP/1.1" 200 8302 "http://192.168.21.6:81/zentao/testcase-browse-1.html" "Mozilla/5.0 (Windows NT 6.1) AppleWebKit/537.36 (KHTML, like Gecko) Chrome/53.0.2785.104 Safari/537.36 Core/1.53.2595.400 QQBrowser/9.6.10872.400"
192.168.25.185 - - [08/May/2017:11:36:23 +0800] "GET /zentao/my/ HTTP/1.1" 200 8762 "http://192.168.21.6:81/zentao/product-browse.html" "Mozilla/5.0 (Windows NT 6.1) AppleWebKit/537.36 (KHTML, like Gecko) Chrome/53.0.2785.104 Safari/537.36 Core/1.53.2595.400 QQBrowser/9.6.10872.400"
192.168.25.185 - - [08/May/2017:11:36:23 +0800] "GET /zentao/block-printBlock-28-my.html HTTP/1.1" 200 966 "http://192.168.21.6:81/zentao/my/" "Mozilla/5.0 (Windows NT 6.1) AppleWebKit/537.36 (KHTML, like Gecko) Chrome/53.0.2785.104 Safari/537.36 Core/1.53.2595.400 QQBrowser/9.6.10872.400"
192.168.25.185 - - [08/May/2017:11:36:23 +0800] "GET /zentao/block-printBlock-29-my.html HTTP/1.1" 200 522 "http://192.168.21.6:81/zentao/my/" "Mozilla/5.0 (Windows NT 6.1) AppleWebKit/537.36 (KHTML, like Gecko) Chrome/53.0.2785.104 Safari/537.36 Core/1.53.2595.400 QQBrowser/9.6.10872.400"
192.168.25.185 - - [08/May/2017:11:36:23 +0800] "GET /zentao/block-printBlock-30-my.html HTTP/1.1" 200 1799 "http://192.168.21.6:81/zentao/my/" "Mozilla/5.0 (Windows NT 6.1) AppleWebKit/537.36 (KHTML, like Gecko) Chrome/53.0.2785.104 Safari/537.36 Core/1.53.2595.400 QQBrowser/9.6.10872.400"
192.168.25.185 - - [08/May/2017:11:36:23 +0800] "GET /zentao/block-printBlock-31-my.html HTTP/1.1" 200 224 "http://192.168.21.6:81/zentao/my/" "Mozilla/5.0 (Windows NT 6.1) AppleWebKit/537.36 (KHTML, like Gecko) Chrome/53.0.2785.104 Safari/537.36 Core/1.53.2595.400 QQBrowser/9.6.10872.400"
192.168.25.185 - - [08/May/2017:11:36:23 +0800] "GET /zentao/block-printBlock-32-my.html HTTP/1.1" 200 446 "http://192.168.21.6:81/zentao/my/" "Mozilla/5.0 (Windows NT 6.1) AppleWebKit/537.36 (KHTML, like Gecko) Chrome/53.0.2785.104 Safari/537.36 Core/1.53.2595.400 QQBrowser/9.6.10872.400"
192.168.25.185 - - [08/May/2017:11:36:23 +0800] "GET /zentao/block-printBlock-34-my.html HTTP/1.1" 200 219 "http://192.168.21.6:81/zentao/my/" "Mozilla/5.0 (Windows NT 6.1) AppleWebKit/537.36 (KHTML, like Gecko) Chrome/53.0.2785.104 Safari/537.36 Core/1.53.2595.400 QQBrowser/9.6.10872.400"
192.168.25.185 - - [08/May/2017:11:36:23 +0800] "GET /zentao/block-printBlock-36-my.html HTTP/1.1" 200 253 "http://192.168.21.6:81/zentao/my/" "Mozilla/5.0 (Windows NT 6.1) AppleWebKit/537.36 (KHTML, like Gecko) Chrome/53.0.2785.104 Safari/537.36 Core/1.53.2595.400 QQBrowser/9.6.10872.400"
192.168.25.185 - - [08/May/2017:11:36:24 +0800] "GET /zentao/js/chartjs/chart.line.min.js?v=9.1.2&_=1494214444668 HTTP/1.1" 200 2918 "http://192.168.21.6:81/zentao/my/" "Mozilla/5.0 (Windows NT 6.1) AppleWebKit/537.36 (KHTML, like Gecko) Chrome/53.0.2785.104 Safari/537.36 Core/1.53.2595.400 QQBrowser/9.6.10872.400"
192.168.25.185 - - [08/May/2017:11:36:23 +0800] "GET /zentao/block-printBlock-33-my.html HTTP/1.1" 200 623 "http://192.168.21.6:81/zentao/my/" "Mozilla/5.0 (Windows NT 6.1) AppleWebKit/537.36 (KHTML, like Gecko) Chrome/53.0.2785.104 Safari/537.36 Core/1.53.2595.400 QQBrowser/9.6.10872.400"
192.168.25.185 - - [08/May/2017:11:36:23 +0800] "GET /zentao/block-printBlock-35-my.html HTTP/1.1" 200 376 "http://192.168.21.6:81/zentao/my/" "Mozilla/5.0 (Windows NT 6.1) AppleWebKit/537.36 (KHTML, like Gecko) Chrome/53.0.2785.104 Safari/537.36 Core/1.53.2595.400 QQBrowser/9.6.10872.400"
192.168.25.185 - - [08/May/2017:11:36:25 +0800] "GET /zentao/my-testtask.html HTTP/1.1" 200 4619 "http://192.168.21.6:81/zentao/my/" "Mozilla/5.0 (Windows NT 6.1) AppleWebKit/537.36 (KHTML, like Gecko) Chrome/53.0.2785.104 Safari/537.36 Core/1.53.2595.400 QQBrowser/9.6.10872.400"
192.168.25.185 - - [08/May/2017:11:36:30 +0800] "GET /zentao/qa/ HTTP/1.1" 302 - "http://192.168.21.6:81/zentao/my-testtask.html" "Mozilla/5.0 (Windows NT 6.1) AppleWebKit/537.36 (KHTML, like Gecko) Chrome/53.0.2785.104 Safari/537.36 Core/1.53.2595.400 QQBrowser/9.6.10872.400"
192.168.25.185 - - [08/May/2017:11:36:30 +0800] "GET /zentao/bug-browse.html HTTP/1.1" 200 10737 "http://192.168.21.6:81/zentao/my-testtask.html" "Mozilla/5.0 (Windows NT 6.1) AppleWebKit/537.36 (KHTML, like Gecko) Chrome/53.0.2785.104 Safari/537.36 Core/1.53.2595.400 QQBrowser/9.6.10872.400"
192.168.25.185 - - [08/May/2017:11:36:34 +0800] "GET /zentao/testcase-browse-1.html HTTP/1.1" 200 12300 "http://192.168.21.6:81/zentao/bug-browse.html" "Mozilla/5.0 (Windows NT 6.1) AppleWebKit/537.36 (KHTML, like Gecko) Chrome/53.0.2785.104 Safari/537.36 Core/1.53.2595.400 QQBrowser/9.6.10872.400"
192.168.25.185 - - [08/May/2017:11:36:42 +0800] "GET /zentao/product-ajaxGetDropMenu-1-testcase-browse-.html HTTP/1.1" 200 449 "http://192.168.21.6:81/zentao/testcase-browse-1.html" "Mozilla/5.0 (Windows NT 6.1) AppleWebKit/537.36 (KHTML, like Gecko) Chrome/53.0.2785.104 Safari/537.36 Core/1.53.2595.400 QQBrowser/9.6.10872.400"
192.168.25.185 - - [08/May/2017:11:36:47 +0800] "GET /zentao/testcase-browse-1.html HTTP/1.1" 200 12300 "http://192.168.21.6:81/zentao/testcase-browse-1.html" "Mozilla/5.0 (Windows NT 6.1) AppleWebKit/537.36 (KHTML, like Gecko) Chrome/53.0.2785.104 Safari/537.36 Core/1.53.2595.400 QQBrowser/9.6.10872.400"
192.168.25.185 - - [08/May/2017:11:36:55 +0800] "GET /zentao/product-ajaxGetDropMenu-1-testcase-browse-.html HTTP/1.1" 200 449 "http://192.168.21.6:81/zentao/testcase-browse-1.html" "Mozilla/5.0 (Windows NT 6.1) AppleWebKit/537.36 (KHTML, like Gecko) Chrome/53.0.2785.104 Safari/537.36 Core/1.53.2595.400 QQBrowser/9.6.10872.400"
192.168.25.185 - - [08/May/2017:11:36:57 +0800] "GET /zentao/testcase-browse-3.html HTTP/1.1" 200 9936 "http://192.168.21.6:81/zentao/testcase-browse-1.html" "Mozilla/5.0 (Windows NT 6.1) AppleWebKit/537.36 (KHTML, like Gecko) Chrome/53.0.2785.104 Safari/537.36 Core/1.53.2595.400 QQBrowser/9.6.10872.400"
192.168.25.185 - - [08/May/2017:11:37:01 +0800] "GET /zentao/product-ajaxGetDropMenu-3-testcase-browse-.html HTTP/1.1" 200 449 "http://192.168.21.6:81/zentao/testcase-browse-3.html" "Mozilla/5.0 (Windows NT 6.1) AppleWebKit/537.36 (KHTML, like Gecko) Chrome/53.0.2785.104 Safari/537.36 Core/1.53.2595.400 QQBrowser/9.6.10872.400"
192.168.25.185 - - [08/May/2017:11:37:02 +0800] "GET /zentao/testcase-browse-1.html HTTP/1.1" 200 12300 "http://192.168.21.6:81/zentao/testcase-browse-3.html" "Mozilla/5.0 (Windows NT 6.1) AppleWebKit/537.36 (KHTML, like Gecko) Chrome/53.0.2785.104 Safari/537.36 Core/1.53.2595.400 QQBrowser/9.6.10872.400"
192.168.25.185 - - [08/May/2017:11:37:03 +0800] "GET /zentao/project/ HTTP/1.1" 200 8663 "http://192.168.21.6:81/zentao/testcase-browse-1.html" "Mozilla/5.0 (Windows NT 6.1) AppleWebKit/537.36 (KHTML, like Gecko) Chrome/53.0.2785.104 Safari/537.36 Core/1.53.2595.400 QQBrowser/9.6.10872.400"
192.168.25.185 - - [08/May/2017:11:37:03 +0800] "GET /zentao/block-printBlock-37-project.html HTTP/1.1" 200 1799 "http://192.168.21.6:81/zentao/project/" "Mozilla/5.0 (Windows NT 6.1) AppleWebKit/537.36 (KHTML, like Gecko) Chrome/53.0.2785.104 Safari/537.36 Core/1.53.2595.400 QQBrowser/9.6.10872.400"
192.168.25.185 - - [08/May/2017:11:37:03 +0800] "GET /zentao/block-printBlock-38-project.html HTTP/1.1" 200 623 "http://192.168.21.6:81/zentao/project/" "Mozilla/5.0 (Windows NT 6.1) AppleWebKit/537.36 (KHTML, like Gecko) Chrome/53.0.2785.104 Safari/537.36 Core/1.53.2595.400 QQBrowser/9.6.10872.400"
192.168.25.185 - - [08/May/2017:11:37:03 +0800] "GET /zentao/js/chartjs/chart.line.min.js?v=9.1.2&_=1494214484315 HTTP/1.1" 200 2918 "http://192.168.21.6:81/zentao/project/" "Mozilla/5.0 (Windows NT 6.1) AppleWebKit/537.36 (KHTML, like Gecko) Chrome/53.0.2785.104 Safari/537.36 Core/1.53.2595.400 QQBrowser/9.6.10872.400"
192.168.25.185 - - [08/May/2017:11:37:06 +0800] "GET /zentao/project-ajaxGetDropMenu-5-project-index-.html HTTP/1.1" 200 494 "http://192.168.21.6:81/zentao/project/" "Mozilla/5.0 (Windows NT 6.1) AppleWebKit/537.36 (KHTML, like Gecko) Chrome/53.0.2785.104 Safari/537.36 Core/1.53.2595.400 QQBrowser/9.6.10872.400"
192.168.25.185 - - [08/May/2017:11:37:07 +0800] "GET /zentao/project-task-5.html HTTP/1.1" 200 12696 "http://192.168.21.6:81/zentao/project/" "Mozilla/5.0 (Windows NT 6.1) AppleWebKit/537.36 (KHTML, like Gecko) Chrome/53.0.2785.104 Safari/537.36 Core/1.53.2595.400 QQBrowser/9.6.10872.400"
192.168.25.185 - - [08/May/2017:11:37:35 +0800] "GET /zentao/task-view-11.html HTTP/1.1" 200 9839 "http://192.168.21.6:81/zentao/project-task-5.html" "Mozilla/5.0 (Windows NT 6.1) AppleWebKit/537.36 (KHTML, like Gecko) Chrome/53.0.2785.104 Safari/537.36 Core/1.53.2595.400 QQBrowser/9.6.10872.400"
192.168.25.185 - - [08/May/2017:11:37:45 +0800] "GET /zentao/task-start-11.html?onlybody=yes HTTP/1.1" 200 6143 "http://192.168.21.6:81/zentao/task-view-11.html" "Mozilla/5.0 (Windows NT 6.1) AppleWebKit/537.36 (KHTML, like Gecko) Chrome/53.0.2785.104 Safari/537.36 Core/1.53.2595.400 QQBrowser/9.6.10872.400"
192.168.25.185 - - [08/May/2017:11:37:46 +0800] "GET /zentao/js/kindeditor/themes/default/default.png HTTP/1.1" 200 6955 "http://192.168.21.6:81/zentao/js/kindeditor/themes/default/default.css" "Mozilla/5.0 (Windows NT 6.1) AppleWebKit/537.36 (KHTML, like Gecko) Chrome/53.0.2785.104 Safari/537.36 Core/1.53.2595.400 QQBrowser/9.6.10872.400"
192.168.25.197 - - [08/May/2017:11:38:08 +0800] "GET /zentao/misc-ping.html HTTP/1.1" 200 88 "http://192.168.21.6:81/zentao/misc-ping.html" "Mozilla/5.0 (Windows NT 6.1) AppleWebKit/537.36 (KHTML, like Gecko) Chrome/56.0.2924.87 Safari/537.36"
192.168.25.185 - - [08/May/2017:11:38:11 +0800] "GET /zentao/task-finish-11.html?onlybody=yes HTTP/1.1" 200 7642 "http://192.168.21.6:81/zentao/task-view-11.html" "Mozilla/5.0 (Windows NT 6.1) AppleWebKit/537.36 (KHTML, like Gecko) Chrome/53.0.2785.104 Safari/537.36 Core/1.53.2595.400 QQBrowser/9.6.10872.400"
192.168.25.185 - - [08/May/2017:11:39:00 +0800] "POST /zentao/task-finish-11.html?onlybody=yes HTTP/1.1" 200 187 "http://192.168.21.6:81/zentao/task-finish-11.html?onlybody=yes" "Mozilla/5.0 (Windows NT 6.1) AppleWebKit/537.36 (KHTML, like Gecko) Chrome/53.0.2785.104 Safari/537.36 Core/1.53.2595.400 QQBrowser/9.6.10872.400"
192.168.25.185 - - [08/May/2017:11:39:00 +0800] "GET /zentao/task-view-11.html HTTP/1.1" 200 10028 "http://192.168.21.6:81/zentao/task-view-11.html" "Mozilla/5.0 (Windows NT 6.1) AppleWebKit/537.36 (KHTML, like Gecko) Chrome/53.0.2785.104 Safari/537.36 Core/1.53.2595.400 QQBrowser/9.6.10872.400"
192.168.25.185 - - [08/May/2017:11:39:00 +0800] "GET /zentao/js/all.js?v=9.1.2 HTTP/1.1" 304 - "http://192.168.21.6:81/zentao/task-view-11.html" "Mozilla/5.0 (Windows NT 6.1) AppleWebKit/537.36 (KHTML, like Gecko) Chrome/53.0.2785.104 Safari/537.36 Core/1.53.2595.400 QQBrowser/9.6.10872.400"
192.168.25.185 - - [08/May/2017:11:39:00 +0800] "GET /zentao/theme/default/zh-cn.default.css?v=9.1.2 HTTP/1.1" 304 - "http://192.168.21.6:81/zentao/task-view-11.html" "Mozilla/5.0 (Windows NT 6.1) AppleWebKit/537.36 (KHTML, like Gecko) Chrome/53.0.2785.104 Safari/537.36 Core/1.53.2595.400 QQBrowser/9.6.10872.400"
192.168.25.185 - - [08/May/2017:11:39:00 +0800] "GET /zentao/js/kindeditor/themes/default/default.css HTTP/1.1" 304 - "http://192.168.21.6:81/zentao/task-view-11.html" "Mozilla/5.0 (Windows NT 6.1) AppleWebKit/537.36 (KHTML, like Gecko) Chrome/53.0.2785.104 Safari/537.36 Core/1.53.2595.400 QQBrowser/9.6.10872.400"
192.168.25.185 - - [08/May/2017:11:39:00 +0800] "GET /zentao/js/kindeditor/kindeditor-min.js HTTP/1.1" 304 - "http://192.168.21.6:81/zentao/task-view-11.html" "Mozilla/5.0 (Windows NT 6.1) AppleWebKit/537.36 (KHTML, like Gecko) Chrome/53.0.2785.104 Safari/537.36 Core/1.53.2595.400 QQBrowser/9.6.10872.400"
192.168.25.185 - - [08/May/2017:11:39:00 +0800] "GET /zentao/js/kindeditor/lang/zh_CN.js HTTP/1.1" 304 - "http://192.168.21.6:81/zentao/task-view-11.html" "Mozilla/5.0 (Windows NT 6.1) AppleWebKit/537.36 (KHTML, like Gecko) Chrome/53.0.2785.104 Safari/537.36 Core/1.53.2595.400 QQBrowser/9.6.10872.400"
192.168.25.185 - - [08/May/2017:11:39:00 +0800] "GET /zentao/js/jquery/reverseorder/raw.js HTTP/1.1" 304 - "http://192.168.21.6:81/zentao/task-view-11.html" "Mozilla/5.0 (Windows NT 6.1) AppleWebKit/537.36 (KHTML, like Gecko) Chrome/53.0.2785.104 Safari/537.36 Core/1.53.2595.400 QQBrowser/9.6.10872.400"
192.168.25.185 - - [08/May/2017:11:39:00 +0800] "GET /zentao/js/jquery/syntaxhighlighter/styles/shCore.css HTTP/1.1" 304 - "http://192.168.21.6:81/zentao/task-view-11.html" "Mozilla/5.0 (Windows NT 6.1) AppleWebKit/537.36 (KHTML, like Gecko) Chrome/53.0.2785.104 Safari/537.36 Core/1.53.2595.400 QQBrowser/9.6.10872.400"
192.168.25.185 - - [08/May/2017:11:39:00 +0800] "GET /zentao/js/jquery/syntaxhighlighter/scripts/shCore.js HTTP/1.1" 304 - "http://192.168.21.6:81/zentao/task-view-11.html" "Mozilla/5.0 (Windows NT 6.1) AppleWebKit/537.36 (KHTML, like Gecko) Chrome/53.0.2785.104 Safari/537.36 Core/1.53.2595.400 QQBrowser/9.6.10872.400"
192.168.25.185 - - [08/May/2017:11:39:00 +0800] "GET /zentao/js/jquery/syntaxhighlighter/scripts/shAutoloader.js HTTP/1.1" 304 - "http://192.168.21.6:81/zentao/task-view-11.html" "Mozilla/5.0 (Windows NT 6.1) AppleWebKit/537.36 (KHTML, like Gecko) Chrome/53.0.2785.104 Safari/537.36 Core/1.53.2595.400 QQBrowser/9.6.10872.400"
192.168.25.185 - - [08/May/2017:11:39:00 +0800] "GET /zentao/js/jquery/syntaxhighlighter/styles/shThemeDefault.css HTTP/1.1" 304 - "http://192.168.21.6:81/zentao/task-view-11.html" "Mozilla/5.0 (Windows NT 6.1) AppleWebKit/537.36 (KHTML, like Gecko) Chrome/53.0.2785.104 Safari/537.36 Core/1.53.2595.400 QQBrowser/9.6.10872.400"
192.168.25.185 - - [08/May/2017:11:39:01 +0800] "GET /zentao/theme/default/fonts/zenicon.woff?v=1.0.0 HTTP/1.1" 304 - "http://192.168.21.6:81/zentao/theme/default/zh-cn.default.css?v=9.1.2" "Mozilla/5.0 (Windows NT 6.1) AppleWebKit/537.36 (KHTML, like Gecko) Chrome/53.0.2785.104 Safari/537.36 Core/1.53.2595.400 QQBrowser/9.6.10872.400"
192.168.25.185 - - [08/May/2017:11:39:01 +0800] "GET /zentao/theme/default/images/main/icon.png HTTP/1.1" 304 - "http://192.168.21.6:81/zentao/theme/default/zh-cn.default.css?v=9.1.2" "Mozilla/5.0 (Windows NT 6.1) AppleWebKit/537.36 (KHTML, like Gecko) Chrome/53.0.2785.104 Safari/537.36 Core/1.53.2595.400 QQBrowser/9.6.10872.400"
192.168.25.185 - - [08/May/2017:11:39:01 +0800] "GET /zentao/theme/zui/css/min.css HTTP/1.1" 304 - "http://192.168.21.6:81/zentao/task-view-11.html" "Mozilla/5.0 (Windows NT 6.1) AppleWebKit/537.36 (KHTML, like Gecko) Chrome/53.0.2785.104 Safari/537.36 Core/1.53.2595.400 QQBrowser/9.6.10872.400"
192.168.25.185 - - [08/May/2017:11:39:04 +0800] "GET /zentao/theme/zui/fonts/zenicon.woff?v=1.0.0 HTTP/1.1" 304 - "http://192.168.21.6:81/zentao/theme/default/zh-cn.default.css?v=9.1.2" "Mozilla/5.0 (Windows NT 6.1) AppleWebKit/537.36 (KHTML, like Gecko) Chrome/53.0.2785.104 Safari/537.36 Core/1.53.2595.400 QQBrowser/9.6.10872.400"
192.168.25.185 - - [08/May/2017:11:39:06 +0800] "GET /zentao/task-view-9.html HTTP/1.1" 200 9987 "http://192.168.21.6:81/zentao/project-task-5.html" "Mozilla/5.0 (Windows NT 6.1) AppleWebKit/537.36 (KHTML, like Gecko) Chrome/53.0.2785.104 Safari/537.36 Core/1.53.2595.400 QQBrowser/9.6.10872.400"
192.168.25.185 - - [08/May/2017:11:39:23 +0800] "GET /zentao/file-download-7-left.html?zentaosid=kgu0tvp56ma2r51a72csk6vrs6 HTTP/1.1" 200 3392240 "http://192.168.21.6:81/zentao/task-view-9.html" "Mozilla/5.0 (Windows NT 6.1) AppleWebKit/537.36 (KHTML, like Gecko) Chrome/53.0.2785.104 Safari/537.36 Core/1.53.2595.400 QQBrowser/9.6.10872.400"
192.168.25.185 - - [08/May/2017:11:40:51 +0800] "GET /zentao/task-view-6.html HTTP/1.1" 200 9726 "http://192.168.21.6:81/zentao/project-task-5.html" "Mozilla/5.0 (Windows NT 6.1) AppleWebKit/537.36 (KHTML, like Gecko) Chrome/53.0.2785.104 Safari/537.36 Core/1.53.2595.400 QQBrowser/9.6.10872.400"
192.168.25.185 - - [08/May/2017:11:41:09 +0800] "GET /zentao/task-view-7.html HTTP/1.1" 200 9708 "http://192.168.21.6:81/zentao/project-task-5.html" "Mozilla/5.0 (Windows NT 6.1) AppleWebKit/537.36 (KHTML, like Gecko) Chrome/53.0.2785.104 Safari/537.36 Core/1.53.2595.400 QQBrowser/9.6.10872.400"
192.168.25.185 - - [08/May/2017:11:41:16 +0800] "GET /zentao/task-view-6.html HTTP/1.1" 200 9726 "http://192.168.21.6:81/zentao/project-task-5.html" "Mozilla/5.0 (Windows NT 6.1) AppleWebKit/537.36 (KHTML, like Gecko) Chrome/53.0.2785.104 Safari/537.36 Core/1.53.2595.400 QQBrowser/9.6.10872.400"
192.168.25.197 - - [08/May/2017:11:48:08 +0800] "GET /zentao/misc-ping.html HTTP/1.1" 200 88 "http://192.168.21.6:81/zentao/misc-ping.html" "Mozilla/5.0 (Windows NT 6.1) AppleWebKit/537.36 (KHTML, like Gecko) Chrome/56.0.2924.87 Safari/537.36"
192.168.25.185 - - [08/May/2017:11:51:31 +0800] "GET /zentao/misc-ping.html HTTP/1.1" 200 88 "http://192.168.21.6:81/zentao/project-task-5.html" "Mozilla/5.0 (Windows NT 6.1) AppleWebKit/537.36 (KHTML, like Gecko) Chrome/53.0.2785.104 Safari/537.36 Core/1.53.2595.400 QQBrowser/9.6.10872.400"
192.168.25.197 - - [08/May/2017:11:58:09 +0800] "GET /zentao/misc-ping.html HTTP/1.1" 200 88 "http://192.168.21.6:81/zentao/misc-ping.html" "Mozilla/5.0 (Windows NT 6.1) AppleWebKit/537.36 (KHTML, like Gecko) Chrome/56.0.2924.87 Safari/537.36"
192.168.25.185 - - [08/May/2017:12:01:32 +0800] "GET /zentao/misc-ping.html HTTP/1.1" 200 88 "http://192.168.21.6:81/zentao/misc-ping.html" "Mozilla/5.0 (Windows NT 6.1) AppleWebKit/537.36 (KHTML, like Gecko) Chrome/53.0.2785.104 Safari/537.36 Core/1.53.2595.400 QQBrowser/9.6.10872.400"
192.168.25.197 - - [08/May/2017:12:08:09 +0800] "GET /zentao/misc-ping.html HTTP/1.1" 200 88 "http://192.168.21.6:81/zentao/misc-ping.html" "Mozilla/5.0 (Windows NT 6.1) AppleWebKit/537.36 (KHTML, like Gecko) Chrome/56.0.2924.87 Safari/537.36"
192.168.25.185 - - [08/May/2017:12:11:32 +0800] "GET /zentao/misc-ping.html HTTP/1.1" 200 88 "http://192.168.21.6:81/zentao/misc-ping.html" "Mozilla/5.0 (Windows NT 6.1) AppleWebKit/537.36 (KHTML, like Gecko) Chrome/53.0.2785.104 Safari/537.36 Core/1.53.2595.400 QQBrowser/9.6.10872.400"
192.168.25.197 - - [08/May/2017:12:18:09 +0800] "GET /zentao/misc-ping.html HTTP/1.1" 200 88 "http://192.168.21.6:81/zentao/misc-ping.html" "Mozilla/5.0 (Windows NT 6.1) AppleWebKit/537.36 (KHTML, like Gecko) Chrome/56.0.2924.87 Safari/537.36"
192.168.25.185 - - [08/May/2017:12:21:32 +0800] "GET /zentao/misc-ping.html HTTP/1.1" 200 88 "http://192.168.21.6:81/zentao/misc-ping.html" "Mozilla/5.0 (Windows NT 6.1) AppleWebKit/537.36 (KHTML, like Gecko) Chrome/53.0.2785.104 Safari/537.36 Core/1.53.2595.400 QQBrowser/9.6.10872.400"
192.168.25.197 - - [08/May/2017:12:28:09 +0800] "GET /zentao/misc-ping.html HTTP/1.1" 200 88 "http://192.168.21.6:81/zentao/misc-ping.html" "Mozilla/5.0 (Windows NT 6.1) AppleWebKit/537.36 (KHTML, like Gecko) Chrome/56.0.2924.87 Safari/537.36"
192.168.25.185 - - [08/May/2017:12:31:33 +0800] "GET /zentao/misc-ping.html HTTP/1.1" 200 88 "http://192.168.21.6:81/zentao/misc-ping.html" "Mozilla/5.0 (Windows NT 6.1) AppleWebKit/537.36 (KHTML, like Gecko) Chrome/53.0.2785.104 Safari/537.36 Core/1.53.2595.400 QQBrowser/9.6.10872.400"
192.168.25.197 - - [08/May/2017:12:38:10 +0800] "GET /zentao/misc-ping.html HTTP/1.1" 200 88 "http://192.168.21.6:81/zentao/misc-ping.html" "Mozilla/5.0 (Windows NT 6.1) AppleWebKit/537.36 (KHTML, like Gecko) Chrome/56.0.2924.87 Safari/537.36"
192.168.25.185 - - [08/May/2017:12:41:33 +0800] "GET /zentao/misc-ping.html HTTP/1.1" 200 88 "http://192.168.21.6:81/zentao/misc-ping.html" "Mozilla/5.0 (Windows NT 6.1) AppleWebKit/537.36 (KHTML, like Gecko) Chrome/53.0.2785.104 Safari/537.36 Core/1.53.2595.400 QQBrowser/9.6.10872.400"
192.168.25.197 - - [08/May/2017:12:48:10 +0800] "GET /zentao/misc-ping.html HTTP/1.1" 200 88 "http://192.168.21.6:81/zentao/misc-ping.html" "Mozilla/5.0 (Windows NT 6.1) AppleWebKit/537.36 (KHTML, like Gecko) Chrome/56.0.2924.87 Safari/537.36"
192.168.25.185 - - [08/May/2017:12:51:33 +0800] "GET /zentao/misc-ping.html HTTP/1.1" 200 88 "http://192.168.21.6:81/zentao/misc-ping.html" "Mozilla/5.0 (Windows NT 6.1) AppleWebKit/537.36 (KHTML, like Gecko) Chrome/53.0.2785.104 Safari/537.36 Core/1.53.2595.400 QQBrowser/9.6.10872.400"
192.168.25.197 - - [08/May/2017:12:58:10 +0800] "GET /zentao/misc-ping.html HTTP/1.1" 200 88 "http://192.168.21.6:81/zentao/misc-ping.html" "Mozilla/5.0 (Windows NT 6.1) AppleWebKit/537.36 (KHTML, like Gecko) Chrome/56.0.2924.87 Safari/537.36"
192.168.25.185 - - [08/May/2017:13:01:33 +0800] "GET /zentao/misc-ping.html HTTP/1.1" 200 88 "http://192.168.21.6:81/zentao/misc-ping.html" "Mozilla/5.0 (Windows NT 6.1) AppleWebKit/537.36 (KHTML, like Gecko) Chrome/53.0.2785.104 Safari/537.36 Core/1.53.2595.400 QQBrowser/9.6.10872.400"
192.168.25.197 - - [08/May/2017:13:08:11 +0800] "GET /zentao/misc-ping.html HTTP/1.1" 200 88 "http://192.168.21.6:81/zentao/misc-ping.html" "Mozilla/5.0 (Windows NT 6.1) AppleWebKit/537.36 (KHTML, like Gecko) Chrome/56.0.2924.87 Safari/537.36"
192.168.25.185 - - [08/May/2017:13:11:34 +0800] "GET /zentao/misc-ping.html HTTP/1.1" 200 88 "http://192.168.21.6:81/zentao/misc-ping.html" "Mozilla/5.0 (Windows NT 6.1) AppleWebKit/537.36 (KHTML, like Gecko) Chrome/53.0.2785.104 Safari/537.36 Core/1.53.2595.400 QQBrowser/9.6.10872.400"
192.168.25.197 - - [08/May/2017:13:18:11 +0800] "GET /zentao/misc-ping.html HTTP/1.1" 200 88 "http://192.168.21.6:81/zentao/misc-ping.html" "Mozilla/5.0 (Windows NT 6.1) AppleWebKit/537.36 (KHTML, like Gecko) Chrome/56.0.2924.87 Safari/537.36"
192.168.25.185 - - [08/May/2017:13:21:34 +0800] "GET /zentao/misc-ping.html HTTP/1.1" 200 88 "http://192.168.21.6:81/zentao/misc-ping.html" "Mozilla/5.0 (Windows NT 6.1) AppleWebKit/537.36 (KHTML, like Gecko) Chrome/53.0.2785.104 Safari/537.36 Core/1.53.2595.400 QQBrowser/9.6.10872.400"
192.168.25.185 - - [08/May/2017:13:28:08 +0800] "GET /zentao/project-task-5-all.html HTTP/1.1" 200 12742 "http://192.168.21.6:81/zentao/project-task-5.html" "Mozilla/5.0 (Windows NT 6.1) AppleWebKit/537.36 (KHTML, like Gecko) Chrome/53.0.2785.104 Safari/537.36 Core/1.53.2595.400 QQBrowser/9.6.10872.400"
192.168.25.197 - - [08/May/2017:13:28:11 +0800] "GET /zentao/misc-ping.html HTTP/1.1" 200 88 "http://192.168.21.6:81/zentao/misc-ping.html" "Mozilla/5.0 (Windows NT 6.1) AppleWebKit/537.36 (KHTML, like Gecko) Chrome/56.0.2924.87 Safari/537.36"
192.168.25.185 - - [08/May/2017:13:28:25 +0800] "GET /zentao/task-view-8.html HTTP/1.1" 200 9710 "http://192.168.21.6:81/zentao/project-task-5-all.html" "Mozilla/5.0 (Windows NT 6.1) AppleWebKit/537.36 (KHTML, like Gecko) Chrome/53.0.2785.104 Safari/537.36 Core/1.53.2595.400 QQBrowser/9.6.10872.400"
192.168.25.185 - - [08/May/2017:13:28:32 +0800] "GET /zentao/task-finish-8.html?onlybody=yes HTTP/1.1" 200 7730 "http://192.168.21.6:81/zentao/task-view-8.html" "Mozilla/5.0 (Windows NT 6.1) AppleWebKit/537.36 (KHTML, like Gecko) Chrome/53.0.2785.104 Safari/537.36 Core/1.53.2595.400 QQBrowser/9.6.10872.400"
192.168.25.185 - - [08/May/2017:13:29:02 +0800] "POST /zentao/task-finish-8.html?onlybody=yes HTTP/1.1" 200 187 "http://192.168.21.6:81/zentao/task-finish-8.html?onlybody=yes" "Mozilla/5.0 (Windows NT 6.1) AppleWebKit/537.36 (KHTML, like Gecko) Chrome/53.0.2785.104 Safari/537.36 Core/1.53.2595.400 QQBrowser/9.6.10872.400"
192.168.25.185 - - [08/May/2017:13:29:02 +0800] "GET /zentao/task-view-8.html HTTP/1.1" 200 10164 "http://192.168.21.6:81/zentao/task-view-8.html" "Mozilla/5.0 (Windows NT 6.1) AppleWebKit/537.36 (KHTML, like Gecko) Chrome/53.0.2785.104 Safari/537.36 Core/1.53.2595.400 QQBrowser/9.6.10872.400"
192.168.25.185 - - [08/May/2017:13:29:03 +0800] "GET /zentao/js/all.js?v=9.1.2 HTTP/1.1" 304 - "http://192.168.21.6:81/zentao/task-view-8.html" "Mozilla/5.0 (Windows NT 6.1) AppleWebKit/537.36 (KHTML, like Gecko) Chrome/53.0.2785.104 Safari/537.36 Core/1.53.2595.400 QQBrowser/9.6.10872.400"
192.168.25.185 - - [08/May/2017:13:29:03 +0800] "GET /zentao/theme/default/zh-cn.default.css?v=9.1.2 HTTP/1.1" 304 - "http://192.168.21.6:81/zentao/task-view-8.html" "Mozilla/5.0 (Windows NT 6.1) AppleWebKit/537.36 (KHTML, like Gecko) Chrome/53.0.2785.104 Safari/537.36 Core/1.53.2595.400 QQBrowser/9.6.10872.400"
192.168.25.185 - - [08/May/2017:13:29:03 +0800] "GET /zentao/js/kindeditor/themes/default/default.css HTTP/1.1" 304 - "http://192.168.21.6:81/zentao/task-view-8.html" "Mozilla/5.0 (Windows NT 6.1) AppleWebKit/537.36 (KHTML, like Gecko) Chrome/53.0.2785.104 Safari/537.36 Core/1.53.2595.400 QQBrowser/9.6.10872.400"
192.168.25.185 - - [08/May/2017:13:29:03 +0800] "GET /zentao/js/kindeditor/kindeditor-min.js HTTP/1.1" 304 - "http://192.168.21.6:81/zentao/task-view-8.html" "Mozilla/5.0 (Windows NT 6.1) AppleWebKit/537.36 (KHTML, like Gecko) Chrome/53.0.2785.104 Safari/537.36 Core/1.53.2595.400 QQBrowser/9.6.10872.400"
192.168.25.185 - - [08/May/2017:13:29:03 +0800] "GET /zentao/js/kindeditor/lang/zh_CN.js HTTP/1.1" 304 - "http://192.168.21.6:81/zentao/task-view-8.html" "Mozilla/5.0 (Windows NT 6.1) AppleWebKit/537.36 (KHTML, like Gecko) Chrome/53.0.2785.104 Safari/537.36 Core/1.53.2595.400 QQBrowser/9.6.10872.400"
192.168.25.185 - - [08/May/2017:13:29:03 +0800] "GET /zentao/js/jquery/reverseorder/raw.js HTTP/1.1" 304 - "http://192.168.21.6:81/zentao/task-view-8.html" "Mozilla/5.0 (Windows NT 6.1) AppleWebKit/537.36 (KHTML, like Gecko) Chrome/53.0.2785.104 Safari/537.36 Core/1.53.2595.400 QQBrowser/9.6.10872.400"
192.168.25.185 - - [08/May/2017:13:29:03 +0800] "GET /zentao/js/jquery/syntaxhighlighter/scripts/shCore.js HTTP/1.1" 304 - "http://192.168.21.6:81/zentao/task-view-8.html" "Mozilla/5.0 (Windows NT 6.1) AppleWebKit/537.36 (KHTML, like Gecko) Chrome/53.0.2785.104 Safari/537.36 Core/1.53.2595.400 QQBrowser/9.6.10872.400"
192.168.25.185 - - [08/May/2017:13:29:03 +0800] "GET /zentao/js/jquery/syntaxhighlighter/scripts/shAutoloader.js HTTP/1.1" 304 - "http://192.168.21.6:81/zentao/task-view-8.html" "Mozilla/5.0 (Windows NT 6.1) AppleWebKit/537.36 (KHTML, like Gecko) Chrome/53.0.2785.104 Safari/537.36 Core/1.53.2595.400 QQBrowser/9.6.10872.400"
192.168.25.185 - - [08/May/2017:13:29:03 +0800] "GET /zentao/js/jquery/syntaxhighlighter/styles/shCore.css HTTP/1.1" 304 - "http://192.168.21.6:81/zentao/task-view-8.html" "Mozilla/5.0 (Windows NT 6.1) AppleWebKit/537.36 (KHTML, like Gecko) Chrome/53.0.2785.104 Safari/537.36 Core/1.53.2595.400 QQBrowser/9.6.10872.400"
192.168.25.185 - - [08/May/2017:13:29:03 +0800] "GET /zentao/js/jquery/syntaxhighlighter/styles/shThemeDefault.css HTTP/1.1" 304 - "http://192.168.21.6:81/zentao/task-view-8.html" "Mozilla/5.0 (Windows NT 6.1) AppleWebKit/537.36 (KHTML, like Gecko) Chrome/53.0.2785.104 Safari/537.36 Core/1.53.2595.400 QQBrowser/9.6.10872.400"
192.168.25.185 - - [08/May/2017:13:29:03 +0800] "GET /zentao/theme/default/fonts/zenicon.woff?v=1.0.0 HTTP/1.1" 304 - "http://192.168.21.6:81/zentao/theme/default/zh-cn.default.css?v=9.1.2" "Mozilla/5.0 (Windows NT 6.1) AppleWebKit/537.36 (KHTML, like Gecko) Chrome/53.0.2785.104 Safari/537.36 Core/1.53.2595.400 QQBrowser/9.6.10872.400"
192.168.25.185 - - [08/May/2017:13:29:03 +0800] "GET /zentao/theme/default/images/main/icon.png HTTP/1.1" 304 - "http://192.168.21.6:81/zentao/theme/default/zh-cn.default.css?v=9.1.2" "Mozilla/5.0 (Windows NT 6.1) AppleWebKit/537.36 (KHTML, like Gecko) Chrome/53.0.2785.104 Safari/537.36 Core/1.53.2595.400 QQBrowser/9.6.10872.400"
192.168.25.185 - - [08/May/2017:13:29:03 +0800] "GET /zentao/theme/zui/css/min.css HTTP/1.1" 304 - "http://192.168.21.6:81/zentao/task-view-8.html" "Mozilla/5.0 (Windows NT 6.1) AppleWebKit/537.36 (KHTML, like Gecko) Chrome/53.0.2785.104 Safari/537.36 Core/1.53.2595.400 QQBrowser/9.6.10872.400"
192.168.25.185 - - [08/May/2017:13:29:07 +0800] "GET /zentao/theme/zui/fonts/zenicon.woff?v=1.0.0 HTTP/1.1" 304 - "http://192.168.21.6:81/zentao/theme/default/zh-cn.default.css?v=9.1.2" "Mozilla/5.0 (Windows NT 6.1) AppleWebKit/537.36 (KHTML, like Gecko) Chrome/53.0.2785.104 Safari/537.36 Core/1.53.2595.400 QQBrowser/9.6.10872.400"
192.168.25.185 - - [08/May/2017:13:29:11 +0800] "GET /zentao/task-view-7.html HTTP/1.1" 200 9724 "http://192.168.21.6:81/zentao/project-task-5-all.html" "Mozilla/5.0 (Windows NT 6.1) AppleWebKit/537.36 (KHTML, like Gecko) Chrome/53.0.2785.104 Safari/537.36 Core/1.53.2595.400 QQBrowser/9.6.10872.400"
192.168.25.185 - - [08/May/2017:13:29:15 +0800] "GET /zentao/task-finish-7.html?onlybody=yes HTTP/1.1" 200 7732 "http://192.168.21.6:81/zentao/task-view-7.html" "Mozilla/5.0 (Windows NT 6.1) AppleWebKit/537.36 (KHTML, like Gecko) Chrome/53.0.2785.104 Safari/537.36 Core/1.53.2595.400 QQBrowser/9.6.10872.400"
192.168.25.185 - - [08/May/2017:13:29:30 +0800] "POST /zentao/task-finish-7.html?onlybody=yes HTTP/1.1" 200 187 "http://192.168.21.6:81/zentao/task-finish-7.html?onlybody=yes" "Mozilla/5.0 (Windows NT 6.1) AppleWebKit/537.36 (KHTML, like Gecko) Chrome/53.0.2785.104 Safari/537.36 Core/1.53.2595.400 QQBrowser/9.6.10872.400"
192.168.25.185 - - [08/May/2017:13:29:31 +0800] "GET /zentao/task-view-7.html HTTP/1.1" 200 10183 "http://192.168.21.6:81/zentao/task-view-7.html" "Mozilla/5.0 (Windows NT 6.1) AppleWebKit/537.36 (KHTML, like Gecko) Chrome/53.0.2785.104 Safari/537.36 Core/1.53.2595.400 QQBrowser/9.6.10872.400"
192.168.25.185 - - [08/May/2017:13:29:31 +0800] "GET /zentao/js/all.js?v=9.1.2 HTTP/1.1" 304 - "http://192.168.21.6:81/zentao/task-view-7.html" "Mozilla/5.0 (Windows NT 6.1) AppleWebKit/537.36 (KHTML, like Gecko) Chrome/53.0.2785.104 Safari/537.36 Core/1.53.2595.400 QQBrowser/9.6.10872.400"
192.168.25.185 - - [08/May/2017:13:29:31 +0800] "GET /zentao/theme/default/zh-cn.default.css?v=9.1.2 HTTP/1.1" 304 - "http://192.168.21.6:81/zentao/task-view-7.html" "Mozilla/5.0 (Windows NT 6.1) AppleWebKit/537.36 (KHTML, like Gecko) Chrome/53.0.2785.104 Safari/537.36 Core/1.53.2595.400 QQBrowser/9.6.10872.400"
192.168.25.185 - - [08/May/2017:13:29:31 +0800] "GET /zentao/js/kindeditor/themes/default/default.css HTTP/1.1" 304 - "http://192.168.21.6:81/zentao/task-view-7.html" "Mozilla/5.0 (Windows NT 6.1) AppleWebKit/537.36 (KHTML, like Gecko) Chrome/53.0.2785.104 Safari/537.36 Core/1.53.2595.400 QQBrowser/9.6.10872.400"
192.168.25.185 - - [08/May/2017:13:29:31 +0800] "GET /zentao/js/jquery/syntaxhighlighter/styles/shCore.css HTTP/1.1" 304 - "http://192.168.21.6:81/zentao/task-view-7.html" "Mozilla/5.0 (Windows NT 6.1) AppleWebKit/537.36 (KHTML, like Gecko) Chrome/53.0.2785.104 Safari/537.36 Core/1.53.2595.400 QQBrowser/9.6.10872.400"
192.168.25.185 - - [08/May/2017:13:29:31 +0800] "GET /zentao/js/jquery/syntaxhighlighter/styles/shThemeDefault.css HTTP/1.1" 304 - "http://192.168.21.6:81/zentao/task-view-7.html" "Mozilla/5.0 (Windows NT 6.1) AppleWebKit/537.36 (KHTML, like Gecko) Chrome/53.0.2785.104 Safari/537.36 Core/1.53.2595.400 QQBrowser/9.6.10872.400"
192.168.25.185 - - [08/May/2017:13:29:31 +0800] "GET /zentao/js/kindeditor/kindeditor-min.js HTTP/1.1" 304 - "http://192.168.21.6:81/zentao/task-view-7.html" "Mozilla/5.0 (Windows NT 6.1) AppleWebKit/537.36 (KHTML, like Gecko) Chrome/53.0.2785.104 Safari/537.36 Core/1.53.2595.400 QQBrowser/9.6.10872.400"
192.168.25.185 - - [08/May/2017:13:29:31 +0800] "GET /zentao/js/kindeditor/lang/zh_CN.js HTTP/1.1" 304 - "http://192.168.21.6:81/zentao/task-view-7.html" "Mozilla/5.0 (Windows NT 6.1) AppleWebKit/537.36 (KHTML, like Gecko) Chrome/53.0.2785.104 Safari/537.36 Core/1.53.2595.400 QQBrowser/9.6.10872.400"
192.168.25.185 - - [08/May/2017:13:29:31 +0800] "GET /zentao/js/jquery/reverseorder/raw.js HTTP/1.1" 304 - "http://192.168.21.6:81/zentao/task-view-7.html" "Mozilla/5.0 (Windows NT 6.1) AppleWebKit/537.36 (KHTML, like Gecko) Chrome/53.0.2785.104 Safari/537.36 Core/1.53.2595.400 QQBrowser/9.6.10872.400"
192.168.25.185 - - [08/May/2017:13:29:31 +0800] "GET /zentao/js/jquery/syntaxhighlighter/scripts/shCore.js HTTP/1.1" 304 - "http://192.168.21.6:81/zentao/task-view-7.html" "Mozilla/5.0 (Windows NT 6.1) AppleWebKit/537.36 (KHTML, like Gecko) Chrome/53.0.2785.104 Safari/537.36 Core/1.53.2595.400 QQBrowser/9.6.10872.400"
192.168.25.185 - - [08/May/2017:13:29:31 +0800] "GET /zentao/js/jquery/syntaxhighlighter/scripts/shAutoloader.js HTTP/1.1" 304 - "http://192.168.21.6:81/zentao/task-view-7.html" "Mozilla/5.0 (Windows NT 6.1) AppleWebKit/537.36 (KHTML, like Gecko) Chrome/53.0.2785.104 Safari/537.36 Core/1.53.2595.400 QQBrowser/9.6.10872.400"
192.168.25.185 - - [08/May/2017:13:29:31 +0800] "GET /zentao/theme/default/fonts/zenicon.woff?v=1.0.0 HTTP/1.1" 304 - "http://192.168.21.6:81/zentao/theme/default/zh-cn.default.css?v=9.1.2" "Mozilla/5.0 (Windows NT 6.1) AppleWebKit/537.36 (KHTML, like Gecko) Chrome/53.0.2785.104 Safari/537.36 Core/1.53.2595.400 QQBrowser/9.6.10872.400"
192.168.25.185 - - [08/May/2017:13:29:32 +0800] "GET /zentao/theme/default/images/main/icon.png HTTP/1.1" 304 - "http://192.168.21.6:81/zentao/theme/default/zh-cn.default.css?v=9.1.2" "Mozilla/5.0 (Windows NT 6.1) AppleWebKit/537.36 (KHTML, like Gecko) Chrome/53.0.2785.104 Safari/537.36 Core/1.53.2595.400 QQBrowser/9.6.10872.400"
192.168.25.185 - - [08/May/2017:13:29:32 +0800] "GET /zentao/theme/zui/css/min.css HTTP/1.1" 304 - "http://192.168.21.6:81/zentao/task-view-7.html" "Mozilla/5.0 (Windows NT 6.1) AppleWebKit/537.36 (KHTML, like Gecko) Chrome/53.0.2785.104 Safari/537.36 Core/1.53.2595.400 QQBrowser/9.6.10872.400"
192.168.25.185 - - [08/May/2017:13:29:33 +0800] "GET /zentao/theme/zui/fonts/zenicon.woff?v=1.0.0 HTTP/1.1" 304 - "http://192.168.21.6:81/zentao/theme/default/zh-cn.default.css?v=9.1.2" "Mozilla/5.0 (Windows NT 6.1) AppleWebKit/537.36 (KHTML, like Gecko) Chrome/53.0.2785.104 Safari/537.36 Core/1.53.2595.400 QQBrowser/9.6.10872.400"
192.168.25.185 - - [08/May/2017:13:29:40 +0800] "GET /zentao/project-task-5-unclosed.html HTTP/1.1" 200 12741 "http://192.168.21.6:81/zentao/project-task-5-all.html" "Mozilla/5.0 (Windows NT 6.1) AppleWebKit/537.36 (KHTML, like Gecko) Chrome/53.0.2785.104 Safari/537.36 Core/1.53.2595.400 QQBrowser/9.6.10872.400"
192.168.25.197 - - [08/May/2017:13:33:20 +0800] "GET /zentao/task-create-5--0.html HTTP/1.1" 200 12083 "http://192.168.21.6:81/zentao/project-task-5.html" "Mozilla/5.0 (Windows NT 6.1) AppleWebKit/537.36 (KHTML, like Gecko) Chrome/56.0.2924.87 Safari/537.36"
192.168.25.197 - - [08/May/2017:13:33:29 +0800] "GET /zentao/story-ajaxGetProjectStories-5-0-0-1.html HTTP/1.1" 200 126 "http://192.168.21.6:81/zentao/task-create-5--0.html" "Mozilla/5.0 (Windows NT 6.1) AppleWebKit/537.36 (KHTML, like Gecko) Chrome/56.0.2924.87 Safari/537.36"
192.168.25.197 - - [08/May/2017:13:34:29 +0800] "POST /zentao/task-create-5--0.html HTTP/1.1" 200 93 "http://192.168.21.6:81/zentao/task-create-5--0.html" "Mozilla/5.0 (Windows NT 6.1) AppleWebKit/537.36 (KHTML, like Gecko) Chrome/56.0.2924.87 Safari/537.36"
192.168.25.197 - - [08/May/2017:13:34:29 +0800] "GET /zentao/project-browse-5-task.html HTTP/1.1" 302 - "http://192.168.21.6:81/zentao/task-create-5--0.html" "Mozilla/5.0 (Windows NT 6.1) AppleWebKit/537.36 (KHTML, like Gecko) Chrome/56.0.2924.87 Safari/537.36"
192.168.25.197 - - [08/May/2017:13:34:29 +0800] "GET /zentao/project-task-5.html HTTP/1.1" 200 12932 "http://192.168.21.6:81/zentao/task-create-5--0.html" "Mozilla/5.0 (Windows NT 6.1) AppleWebKit/537.36 (KHTML, like Gecko) Chrome/56.0.2924.87 Safari/537.36"
192.168.25.185 - - [08/May/2017:13:39:41 +0800] "GET /zentao/misc-ping.html HTTP/1.1" 200 88 "http://192.168.21.6:81/zentao/project-task-5-unclosed.html" "Mozilla/5.0 (Windows NT 6.1) AppleWebKit/537.36 (KHTML, like Gecko) Chrome/53.0.2785.104 Safari/537.36 Core/1.53.2595.400 QQBrowser/9.6.10872.400"
192.168.25.197 - - [08/May/2017:13:44:31 +0800] "GET /zentao/misc-ping.html HTTP/1.1" 200 88 "http://192.168.21.6:81/zentao/project-task-5.html" "Mozilla/5.0 (Windows NT 6.1) AppleWebKit/537.36 (KHTML, like Gecko) Chrome/56.0.2924.87 Safari/537.36"
192.168.25.185 - - [08/May/2017:13:47:47 +0800] "GET /zentao/task-view-11.html HTTP/1.1" 200 10070 "http://192.168.21.6:81/zentao/project-task-5-unclosed.html" "Mozilla/5.0 (Windows NT 6.1) AppleWebKit/537.36 (KHTML, like Gecko) Chrome/53.0.2785.104 Safari/537.36 Core/1.53.2595.400 QQBrowser/9.6.10872.400"
192.168.25.197 - - [08/May/2017:13:54:31 +0800] "GET /zentao/misc-ping.html HTTP/1.1" 200 88 "http://192.168.21.6:81/zentao/misc-ping.html" "Mozilla/5.0 (Windows NT 6.1) AppleWebKit/537.36 (KHTML, like Gecko) Chrome/56.0.2924.87 Safari/537.36"
192.168.25.185 - - [08/May/2017:13:57:49 +0800] "GET /zentao/misc-ping.html HTTP/1.1" 200 88 "http://192.168.21.6:81/zentao/task-view-11.html" "Mozilla/5.0 (Windows NT 6.1) AppleWebKit/537.36 (KHTML, like Gecko) Chrome/53.0.2785.104 Safari/537.36 Core/1.53.2595.400 QQBrowser/9.6.10872.400"
192.168.25.197 - - [08/May/2017:14:04:32 +0800] "GET /zentao/misc-ping.html HTTP/1.1" 200 88 "http://192.168.21.6:81/zentao/misc-ping.html" "Mozilla/5.0 (Windows NT 6.1) AppleWebKit/537.36 (KHTML, like Gecko) Chrome/56.0.2924.87 Safari/537.36"
192.168.25.185 - - [08/May/2017:14:07:51 +0800] "GET /zentao/misc-ping.html HTTP/1.1" 200 88 "http://192.168.21.6:81/zentao/misc-ping.html" "Mozilla/5.0 (Windows NT 6.1) AppleWebKit/537.36 (KHTML, like Gecko) Chrome/53.0.2785.104 Safari/537.36 Core/1.53.2595.400 QQBrowser/9.6.10872.400"
192.168.25.197 - - [08/May/2017:14:14:32 +0800] "GET /zentao/misc-ping.html HTTP/1.1" 200 88 "http://192.168.21.6:81/zentao/misc-ping.html" "Mozilla/5.0 (Windows NT 6.1) AppleWebKit/537.36 (KHTML, like Gecko) Chrome/56.0.2924.87 Safari/537.36"
192.168.25.185 - - [08/May/2017:14:17:53 +0800] "GET /zentao/misc-ping.html HTTP/1.1" 200 88 "http://192.168.21.6:81/zentao/misc-ping.html" "Mozilla/5.0 (Windows NT 6.1) AppleWebKit/537.36 (KHTML, like Gecko) Chrome/53.0.2785.104 Safari/537.36 Core/1.53.2595.400 QQBrowser/9.6.10872.400"
192.168.25.197 - - [08/May/2017:14:24:32 +0800] "GET /zentao/misc-ping.html HTTP/1.1" 200 88 "http://192.168.21.6:81/zentao/misc-ping.html" "Mozilla/5.0 (Windows NT 6.1) AppleWebKit/537.36 (KHTML, like Gecko) Chrome/56.0.2924.87 Safari/537.36"
192.168.25.185 - - [08/May/2017:14:27:53 +0800] "GET /zentao/misc-ping.html HTTP/1.1" 200 88 "http://192.168.21.6:81/zentao/misc-ping.html" "Mozilla/5.0 (Windows NT 6.1) AppleWebKit/537.36 (KHTML, like Gecko) Chrome/53.0.2785.104 Safari/537.36 Core/1.53.2595.400 QQBrowser/9.6.10872.400"
192.168.25.197 - - [08/May/2017:14:34:32 +0800] "GET /zentao/misc-ping.html HTTP/1.1" 200 88 "http://192.168.21.6:81/zentao/misc-ping.html" "Mozilla/5.0 (Windows NT 6.1) AppleWebKit/537.36 (KHTML, like Gecko) Chrome/56.0.2924.87 Safari/537.36"
192.168.25.185 - - [08/May/2017:14:37:53 +0800] "GET /zentao/misc-ping.html HTTP/1.1" 200 88 "http://192.168.21.6:81/zentao/misc-ping.html" "Mozilla/5.0 (Windows NT 6.1) AppleWebKit/537.36 (KHTML, like Gecko) Chrome/53.0.2785.104 Safari/537.36 Core/1.53.2595.400 QQBrowser/9.6.10872.400"
192.168.25.197 - - [08/May/2017:14:44:33 +0800] "GET /zentao/misc-ping.html HTTP/1.1" 200 88 "http://192.168.21.6:81/zentao/misc-ping.html" "Mozilla/5.0 (Windows NT 6.1) AppleWebKit/537.36 (KHTML, like Gecko) Chrome/56.0.2924.87 Safari/537.36"
192.168.25.185 - - [08/May/2017:14:47:53 +0800] "GET /zentao/misc-ping.html HTTP/1.1" 200 88 "http://192.168.21.6:81/zentao/misc-ping.html" "Mozilla/5.0 (Windows NT 6.1) AppleWebKit/537.36 (KHTML, like Gecko) Chrome/53.0.2785.104 Safari/537.36 Core/1.53.2595.400 QQBrowser/9.6.10872.400"
192.168.25.197 - - [08/May/2017:14:54:33 +0800] "GET /zentao/misc-ping.html HTTP/1.1" 200 88 "http://192.168.21.6:81/zentao/misc-ping.html" "Mozilla/5.0 (Windows NT 6.1) AppleWebKit/537.36 (KHTML, like Gecko) Chrome/56.0.2924.87 Safari/537.36"
192.168.25.185 - - [08/May/2017:14:57:54 +0800] "GET /zentao/misc-ping.html HTTP/1.1" 200 88 "http://192.168.21.6:81/zentao/misc-ping.html" "Mozilla/5.0 (Windows NT 6.1) AppleWebKit/537.36 (KHTML, like Gecko) Chrome/53.0.2785.104 Safari/537.36 Core/1.53.2595.400 QQBrowser/9.6.10872.400"
192.168.25.197 - - [08/May/2017:15:04:33 +0800] "GET /zentao/misc-ping.html HTTP/1.1" 200 88 "http://192.168.21.6:81/zentao/misc-ping.html" "Mozilla/5.0 (Windows NT 6.1) AppleWebKit/537.36 (KHTML, like Gecko) Chrome/56.0.2924.87 Safari/537.36"
192.168.25.185 - - [08/May/2017:15:07:54 +0800] "GET /zentao/misc-ping.html HTTP/1.1" 200 88 "http://192.168.21.6:81/zentao/misc-ping.html" "Mozilla/5.0 (Windows NT 6.1) AppleWebKit/537.36 (KHTML, like Gecko) Chrome/53.0.2785.104 Safari/537.36 Core/1.53.2595.400 QQBrowser/9.6.10872.400"
192.168.25.197 - - [08/May/2017:15:14:34 +0800] "GET /zentao/misc-ping.html HTTP/1.1" 200 88 "http://192.168.21.6:81/zentao/misc-ping.html" "Mozilla/5.0 (Windows NT 6.1) AppleWebKit/537.36 (KHTML, like Gecko) Chrome/56.0.2924.87 Safari/537.36"
192.168.25.185 - - [08/May/2017:15:17:56 +0800] "GET /zentao/misc-ping.html HTTP/1.1" 200 88 "http://192.168.21.6:81/zentao/misc-ping.html" "Mozilla/5.0 (Windows NT 6.1) AppleWebKit/537.36 (KHTML, like Gecko) Chrome/53.0.2785.104 Safari/537.36 Core/1.53.2595.400 QQBrowser/9.6.10872.400"
192.168.25.197 - - [08/May/2017:15:24:34 +0800] "GET /zentao/misc-ping.html HTTP/1.1" 200 88 "http://192.168.21.6:81/zentao/misc-ping.html" "Mozilla/5.0 (Windows NT 6.1) AppleWebKit/537.36 (KHTML, like Gecko) Chrome/56.0.2924.87 Safari/537.36"
192.168.25.185 - - [08/May/2017:15:27:57 +0800] "GET /zentao/misc-ping.html HTTP/1.1" 200 88 "http://192.168.21.6:81/zentao/misc-ping.html" "Mozilla/5.0 (Windows NT 6.1) AppleWebKit/537.36 (KHTML, like Gecko) Chrome/53.0.2785.104 Safari/537.36 Core/1.53.2595.400 QQBrowser/9.6.10872.400"
192.168.25.197 - - [08/May/2017:15:34:34 +0800] "GET /zentao/misc-ping.html HTTP/1.1" 200 88 "http://192.168.21.6:81/zentao/misc-ping.html" "Mozilla/5.0 (Windows NT 6.1) AppleWebKit/537.36 (KHTML, like Gecko) Chrome/56.0.2924.87 Safari/537.36"
192.168.25.185 - - [08/May/2017:15:37:57 +0800] "GET /zentao/misc-ping.html HTTP/1.1" 200 88 "http://192.168.21.6:81/zentao/misc-ping.html" "Mozilla/5.0 (Windows NT 6.1) AppleWebKit/537.36 (KHTML, like Gecko) Chrome/53.0.2785.104 Safari/537.36 Core/1.53.2595.400 QQBrowser/9.6.10872.400"
192.168.25.197 - - [08/May/2017:15:44:35 +0800] "GET /zentao/misc-ping.html HTTP/1.1" 200 88 "http://192.168.21.6:81/zentao/misc-ping.html" "Mozilla/5.0 (Windows NT 6.1) AppleWebKit/537.36 (KHTML, like Gecko) Chrome/56.0.2924.87 Safari/537.36"
192.168.25.185 - - [08/May/2017:15:47:59 +0800] "GET /zentao/misc-ping.html HTTP/1.1" 200 88 "http://192.168.21.6:81/zentao/misc-ping.html" "Mozilla/5.0 (Windows NT 6.1) AppleWebKit/537.36 (KHTML, like Gecko) Chrome/53.0.2785.104 Safari/537.36 Core/1.53.2595.400 QQBrowser/9.6.10872.400"
192.168.25.197 - - [08/May/2017:15:54:35 +0800] "GET /zentao/misc-ping.html HTTP/1.1" 200 88 "http://192.168.21.6:81/zentao/misc-ping.html" "Mozilla/5.0 (Windows NT 6.1) AppleWebKit/537.36 (KHTML, like Gecko) Chrome/56.0.2924.87 Safari/537.36"
192.168.25.185 - - [08/May/2017:15:57:59 +0800] "GET /zentao/misc-ping.html HTTP/1.1" 200 88 "http://192.168.21.6:81/zentao/misc-ping.html" "Mozilla/5.0 (Windows NT 6.1) AppleWebKit/537.36 (KHTML, like Gecko) Chrome/53.0.2785.104 Safari/537.36 Core/1.53.2595.400 QQBrowser/9.6.10872.400"
192.168.25.197 - - [08/May/2017:16:04:35 +0800] "GET /zentao/misc-ping.html HTTP/1.1" 200 88 "http://192.168.21.6:81/zentao/misc-ping.html" "Mozilla/5.0 (Windows NT 6.1) AppleWebKit/537.36 (KHTML, like Gecko) Chrome/56.0.2924.87 Safari/537.36"
192.168.25.185 - - [08/May/2017:16:08:00 +0800] "GET /zentao/misc-ping.html HTTP/1.1" 200 88 "http://192.168.21.6:81/zentao/misc-ping.html" "Mozilla/5.0 (Windows NT 6.1) AppleWebKit/537.36 (KHTML, like Gecko) Chrome/53.0.2785.104 Safari/537.36 Core/1.53.2595.400 QQBrowser/9.6.10872.400"
192.168.25.197 - - [08/May/2017:16:14:36 +0800] "GET /zentao/misc-ping.html HTTP/1.1" 200 88 "http://192.168.21.6:81/zentao/misc-ping.html" "Mozilla/5.0 (Windows NT 6.1) AppleWebKit/537.36 (KHTML, like Gecko) Chrome/56.0.2924.87 Safari/537.36"
192.168.25.185 - - [08/May/2017:16:18:01 +0800] "GET /zentao/misc-ping.html HTTP/1.1" 200 88 "http://192.168.21.6:81/zentao/misc-ping.html" "Mozilla/5.0 (Windows NT 6.1) AppleWebKit/537.36 (KHTML, like Gecko) Chrome/53.0.2785.104 Safari/537.36 Core/1.53.2595.400 QQBrowser/9.6.10872.400"
192.168.25.197 - - [08/May/2017:16:24:36 +0800] "GET /zentao/misc-ping.html HTTP/1.1" 200 88 "http://192.168.21.6:81/zentao/misc-ping.html" "Mozilla/5.0 (Windows NT 6.1) AppleWebKit/537.36 (KHTML, like Gecko) Chrome/56.0.2924.87 Safari/537.36"
192.168.25.185 - - [08/May/2017:16:28:03 +0800] "GET /zentao/misc-ping.html HTTP/1.1" 200 88 "http://192.168.21.6:81/zentao/misc-ping.html" "Mozilla/5.0 (Windows NT 6.1) AppleWebKit/537.36 (KHTML, like Gecko) Chrome/53.0.2785.104 Safari/537.36 Core/1.53.2595.400 QQBrowser/9.6.10872.400"
192.168.25.197 - - [08/May/2017:16:34:36 +0800] "GET /zentao/misc-ping.html HTTP/1.1" 200 88 "http://192.168.21.6:81/zentao/misc-ping.html" "Mozilla/5.0 (Windows NT 6.1) AppleWebKit/537.36 (KHTML, like Gecko) Chrome/56.0.2924.87 Safari/537.36"
192.168.25.185 - - [08/May/2017:16:38:04 +0800] "GET /zentao/misc-ping.html HTTP/1.1" 200 88 "http://192.168.21.6:81/zentao/misc-ping.html" "Mozilla/5.0 (Windows NT 6.1) AppleWebKit/537.36 (KHTML, like Gecko) Chrome/53.0.2785.104 Safari/537.36 Core/1.53.2595.400 QQBrowser/9.6.10872.400"
192.168.25.197 - - [08/May/2017:16:44:37 +0800] "GET /zentao/misc-ping.html HTTP/1.1" 200 88 "http://192.168.21.6:81/zentao/misc-ping.html" "Mozilla/5.0 (Windows NT 6.1) AppleWebKit/537.36 (KHTML, like Gecko) Chrome/56.0.2924.87 Safari/537.36"
192.168.25.185 - - [08/May/2017:16:48:05 +0800] "GET /zentao/misc-ping.html HTTP/1.1" 200 88 "http://192.168.21.6:81/zentao/misc-ping.html" "Mozilla/5.0 (Windows NT 6.1) AppleWebKit/537.36 (KHTML, like Gecko) Chrome/53.0.2785.104 Safari/537.36 Core/1.53.2595.400 QQBrowser/9.6.10872.400"
192.168.25.197 - - [08/May/2017:16:54:37 +0800] "GET /zentao/misc-ping.html HTTP/1.1" 200 88 "http://192.168.21.6:81/zentao/misc-ping.html" "Mozilla/5.0 (Windows NT 6.1) AppleWebKit/537.36 (KHTML, like Gecko) Chrome/56.0.2924.87 Safari/537.36"
192.168.25.185 - - [08/May/2017:16:58:07 +0800] "GET /zentao/misc-ping.html HTTP/1.1" 200 88 "http://192.168.21.6:81/zentao/misc-ping.html" "Mozilla/5.0 (Windows NT 6.1) AppleWebKit/537.36 (KHTML, like Gecko) Chrome/53.0.2785.104 Safari/537.36 Core/1.53.2595.400 QQBrowser/9.6.10872.400"
192.168.25.197 - - [08/May/2017:17:04:38 +0800] "GET /zentao/misc-ping.html HTTP/1.1" 200 88 "http://192.168.21.6:81/zentao/misc-ping.html" "Mozilla/5.0 (Windows NT 6.1) AppleWebKit/537.36 (KHTML, like Gecko) Chrome/56.0.2924.87 Safari/537.36"
192.168.25.185 - - [08/May/2017:17:08:08 +0800] "GET /zentao/misc-ping.html HTTP/1.1" 200 88 "http://192.168.21.6:81/zentao/misc-ping.html" "Mozilla/5.0 (Windows NT 6.1) AppleWebKit/537.36 (KHTML, like Gecko) Chrome/53.0.2785.104 Safari/537.36 Core/1.53.2595.400 QQBrowser/9.6.10872.400"
192.168.25.197 - - [08/May/2017:17:14:38 +0800] "GET /zentao/misc-ping.html HTTP/1.1" 200 88 "http://192.168.21.6:81/zentao/misc-ping.html" "Mozilla/5.0 (Windows NT 6.1) AppleWebKit/537.36 (KHTML, like Gecko) Chrome/56.0.2924.87 Safari/537.36"
192.168.25.185 - - [08/May/2017:17:18:10 +0800] "GET /zentao/misc-ping.html HTTP/1.1" 200 88 "http://192.168.21.6:81/zentao/misc-ping.html" "Mozilla/5.0 (Windows NT 6.1) AppleWebKit/537.36 (KHTML, like Gecko) Chrome/53.0.2785.104 Safari/537.36 Core/1.53.2595.400 QQBrowser/9.6.10872.400"
192.168.25.197 - - [08/May/2017:17:24:38 +0800] "GET /zentao/misc-ping.html HTTP/1.1" 200 88 "http://192.168.21.6:81/zentao/misc-ping.html" "Mozilla/5.0 (Windows NT 6.1) AppleWebKit/537.36 (KHTML, like Gecko) Chrome/56.0.2924.87 Safari/537.36"
192.168.25.185 - - [08/May/2017:17:28:11 +0800] "GET /zentao/misc-ping.html HTTP/1.1" 200 88 "http://192.168.21.6:81/zentao/misc-ping.html" "Mozilla/5.0 (Windows NT 6.1) AppleWebKit/537.36 (KHTML, like Gecko) Chrome/53.0.2785.104 Safari/537.36 Core/1.53.2595.400 QQBrowser/9.6.10872.400"
192.168.25.197 - - [08/May/2017:17:34:38 +0800] "GET /zentao/misc-ping.html HTTP/1.1" 200 88 "http://192.168.21.6:81/zentao/misc-ping.html" "Mozilla/5.0 (Windows NT 6.1) AppleWebKit/537.36 (KHTML, like Gecko) Chrome/56.0.2924.87 Safari/537.36"
192.168.25.185 - - [08/May/2017:17:38:12 +0800] "GET /zentao/misc-ping.html HTTP/1.1" 200 88 "http://192.168.21.6:81/zentao/misc-ping.html" "Mozilla/5.0 (Windows NT 6.1) AppleWebKit/537.36 (KHTML, like Gecko) Chrome/53.0.2785.104 Safari/537.36 Core/1.53.2595.400 QQBrowser/9.6.10872.400"
192.168.25.197 - - [08/May/2017:17:44:39 +0800] "GET /zentao/misc-ping.html HTTP/1.1" 200 88 "http://192.168.21.6:81/zentao/misc-ping.html" "Mozilla/5.0 (Windows NT 6.1) AppleWebKit/537.36 (KHTML, like Gecko) Chrome/56.0.2924.87 Safari/537.36"
192.168.25.185 - - [08/May/2017:17:48:12 +0800] "GET /zentao/misc-ping.html HTTP/1.1" 200 88 "http://192.168.21.6:81/zentao/misc-ping.html" "Mozilla/5.0 (Windows NT 6.1) AppleWebKit/537.36 (KHTML, like Gecko) Chrome/53.0.2785.104 Safari/537.36 Core/1.53.2595.400 QQBrowser/9.6.10872.400"
