192.168.25.200 - - [16/Jan/2002:05:26:34 -0500] "GET /zentao/js/jquery/reverseorder/raw.js HTTP/1.1" 200 450 "http://192.168.21.6:81/zentao/product-view-1.html" "Mozilla/5.0 (Windows NT 6.1) AppleWebKit/537.36 (KHTML, like Gecko) Chrome/56.0.2924.87 Safari/537.36"
192.168.25.200 - - [16/Jan/2002:05:26:34 -0500] "GET /zentao/theme/default/zh-cn.default.css?v=9.1.2 HTTP/1.1" 200 32995 "http://192.168.21.6:81/zentao/product-view-1.html" "Mozilla/5.0 (Windows NT 6.1) AppleWebKit/537.36 (KHTML, like Gecko) Chrome/56.0.2924.87 Safari/537.36"
192.168.25.200 - - [16/Jan/2002:05:26:34 -0500] "GET /zentao/js/all.js?v=9.1.2 HTTP/1.1" 200 104385 "http://192.168.21.6:81/zentao/product-view-1.html" "Mozilla/5.0 (Windows NT 6.1) AppleWebKit/537.36 (KHTML, like Gecko) Chrome/56.0.2924.87 Safari/537.36"
192.168.25.200 - - [16/Jan/2002:05:26:34 -0500] "GET /zentao/theme/default/fonts/zenicon.woff?v=1.0.0 HTTP/1.1" 200 19416 "http://192.168.21.6:81/zentao/theme/default/zh-cn.default.css?v=9.1.2" "Mozilla/5.0 (Windows NT 6.1) AppleWebKit/537.36 (KHTML, like Gecko) Chrome/56.0.2924.87 Safari/537.36"
192.168.25.200 - - [16/Jan/2002:05:26:34 -0500] "GET /zentao/theme/default/images/main/icon.png HTTP/1.1" 200 3466 "http://192.168.21.6:81/zentao/theme/default/zh-cn.default.css?v=9.1.2" "Mozilla/5.0 (Windows NT 6.1) AppleWebKit/537.36 (KHTML, like Gecko) Chrome/56.0.2924.87 Safari/537.36"
192.168.25.200 - - [16/Jan/2002:05:26:34 -0500] "GET /zentao/theme/zui/fonts/zenicon.woff?v=1.0.0 HTTP/1.1" 200 82784 "http://192.168.21.6:81/zentao/theme/default/zh-cn.default.css?v=9.1.2" "Mozilla/5.0 (Windows NT 6.1) AppleWebKit/537.36 (KHTML, like Gecko) Chrome/56.0.2924.87 Safari/537.36"
192.168.25.200 - - [16/Jan/2002:05:26:41 -0500] "GET /zentao/product-edit-1.html HTTP/1.1" 200 7370 "http://192.168.21.6:81/zentao/product-view-1.html" "Mozilla/5.0 (Windows NT 6.1) AppleWebKit/537.36 (KHTML, like Gecko) Chrome/56.0.2924.87 Safari/537.36"
192.168.25.200 - - [16/Jan/2002:05:26:41 -0500] "GET /zentao/js/kindeditor/lang/zh_CN.js HTTP/1.1" 200 3125 "http://192.168.21.6:81/zentao/product-edit-1.html" "Mozilla/5.0 (Windows NT 6.1) AppleWebKit/537.36 (KHTML, like Gecko) Chrome/56.0.2924.87 Safari/537.36"
192.168.25.200 - - [16/Jan/2002:05:26:41 -0500] "GET /zentao/js/kindeditor/themes/default/default.css HTTP/1.1" 200 3621 "http://192.168.21.6:81/zentao/product-edit-1.html" "Mozilla/5.0 (Windows NT 6.1) AppleWebKit/537.36 (KHTML, like Gecko) Chrome/56.0.2924.87 Safari/537.36"
192.168.25.200 - - [16/Jan/2002:05:26:41 -0500] "GET /zentao/js/kindeditor/kindeditor-min.js HTTP/1.1" 200 30614 "http://192.168.21.6:81/zentao/product-edit-1.html" "Mozilla/5.0 (Windows NT 6.1) AppleWebKit/537.36 (KHTML, like Gecko) Chrome/56.0.2924.87 Safari/537.36"
192.168.25.200 - - [16/Jan/2002:05:26:41 -0500] "GET /zentao/theme/default/zh-cn.default.css?v=9.1.2 HTTP/1.1" 200 32995 "http://192.168.21.6:81/zentao/product-edit-1.html" "Mozilla/5.0 (Windows NT 6.1) AppleWebKit/537.36 (KHTML, like Gecko) Chrome/56.0.2924.87 Safari/537.36"
192.168.25.200 - - [16/Jan/2002:05:26:41 -0500] "GET /zentao/js/all.js?v=9.1.2 HTTP/1.1" 200 104385 "http://192.168.21.6:81/zentao/product-edit-1.html" "Mozilla/5.0 (Windows NT 6.1) AppleWebKit/537.36 (KHTML, like Gecko) Chrome/56.0.2924.87 Safari/537.36"
192.168.25.200 - - [16/Jan/2002:05:26:42 -0500] "GET /zentao/theme/default/fonts/zenicon.woff?v=1.0.0 HTTP/1.1" 200 19416 "http://192.168.21.6:81/zentao/theme/default/zh-cn.default.css?v=9.1.2" "Mozilla/5.0 (Windows NT 6.1) AppleWebKit/537.36 (KHTML, like Gecko) Chrome/56.0.2924.87 Safari/537.36"
192.168.25.200 - - [16/Jan/2002:05:26:42 -0500] "GET /zentao/theme/default/images/main/icon.png HTTP/1.1" 200 3466 "http://192.168.21.6:81/zentao/theme/default/zh-cn.default.css?v=9.1.2" "Mozilla/5.0 (Windows NT 6.1) AppleWebKit/537.36 (KHTML, like Gecko) Chrome/56.0.2924.87 Safari/537.36"
192.168.25.200 - - [16/Jan/2002:05:26:42 -0500] "GET /zentao/theme/zui/fonts/zenicon.woff?v=1.0.0 HTTP/1.1" 200 82784 "http://192.168.21.6:81/zentao/theme/default/zh-cn.default.css?v=9.1.2" "Mozilla/5.0 (Windows NT 6.1) AppleWebKit/537.36 (KHTML, like Gecko) Chrome/56.0.2924.87 Safari/537.36"
192.168.25.200 - - [16/Jan/2002:05:26:42 -0500] "GET /zentao/js/kindeditor/themes/default/default.png HTTP/1.1" 200 6955 "http://192.168.21.6:81/zentao/js/kindeditor/themes/default/default.css" "Mozilla/5.0 (Windows NT 6.1) AppleWebKit/537.36 (KHTML, like Gecko) Chrome/56.0.2924.87 Safari/537.36"
192.168.25.200 - - [16/Jan/2002:05:26:42 -0500] "GET /zentao/theme/zui/css/min.css HTTP/1.1" 200 20765 "http://192.168.21.6:81/zentao/product-edit-1.html" "Mozilla/5.0 (Windows NT 6.1) AppleWebKit/537.36 (KHTML, like Gecko) Chrome/56.0.2924.87 Safari/537.36"
192.168.25.200 - - [16/Jan/2002:05:28:14 -0500] "POST /zentao/product-edit-1.html HTTP/1.1" 200 131 "http://192.168.21.6:81/zentao/product-edit-1.html" "Mozilla/5.0 (Windows NT 6.1) AppleWebKit/537.36 (KHTML, like Gecko) Chrome/56.0.2924.87 Safari/537.36"
192.168.25.200 - - [16/Jan/2002:05:28:14 -0500] "GET /zentao/product-view-1.html HTTP/1.1" 200 6226 "http://192.168.21.6:81/zentao/product-edit-1.html" "Mozilla/5.0 (Windows NT 6.1) AppleWebKit/537.36 (KHTML, like Gecko) Chrome/56.0.2924.87 Safari/537.36"
192.168.25.200 - - [16/Jan/2002:05:28:14 -0500] "GET /zentao/js/jquery/reverseorder/raw.js HTTP/1.1" 200 450 "http://192.168.21.6:81/zentao/product-view-1.html" "Mozilla/5.0 (Windows NT 6.1) AppleWebKit/537.36 (KHTML, like Gecko) Chrome/56.0.2924.87 Safari/537.36"
192.168.25.200 - - [16/Jan/2002:05:28:14 -0500] "GET /zentao/theme/default/zh-cn.default.css?v=9.1.2 HTTP/1.1" 200 32995 "http://192.168.21.6:81/zentao/product-view-1.html" "Mozilla/5.0 (Windows NT 6.1) AppleWebKit/537.36 (KHTML, like Gecko) Chrome/56.0.2924.87 Safari/537.36"
192.168.25.200 - - [16/Jan/2002:05:28:14 -0500] "GET /zentao/js/all.js?v=9.1.2 HTTP/1.1" 200 104385 "http://192.168.21.6:81/zentao/product-view-1.html" "Mozilla/5.0 (Windows NT 6.1) AppleWebKit/537.36 (KHTML, like Gecko) Chrome/56.0.2924.87 Safari/537.36"
192.168.25.200 - - [16/Jan/2002:05:28:15 -0500] "GET /zentao/theme/default/fonts/zenicon.woff?v=1.0.0 HTTP/1.1" 200 19416 "http://192.168.21.6:81/zentao/theme/default/zh-cn.default.css?v=9.1.2" "Mozilla/5.0 (Windows NT 6.1) AppleWebKit/537.36 (KHTML, like Gecko) Chrome/56.0.2924.87 Safari/537.36"
192.168.25.200 - - [16/Jan/2002:05:28:15 -0500] "GET /zentao/theme/default/images/main/icon.png HTTP/1.1" 200 3466 "http://192.168.21.6:81/zentao/theme/default/zh-cn.default.css?v=9.1.2" "Mozilla/5.0 (Windows NT 6.1) AppleWebKit/537.36 (KHTML, like Gecko) Chrome/56.0.2924.87 Safari/537.36"
192.168.25.200 - - [16/Jan/2002:05:28:15 -0500] "GET /zentao/theme/zui/fonts/zenicon.woff?v=1.0.0 HTTP/1.1" 200 82784 "http://192.168.21.6:81/zentao/theme/zui/css/min.css" "Mozilla/5.0 (Windows NT 6.1) AppleWebKit/537.36 (KHTML, like Gecko) Chrome/56.0.2924.87 Safari/537.36"
192.168.25.197 - - [16/Jan/2002:17:24:06 -0500] "GET /zentao/product-browse-1.html HTTP/1.1" 200 166 "-" "Mozilla/5.0 (Windows NT 6.1) AppleWebKit/537.36 (KHTML, like Gecko) Chrome/56.0.2924.87 Safari/537.36"
192.168.25.197 - - [16/Jan/2002:17:24:07 -0500] "GET /favicon.ico HTTP/1.1" 404 209 "http://192.168.21.6:81/zentao/product-browse-1.html" "Mozilla/5.0 (Windows NT 6.1) AppleWebKit/537.36 (KHTML, like Gecko) Chrome/56.0.2924.87 Safari/537.36"
192.168.25.197 - - [16/Jan/2002:17:24:07 -0500] "GET /zentao/user-login-L3plbnRhby9wcm9kdWN0LWJyb3dzZS0xLmh0bWw=.html HTTP/1.1" 200 2958 "http://192.168.21.6:81/zentao/product-browse-1.html" "Mozilla/5.0 (Windows NT 6.1) AppleWebKit/537.36 (KHTML, like Gecko) Chrome/56.0.2924.87 Safari/537.36"
192.168.25.197 - - [16/Jan/2002:17:24:07 -0500] "GET /zentao/js/md5.js?v=9.1.2 HTTP/1.1" 200 2411 "http://192.168.21.6:81/zentao/user-login-L3plbnRhby9wcm9kdWN0LWJyb3dzZS0xLmh0bWw=.html" "Mozilla/5.0 (Windows NT 6.1) AppleWebKit/537.36 (KHTML, like Gecko) Chrome/56.0.2924.87 Safari/537.36"
192.168.25.197 - - [16/Jan/2002:17:24:07 -0500] "GET /zentao/theme/default/zh-cn.default.css?v=9.1.2 HTTP/1.1" 200 32995 "http://192.168.21.6:81/zentao/user-login-L3plbnRhby9wcm9kdWN0LWJyb3dzZS0xLmh0bWw=.html" "Mozilla/5.0 (Windows NT 6.1) AppleWebKit/537.36 (KHTML, like Gecko) Chrome/56.0.2924.87 Safari/537.36"
192.168.25.197 - - [16/Jan/2002:17:24:07 -0500] "GET /zentao/js/all.js?v=9.1.2 HTTP/1.1" 200 104385 "http://192.168.21.6:81/zentao/user-login-L3plbnRhby9wcm9kdWN0LWJyb3dzZS0xLmh0bWw=.html" "Mozilla/5.0 (Windows NT 6.1) AppleWebKit/537.36 (KHTML, like Gecko) Chrome/56.0.2924.87 Safari/537.36"
192.168.25.197 - - [16/Jan/2002:17:24:07 -0500] "GET /zentao/theme/default/images/main/zt-logo.png HTTP/1.1" 200 4308 "http://192.168.21.6:81/zentao/user-login-L3plbnRhby9wcm9kdWN0LWJyb3dzZS0xLmh0bWw=.html" "Mozilla/5.0 (Windows NT 6.1) AppleWebKit/537.36 (KHTML, like Gecko) Chrome/56.0.2924.87 Safari/537.36"
192.168.25.197 - - [16/Jan/2002:17:25:40 -0500] "POST /zentao/user-login-L3plbnRhby9wcm9kdWN0LWJyb3dzZS0xLmh0bWw=.html HTTP/1.1" 200 134 "http://192.168.21.6:81/zentao/user-login-L3plbnRhby9wcm9kdWN0LWJyb3dzZS0xLmh0bWw=.html" "Mozilla/5.0 (Windows NT 6.1) AppleWebKit/537.36 (KHTML, like Gecko) Chrome/56.0.2924.87 Safari/537.36"
192.168.25.197 - - [16/Jan/2002:17:25:40 -0500] "GET /zentao/product-browse-1.html HTTP/1.1" 200 8392 "http://192.168.21.6:81/zentao/user-login-L3plbnRhby9wcm9kdWN0LWJyb3dzZS0xLmh0bWw=.html" "Mozilla/5.0 (Windows NT 6.1) AppleWebKit/537.36 (KHTML, like Gecko) Chrome/56.0.2924.87 Safari/537.36"
192.168.25.197 - - [16/Jan/2002:17:25:40 -0500] "GET /zentao/js/jquery/tablesorter/metadata.js?v=9.1.2 HTTP/1.1" 200 1522 "http://192.168.21.6:81/zentao/product-browse-1.html" "Mozilla/5.0 (Windows NT 6.1) AppleWebKit/537.36 (KHTML, like Gecko) Chrome/56.0.2924.87 Safari/537.36"
192.168.25.197 - - [16/Jan/2002:17:25:40 -0500] "GET /zentao/js/jquery/tablesorter/min.js?v=9.1.2 HTTP/1.1" 200 11028 "http://192.168.21.6:81/zentao/product-browse-1.html" "Mozilla/5.0 (Windows NT 6.1) AppleWebKit/537.36 (KHTML, like Gecko) Chrome/56.0.2924.87 Safari/537.36"
192.168.25.197 - - [16/Jan/2002:17:25:40 -0500] "GET /zentao/theme/default/zh-cn.default.css?v=9.1.2 HTTP/1.1" 200 32995 "http://192.168.21.6:81/zentao/product-browse-1.html" "Mozilla/5.0 (Windows NT 6.1) AppleWebKit/537.36 (KHTML, like Gecko) Chrome/56.0.2924.87 Safari/537.36"
192.168.25.197 - - [16/Jan/2002:17:25:40 -0500] "GET /zentao/js/all.js?v=9.1.2 HTTP/1.1" 200 104385 "http://192.168.21.6:81/zentao/product-browse-1.html" "Mozilla/5.0 (Windows NT 6.1) AppleWebKit/537.36 (KHTML, like Gecko) Chrome/56.0.2924.87 Safari/537.36"
192.168.25.197 - - [16/Jan/2002:17:25:41 -0500] "GET /zentao/theme/default/fonts/zenicon.woff?v=1.0.0 HTTP/1.1" 200 19416 "http://192.168.21.6:81/zentao/theme/default/zh-cn.default.css?v=9.1.2" "Mozilla/5.0 (Windows NT 6.1) AppleWebKit/537.36 (KHTML, like Gecko) Chrome/56.0.2924.87 Safari/537.36"
192.168.25.197 - - [16/Jan/2002:17:25:41 -0500] "GET /zentao/theme/default/images/main/icon.png HTTP/1.1" 200 3466 "http://192.168.21.6:81/zentao/theme/default/zh-cn.default.css?v=9.1.2" "Mozilla/5.0 (Windows NT 6.1) AppleWebKit/537.36 (KHTML, like Gecko) Chrome/56.0.2924.87 Safari/537.36"
192.168.25.197 - - [16/Jan/2002:17:25:41 -0500] "GET /zentao/theme/zui/fonts/zenicon.woff?v=1.0.0 HTTP/1.1" 200 82784 "http://192.168.21.6:81/zentao/theme/default/zh-cn.default.css?v=9.1.2" "Mozilla/5.0 (Windows NT 6.1) AppleWebKit/537.36 (KHTML, like Gecko) Chrome/56.0.2924.87 Safari/537.36"
192.168.25.197 - - [16/Jan/2002:17:29:52 -0500] "POST /zentao/datatable-ajaxSave.html HTTP/1.1" 200 20 "http://192.168.21.6:81/zentao/product-browse-1.html" "Mozilla/5.0 (Windows NT 6.1) AppleWebKit/537.36 (KHTML, like Gecko) Chrome/56.0.2924.87 Safari/537.36"
192.168.25.197 - - [16/Jan/2002:17:29:52 -0500] "GET /zentao/product-browse-1.html HTTP/1.1" 200 9350 "http://192.168.21.6:81/zentao/product-browse-1.html" "Mozilla/5.0 (Windows NT 6.1) AppleWebKit/537.36 (KHTML, like Gecko) Chrome/56.0.2924.87 Safari/537.36"
192.168.25.197 - - [16/Jan/2002:17:29:53 -0500] "GET /zentao/theme/default/zh-cn.default.css?v=9.1.2 HTTP/1.1" 200 32995 "http://192.168.21.6:81/zentao/product-browse-1.html" "Mozilla/5.0 (Windows NT 6.1) AppleWebKit/537.36 (KHTML, like Gecko) Chrome/56.0.2924.87 Safari/537.36"
192.168.25.197 - - [16/Jan/2002:17:29:53 -0500] "GET /zentao/js/all.js?v=9.1.2 HTTP/1.1" 200 104385 "http://192.168.21.6:81/zentao/product-browse-1.html" "Mozilla/5.0 (Windows NT 6.1) AppleWebKit/537.36 (KHTML, like Gecko) Chrome/56.0.2924.87 Safari/537.36"
192.168.25.197 - - [16/Jan/2002:17:29:53 -0500] "GET /zentao/theme/default/fonts/zenicon.woff?v=1.0.0 HTTP/1.1" 200 19416 "http://192.168.21.6:81/zentao/theme/default/zh-cn.default.css?v=9.1.2" "Mozilla/5.0 (Windows NT 6.1) AppleWebKit/537.36 (KHTML, like Gecko) Chrome/56.0.2924.87 Safari/537.36"
192.168.25.197 - - [16/Jan/2002:17:29:53 -0500] "GET /zentao/theme/default/images/main/icon.png HTTP/1.1" 200 3466 "http://192.168.21.6:81/zentao/theme/default/zh-cn.default.css?v=9.1.2" "Mozilla/5.0 (Windows NT 6.1) AppleWebKit/537.36 (KHTML, like Gecko) Chrome/56.0.2924.87 Safari/537.36"
192.168.25.197 - - [16/Jan/2002:17:29:53 -0500] "GET /zentao/theme/zui/fonts/zenicon.woff?v=1.0.0 HTTP/1.1" 200 82784 "http://192.168.21.6:81/zentao/theme/default/zh-cn.default.css?v=9.1.2" "Mozilla/5.0 (Windows NT 6.1) AppleWebKit/537.36 (KHTML, like Gecko) Chrome/56.0.2924.87 Safari/537.36"
192.168.25.197 - - [16/Jan/2002:17:32:40 -0500] "GET /zentao/product-view-1.html HTTP/1.1" 200 6046 "http://192.168.21.6:81/zentao/product-browse-1.html" "Mozilla/5.0 (Windows NT 6.1) AppleWebKit/537.36 (KHTML, like Gecko) Chrome/56.0.2924.87 Safari/537.36"
192.168.25.197 - - [16/Jan/2002:17:32:40 -0500] "GET /zentao/js/jquery/reverseorder/raw.js HTTP/1.1" 200 450 "http://192.168.21.6:81/zentao/product-view-1.html" "Mozilla/5.0 (Windows NT 6.1) AppleWebKit/537.36 (KHTML, like Gecko) Chrome/56.0.2924.87 Safari/537.36"
192.168.25.197 - - [16/Jan/2002:17:32:40 -0500] "GET /zentao/theme/default/zh-cn.default.css?v=9.1.2 HTTP/1.1" 200 32995 "http://192.168.21.6:81/zentao/product-view-1.html" "Mozilla/5.0 (Windows NT 6.1) AppleWebKit/537.36 (KHTML, like Gecko) Chrome/56.0.2924.87 Safari/537.36"
192.168.25.197 - - [16/Jan/2002:17:32:40 -0500] "GET /zentao/js/all.js?v=9.1.2 HTTP/1.1" 200 104385 "http://192.168.21.6:81/zentao/product-view-1.html" "Mozilla/5.0 (Windows NT 6.1) AppleWebKit/537.36 (KHTML, like Gecko) Chrome/56.0.2924.87 Safari/537.36"
192.168.25.197 - - [16/Jan/2002:17:32:41 -0500] "GET /zentao/theme/default/fonts/zenicon.woff?v=1.0.0 HTTP/1.1" 200 19416 "http://192.168.21.6:81/zentao/theme/default/zh-cn.default.css?v=9.1.2" "Mozilla/5.0 (Windows NT 6.1) AppleWebKit/537.36 (KHTML, like Gecko) Chrome/56.0.2924.87 Safari/537.36"
192.168.25.197 - - [16/Jan/2002:17:32:41 -0500] "GET /zentao/theme/default/images/main/icon.png HTTP/1.1" 200 3466 "http://192.168.21.6:81/zentao/theme/default/zh-cn.default.css?v=9.1.2" "Mozilla/5.0 (Windows NT 6.1) AppleWebKit/537.36 (KHTML, like Gecko) Chrome/56.0.2924.87 Safari/537.36"
192.168.25.197 - - [16/Jan/2002:17:32:41 -0500] "GET /zentao/theme/zui/fonts/zenicon.woff?v=1.0.0 HTTP/1.1" 200 82784 "http://192.168.21.6:81/zentao/theme/default/zh-cn.default.css?v=9.1.2" "Mozilla/5.0 (Windows NT 6.1) AppleWebKit/537.36 (KHTML, like Gecko) Chrome/56.0.2924.87 Safari/537.36"
192.168.25.197 - - [16/Jan/2002:17:34:59 -0500] "GET /zentao/report/ HTTP/1.1" 302 - "http://192.168.21.6:81/zentao/product-view-1.html" "Mozilla/5.0 (Windows NT 6.1) AppleWebKit/537.36 (KHTML, like Gecko) Chrome/56.0.2924.87 Safari/537.36"
192.168.25.197 - - [16/Jan/2002:17:34:59 -0500] "GET /zentao/report-productSummary.html HTTP/1.1" 200 4658 "http://192.168.21.6:81/zentao/product-view-1.html" "Mozilla/5.0 (Windows NT 6.1) AppleWebKit/537.36 (KHTML, like Gecko) Chrome/56.0.2924.87 Safari/537.36"
192.168.25.197 - - [16/Jan/2002:17:35:00 -0500] "GET /zentao/theme/default/zh-cn.default.css?v=9.1.2 HTTP/1.1" 200 32995 "http://192.168.21.6:81/zentao/report-productSummary.html" "Mozilla/5.0 (Windows NT 6.1) AppleWebKit/537.36 (KHTML, like Gecko) Chrome/56.0.2924.87 Safari/537.36"
192.168.25.197 - - [16/Jan/2002:17:35:00 -0500] "GET /zentao/js/all.js?v=9.1.2 HTTP/1.1" 200 104385 "http://192.168.21.6:81/zentao/report-productSummary.html" "Mozilla/5.0 (Windows NT 6.1) AppleWebKit/537.36 (KHTML, like Gecko) Chrome/56.0.2924.87 Safari/537.36"
192.168.25.197 - - [16/Jan/2002:17:35:00 -0500] "GET /zentao/theme/default/fonts/zenicon.woff?v=1.0.0 HTTP/1.1" 200 19416 "http://192.168.21.6:81/zentao/theme/default/zh-cn.default.css?v=9.1.2" "Mozilla/5.0 (Windows NT 6.1) AppleWebKit/537.36 (KHTML, like Gecko) Chrome/56.0.2924.87 Safari/537.36"
192.168.25.197 - - [16/Jan/2002:17:35:00 -0500] "GET /zentao/theme/default/images/main/icon.png HTTP/1.1" 200 3466 "http://192.168.21.6:81/zentao/theme/default/zh-cn.default.css?v=9.1.2" "Mozilla/5.0 (Windows NT 6.1) AppleWebKit/537.36 (KHTML, like Gecko) Chrome/56.0.2924.87 Safari/537.36"
192.168.25.197 - - [16/Jan/2002:17:35:00 -0500] "GET /zentao/theme/zui/fonts/zenicon.woff?v=1.0.0 HTTP/1.1" 200 82784 "http://192.168.21.6:81/zentao/theme/default/zh-cn.default.css?v=9.1.2" "Mozilla/5.0 (Windows NT 6.1) AppleWebKit/537.36 (KHTML, like Gecko) Chrome/56.0.2924.87 Safari/537.36"
192.168.25.197 - - [16/Jan/2002:17:35:01 -0500] "GET /zentao/company/ HTTP/1.1" 302 - "http://192.168.21.6:81/zentao/report-productSummary.html" "Mozilla/5.0 (Windows NT 6.1) AppleWebKit/537.36 (KHTML, like Gecko) Chrome/56.0.2924.87 Safari/537.36"
192.168.25.197 - - [16/Jan/2002:17:35:01 -0500] "GET /zentao/company-browse.html HTTP/1.1" 200 10905 "http://192.168.21.6:81/zentao/report-productSummary.html" "Mozilla/5.0 (Windows NT 6.1) AppleWebKit/537.36 (KHTML, like Gecko) Chrome/56.0.2924.87 Safari/537.36"
192.168.25.197 - - [16/Jan/2002:17:35:01 -0500] "GET /zentao/theme/default/zh-cn.default.css?v=9.1.2 HTTP/1.1" 200 32995 "http://192.168.21.6:81/zentao/company-browse.html" "Mozilla/5.0 (Windows NT 6.1) AppleWebKit/537.36 (KHTML, like Gecko) Chrome/56.0.2924.87 Safari/537.36"
192.168.25.197 - - [16/Jan/2002:17:35:01 -0500] "GET /zentao/js/all.js?v=9.1.2 HTTP/1.1" 200 104385 "http://192.168.21.6:81/zentao/company-browse.html" "Mozilla/5.0 (Windows NT 6.1) AppleWebKit/537.36 (KHTML, like Gecko) Chrome/56.0.2924.87 Safari/537.36"
192.168.25.197 - - [16/Jan/2002:17:35:01 -0500] "GET /zentao/theme/default/fonts/zenicon.woff?v=1.0.0 HTTP/1.1" 200 19416 "http://192.168.21.6:81/zentao/theme/default/zh-cn.default.css?v=9.1.2" "Mozilla/5.0 (Windows NT 6.1) AppleWebKit/537.36 (KHTML, like Gecko) Chrome/56.0.2924.87 Safari/537.36"
192.168.25.197 - - [16/Jan/2002:17:35:02 -0500] "GET /zentao/theme/default/images/main/icon.png HTTP/1.1" 200 3466 "http://192.168.21.6:81/zentao/theme/default/zh-cn.default.css?v=9.1.2" "Mozilla/5.0 (Windows NT 6.1) AppleWebKit/537.36 (KHTML, like Gecko) Chrome/56.0.2924.87 Safari/537.36"
192.168.25.197 - - [16/Jan/2002:17:35:02 -0500] "GET /zentao/theme/zui/fonts/zenicon.woff?v=1.0.0 HTTP/1.1" 200 82784 "http://192.168.21.6:81/zentao/theme/default/zh-cn.default.css?v=9.1.2" "Mozilla/5.0 (Windows NT 6.1) AppleWebKit/537.36 (KHTML, like Gecko) Chrome/56.0.2924.87 Safari/537.36"
192.168.25.200 - - [11/Jan/2002:19:13:40 -0500] "GET /zentao/cron-ajaxExec.html HTTP/1.1" 200 - "http://192.168.21.6:81/zentao/my/" "Mozilla/5.0 (Windows NT 6.1) AppleWebKit/537.36 (KHTML, like Gecko) Chrome/56.0.2924.87 Safari/537.36"
192.168.25.197 - - [02/May/2017:21:12:42 -0400] "GET /zentao/product/ HTTP/1.1" 200 7429 "http://192.168.21.6:81/zentao/company-browse.html" "Mozilla/5.0 (Windows NT 6.1) AppleWebKit/537.36 (KHTML, like Gecko) Chrome/56.0.2924.87 Safari/537.36"
192.168.25.197 - - [02/May/2017:21:12:42 -0400] "GET /zentao/js/jquery/tablesorter/min.js?v=9.1.2 HTTP/1.1" 200 11028 "http://192.168.21.6:81/zentao/product/" "Mozilla/5.0 (Windows NT 6.1) AppleWebKit/537.36 (KHTML, like Gecko) Chrome/56.0.2924.87 Safari/537.36"
192.168.25.197 - - [02/May/2017:21:12:42 -0400] "GET /zentao/js/jquery/tablesorter/metadata.js?v=9.1.2 HTTP/1.1" 200 1522 "http://192.168.21.6:81/zentao/product/" "Mozilla/5.0 (Windows NT 6.1) AppleWebKit/537.36 (KHTML, like Gecko) Chrome/56.0.2924.87 Safari/537.36"
192.168.25.197 - - [02/May/2017:21:12:42 -0400] "GET /zentao/theme/default/zh-cn.default.css?v=9.1.2 HTTP/1.1" 200 32995 "http://192.168.21.6:81/zentao/product/" "Mozilla/5.0 (Windows NT 6.1) AppleWebKit/537.36 (KHTML, like Gecko) Chrome/56.0.2924.87 Safari/537.36"
192.168.25.197 - - [02/May/2017:21:12:42 -0400] "GET /zentao/js/all.js?v=9.1.2 HTTP/1.1" 200 104385 "http://192.168.21.6:81/zentao/product/" "Mozilla/5.0 (Windows NT 6.1) AppleWebKit/537.36 (KHTML, like Gecko) Chrome/56.0.2924.87 Safari/537.36"
192.168.25.197 - - [02/May/2017:21:12:43 -0400] "GET /zentao/theme/default/fonts/zenicon.woff?v=1.0.0 HTTP/1.1" 200 19416 "http://192.168.21.6:81/zentao/theme/default/zh-cn.default.css?v=9.1.2" "Mozilla/5.0 (Windows NT 6.1) AppleWebKit/537.36 (KHTML, like Gecko) Chrome/56.0.2924.87 Safari/537.36"
192.168.25.197 - - [02/May/2017:21:12:43 -0400] "GET /zentao/theme/zui/fonts/zenicon.woff?v=1.0.0 HTTP/1.1" 200 82784 "http://192.168.21.6:81/zentao/theme/default/zh-cn.default.css?v=9.1.2" "Mozilla/5.0 (Windows NT 6.1) AppleWebKit/537.36 (KHTML, like Gecko) Chrome/56.0.2924.87 Safari/537.36"
192.168.25.197 - - [02/May/2017:21:12:43 -0400] "GET /zentao/theme/default/images/main/icon.png HTTP/1.1" 200 3466 "http://192.168.21.6:81/zentao/theme/default/zh-cn.default.css?v=9.1.2" "Mozilla/5.0 (Windows NT 6.1) AppleWebKit/537.36 (KHTML, like Gecko) Chrome/56.0.2924.87 Safari/537.36"
192.168.25.197 - - [02/May/2017:21:12:43 -0400] "GET /zentao/block-printBlock-43-product.html HTTP/1.1" 200 420 "http://192.168.21.6:81/zentao/product/" "Mozilla/5.0 (Windows NT 6.1) AppleWebKit/537.36 (KHTML, like Gecko) Chrome/56.0.2924.87 Safari/537.36"
192.168.25.197 - - [02/May/2017:21:12:43 -0400] "GET /zentao/block-printBlock-44-product.html HTTP/1.1" 200 239 "http://192.168.21.6:81/zentao/product/" "Mozilla/5.0 (Windows NT 6.1) AppleWebKit/537.36 (KHTML, like Gecko) Chrome/56.0.2924.87 Safari/537.36"
192.168.25.197 - - [02/May/2017:21:12:45 -0400] "GET /zentao/qa/ HTTP/1.1" 200 1066 "http://192.168.21.6:81/zentao/product/" "Mozilla/5.0 (Windows NT 6.1) AppleWebKit/537.36 (KHTML, like Gecko) Chrome/56.0.2924.87 Safari/537.36"
192.168.25.197 - - [02/May/2017:21:12:46 -0400] "GET /zentao/custom-ajaxSetHomepage-qa-index.html HTTP/1.1" 200 - "http://192.168.21.6:81/zentao/qa/" "Mozilla/5.0 (Windows NT 6.1) AppleWebKit/537.36 (KHTML, like Gecko) Chrome/56.0.2924.87 Safari/537.36"
192.168.25.197 - - [02/May/2017:21:12:46 -0400] "GET /zentao/qa/ HTTP/1.1" 200 2806 "http://192.168.21.6:81/zentao/qa/" "Mozilla/5.0 (Windows NT 6.1) AppleWebKit/537.36 (KHTML, like Gecko) Chrome/56.0.2924.87 Safari/537.36"
192.168.25.197 - - [02/May/2017:21:12:47 -0400] "GET /zentao/js/all.js?v=9.1.2 HTTP/1.1" 304 - "http://192.168.21.6:81/zentao/qa/" "Mozilla/5.0 (Windows NT 6.1) AppleWebKit/537.36 (KHTML, like Gecko) Chrome/56.0.2924.87 Safari/537.36"
192.168.25.197 - - [02/May/2017:21:12:47 -0400] "GET /zentao/theme/default/zh-cn.default.css?v=9.1.2 HTTP/1.1" 304 - "http://192.168.21.6:81/zentao/qa/" "Mozilla/5.0 (Windows NT 6.1) AppleWebKit/537.36 (KHTML, like Gecko) Chrome/56.0.2924.87 Safari/537.36"
192.168.25.197 - - [02/May/2017:21:12:47 -0400] "GET /zentao/theme/default/fonts/zenicon.woff?v=1.0.0 HTTP/1.1" 304 - "http://192.168.21.6:81/zentao/theme/default/zh-cn.default.css?v=9.1.2" "Mozilla/5.0 (Windows NT 6.1) AppleWebKit/537.36 (KHTML, like Gecko) Chrome/56.0.2924.87 Safari/537.36"
192.168.25.197 - - [02/May/2017:21:12:47 -0400] "GET /zentao/qa/ HTTP/1.1" 200 7318 "http://192.168.21.6:81/zentao/qa/" "Mozilla/5.0 (Windows NT 6.1) AppleWebKit/537.36 (KHTML, like Gecko) Chrome/56.0.2924.87 Safari/537.36"
192.168.25.197 - - [02/May/2017:21:12:47 -0400] "GET /zentao/js/all.js?v=9.1.2 HTTP/1.1" 304 - "http://192.168.21.6:81/zentao/qa/" "Mozilla/5.0 (Windows NT 6.1) AppleWebKit/537.36 (KHTML, like Gecko) Chrome/56.0.2924.87 Safari/537.36"
192.168.25.197 - - [02/May/2017:21:12:47 -0400] "GET /zentao/theme/default/zh-cn.default.css?v=9.1.2 HTTP/1.1" 304 - "http://192.168.21.6:81/zentao/qa/" "Mozilla/5.0 (Windows NT 6.1) AppleWebKit/537.36 (KHTML, like Gecko) Chrome/56.0.2924.87 Safari/537.36"
192.168.25.197 - - [02/May/2017:21:12:47 -0400] "GET /zentao/js/jquery/tablesorter/min.js?v=9.1.2 HTTP/1.1" 304 - "http://192.168.21.6:81/zentao/qa/" "Mozilla/5.0 (Windows NT 6.1) AppleWebKit/537.36 (KHTML, like Gecko) Chrome/56.0.2924.87 Safari/537.36"
192.168.25.197 - - [02/May/2017:21:12:47 -0400] "GET /zentao/js/jquery/tablesorter/metadata.js?v=9.1.2 HTTP/1.1" 304 - "http://192.168.21.6:81/zentao/qa/" "Mozilla/5.0 (Windows NT 6.1) AppleWebKit/537.36 (KHTML, like Gecko) Chrome/56.0.2924.87 Safari/537.36"
192.168.25.197 - - [02/May/2017:21:12:48 -0400] "GET /zentao/theme/default/fonts/zenicon.woff?v=1.0.0 HTTP/1.1" 304 - "http://192.168.21.6:81/zentao/theme/default/zh-cn.default.css?v=9.1.2" "Mozilla/5.0 (Windows NT 6.1) AppleWebKit/537.36 (KHTML, like Gecko) Chrome/56.0.2924.87 Safari/537.36"
192.168.25.197 - - [02/May/2017:21:12:48 -0400] "GET /zentao/theme/zui/fonts/zenicon.woff?v=1.0.0 HTTP/1.1" 304 - "http://192.168.21.6:81/zentao/theme/default/zh-cn.default.css?v=9.1.2" "Mozilla/5.0 (Windows NT 6.1) AppleWebKit/537.36 (KHTML, like Gecko) Chrome/56.0.2924.87 Safari/537.36"
192.168.25.197 - - [02/May/2017:21:12:48 -0400] "GET /zentao/theme/default/images/main/icon.png HTTP/1.1" 304 - "http://192.168.21.6:81/zentao/theme/default/zh-cn.default.css?v=9.1.2" "Mozilla/5.0 (Windows NT 6.1) AppleWebKit/537.36 (KHTML, like Gecko) Chrome/56.0.2924.87 Safari/537.36"
192.168.25.197 - - [02/May/2017:21:12:48 -0400] "GET /zentao/block-printBlock-51-qa.html HTTP/1.1" 200 260 "http://192.168.21.6:81/zentao/qa/" "Mozilla/5.0 (Windows NT 6.1) AppleWebKit/537.36 (KHTML, like Gecko) Chrome/56.0.2924.87 Safari/537.36"
192.168.25.197 - - [02/May/2017:21:12:48 -0400] "GET /zentao/block-printBlock-49-qa.html HTTP/1.1" 200 219 "http://192.168.21.6:81/zentao/qa/" "Mozilla/5.0 (Windows NT 6.1) AppleWebKit/537.36 (KHTML, like Gecko) Chrome/56.0.2924.87 Safari/537.36"
192.168.25.197 - - [02/May/2017:21:12:48 -0400] "GET /zentao/block-printBlock-50-qa.html HTTP/1.1" 200 253 "http://192.168.21.6:81/zentao/qa/" "Mozilla/5.0 (Windows NT 6.1) AppleWebKit/537.36 (KHTML, like Gecko) Chrome/56.0.2924.87 Safari/537.36"
192.168.25.197 - - [02/May/2017:21:12:50 -0400] "GET /zentao/bug-browse-1.html HTTP/1.1" 200 9831 "http://192.168.21.6:81/zentao/qa/" "Mozilla/5.0 (Windows NT 6.1) AppleWebKit/537.36 (KHTML, like Gecko) Chrome/56.0.2924.87 Safari/537.36"
192.168.25.197 - - [02/May/2017:21:13:00 -0400] "GET /zentao/user-logout.html HTTP/1.1" 302 - "http://192.168.21.6:81/zentao/bug-browse-1.html" "Mozilla/5.0 (Windows NT 6.1) AppleWebKit/537.36 (KHTML, like Gecko) Chrome/56.0.2924.87 Safari/537.36"
192.168.25.197 - - [02/May/2017:21:13:00 -0400] "GET /zentao/user-login.html HTTP/1.1" 200 2975 "http://192.168.21.6:81/zentao/bug-browse-1.html" "Mozilla/5.0 (Windows NT 6.1) AppleWebKit/537.36 (KHTML, like Gecko) Chrome/56.0.2924.87 Safari/537.36"
192.168.25.197 - - [02/May/2017:21:13:00 -0400] "GET /zentao/js/md5.js?v=9.1.2 HTTP/1.1" 200 2411 "http://192.168.21.6:81/zentao/user-login.html" "Mozilla/5.0 (Windows NT 6.1) AppleWebKit/537.36 (KHTML, like Gecko) Chrome/56.0.2924.87 Safari/537.36"
192.168.25.197 - - [02/May/2017:21:13:00 -0400] "GET /zentao/theme/default/images/main/zt-logo.png HTTP/1.1" 200 4308 "http://192.168.21.6:81/zentao/user-login.html" "Mozilla/5.0 (Windows NT 6.1) AppleWebKit/537.36 (KHTML, like Gecko) Chrome/56.0.2924.87 Safari/537.36"
192.168.25.197 - - [02/May/2017:21:13:06 -0400] "POST /zentao/user-login.html HTTP/1.1" 200 146 "http://192.168.21.6:81/zentao/user-login.html" "Mozilla/5.0 (Windows NT 6.1) AppleWebKit/537.36 (KHTML, like Gecko) Chrome/56.0.2924.87 Safari/537.36"
192.168.25.197 - - [02/May/2017:21:13:06 -0400] "GET /zentao/bug-browse-1.html HTTP/1.1" 200 10692 "http://192.168.21.6:81/zentao/user-login.html" "Mozilla/5.0 (Windows NT 6.1) AppleWebKit/537.36 (KHTML, like Gecko) Chrome/56.0.2924.87 Safari/537.36"
192.168.25.197 - - [02/May/2017:21:13:12 -0400] "GET /zentao/bug-create-1-0-moduleID=0.html HTTP/1.1" 200 15810 "http://192.168.21.6:81/zentao/bug-browse-1.html" "Mozilla/5.0 (Windows NT 6.1) AppleWebKit/537.36 (KHTML, like Gecko) Chrome/56.0.2924.87 Safari/537.36"
192.168.25.197 - - [02/May/2017:21:13:13 -0400] "GET /zentao/js/jquery/form/zentao.js?v=9.1.2 HTTP/1.1" 200 1578 "http://192.168.21.6:81/zentao/bug-create-1-0-moduleID=0.html" "Mozilla/5.0 (Windows NT 6.1) AppleWebKit/537.36 (KHTML, like Gecko) Chrome/56.0.2924.87 Safari/537.36"
192.168.25.197 - - [02/May/2017:21:13:13 -0400] "GET /zentao/js/jquery/form/min.js?v=9.1.2 HTTP/1.1" 200 5590 "http://192.168.21.6:81/zentao/bug-create-1-0-moduleID=0.html" "Mozilla/5.0 (Windows NT 6.1) AppleWebKit/537.36 (KHTML, like Gecko) Chrome/56.0.2924.87 Safari/537.36"
192.168.25.197 - - [02/May/2017:21:13:13 -0400] "GET /zentao/js/kindeditor/themes/default/default.css HTTP/1.1" 200 3621 "http://192.168.21.6:81/zentao/bug-create-1-0-moduleID=0.html" "Mozilla/5.0 (Windows NT 6.1) AppleWebKit/537.36 (KHTML, like Gecko) Chrome/56.0.2924.87 Safari/537.36"
192.168.25.197 - - [02/May/2017:21:13:13 -0400] "GET /zentao/js/kindeditor/lang/zh_CN.js HTTP/1.1" 200 3125 "http://192.168.21.6:81/zentao/bug-create-1-0-moduleID=0.html" "Mozilla/5.0 (Windows NT 6.1) AppleWebKit/537.36 (KHTML, like Gecko) Chrome/56.0.2924.87 Safari/537.36"
192.168.25.197 - - [02/May/2017:21:13:13 -0400] "GET /zentao/js/kindeditor/kindeditor-min.js HTTP/1.1" 200 30614 "http://192.168.21.6:81/zentao/bug-create-1-0-moduleID=0.html" "Mozilla/5.0 (Windows NT 6.1) AppleWebKit/537.36 (KHTML, like Gecko) Chrome/56.0.2924.87 Safari/537.36"
192.168.25.197 - - [02/May/2017:21:13:13 -0400] "GET /zentao/js/kindeditor/themes/default/default.png HTTP/1.1" 200 6955 "http://192.168.21.6:81/zentao/js/kindeditor/themes/default/default.css" "Mozilla/5.0 (Windows NT 6.1) AppleWebKit/537.36 (KHTML, like Gecko) Chrome/56.0.2924.87 Safari/537.36"
192.168.25.197 - - [02/May/2017:21:13:13 -0400] "GET /zentao/theme/zui/css/min.css HTTP/1.1" 200 20765 "http://192.168.21.6:81/zentao/bug-create-1-0-moduleID=0.html" "Mozilla/5.0 (Windows NT 6.1) AppleWebKit/537.36 (KHTML, like Gecko) Chrome/56.0.2924.87 Safari/537.36"
192.168.25.197 - - [02/May/2017:21:13:14 -0400] "GET /zentao/bug-ajaxGetModuleOwner-0-1.html HTTP/1.1" 200 13 "http://192.168.21.6:81/zentao/bug-create-1-0-moduleID=0.html" "Mozilla/5.0 (Windows NT 6.1) AppleWebKit/537.36 (KHTML, like Gecko) Chrome/56.0.2924.87 Safari/537.36"
192.168.25.197 - - [02/May/2017:21:13:28 -0400] "GET /zentao/company/ HTTP/1.1" 302 - "http://192.168.21.6:81/zentao/bug-browse-1.html" "Mozilla/5.0 (Windows NT 6.1) AppleWebKit/537.36 (KHTML, like Gecko) Chrome/56.0.2924.87 Safari/537.36"
192.168.25.197 - - [02/May/2017:21:13:28 -0400] "GET /zentao/company-browse.html HTTP/1.1" 200 11311 "http://192.168.21.6:81/zentao/bug-browse-1.html" "Mozilla/5.0 (Windows NT 6.1) AppleWebKit/537.36 (KHTML, like Gecko) Chrome/56.0.2924.87 Safari/537.36"
192.168.25.197 - - [02/May/2017:21:13:30 -0400] "GET /zentao/company-dynamic.html HTTP/1.1" 200 5360 "http://192.168.21.6:81/zentao/company-browse.html" "Mozilla/5.0 (Windows NT 6.1) AppleWebKit/537.36 (KHTML, like Gecko) Chrome/56.0.2924.87 Safari/537.36"
192.168.25.197 - - [02/May/2017:21:13:35 -0400] "GET /zentao/admin/ HTTP/1.1" 200 4514 "http://192.168.21.6:81/zentao/company-dynamic.html" "Mozilla/5.0 (Windows NT 6.1) AppleWebKit/537.36 (KHTML, like Gecko) Chrome/56.0.2924.87 Safari/537.36"
192.168.25.197 - - [02/May/2017:21:13:58 -0400] "GET /zentao/cron/ HTTP/1.1" 200 4347 "http://192.168.21.6:81/zentao/admin/" "Mozilla/5.0 (Windows NT 6.1) AppleWebKit/537.36 (KHTML, like Gecko) Chrome/56.0.2924.87 Safari/537.36"
192.168.25.197 - - [02/May/2017:21:23:59 -0400] "GET /zentao/misc-ping.html HTTP/1.1" 200 88 "http://192.168.21.6:81/zentao/cron/" "Mozilla/5.0 (Windows NT 6.1) AppleWebKit/537.36 (KHTML, like Gecko) Chrome/56.0.2924.87 Safari/537.36"
192.168.25.180 - - [02/May/2017:22:54:04 -0400] "GET /zentao/product-browse-1.html HTTP/1.1" 200 166 "-" "Mozilla/5.0 (Windows NT 5.1; rv:52.0) Gecko/20100101 Firefox/52.0"
192.168.25.180 - - [02/May/2017:22:54:05 -0400] "GET /favicon.ico HTTP/1.1" 404 209 "-" "Mozilla/5.0 (Windows NT 5.1; rv:52.0) Gecko/20100101 Firefox/52.0"
192.168.25.180 - - [02/May/2017:22:54:05 -0400] "GET /zentao/user-login-L3plbnRhby9wcm9kdWN0LWJyb3dzZS0xLmh0bWw=.html HTTP/1.1" 200 2958 "http://192.168.21.6:81/zentao/product-browse-1.html" "Mozilla/5.0 (Windows NT 5.1; rv:52.0) Gecko/20100101 Firefox/52.0"
192.168.25.180 - - [02/May/2017:22:54:05 -0400] "GET /zentao/js/md5.js?v=9.1.2 HTTP/1.1" 200 2411 "http://192.168.21.6:81/zentao/user-login-L3plbnRhby9wcm9kdWN0LWJyb3dzZS0xLmh0bWw=.html" "Mozilla/5.0 (Windows NT 5.1; rv:52.0) Gecko/20100101 Firefox/52.0"
192.168.25.180 - - [02/May/2017:22:54:05 -0400] "GET /zentao/theme/default/zh-cn.default.css?v=9.1.2 HTTP/1.1" 200 32995 "http://192.168.21.6:81/zentao/user-login-L3plbnRhby9wcm9kdWN0LWJyb3dzZS0xLmh0bWw=.html" "Mozilla/5.0 (Windows NT 5.1; rv:52.0) Gecko/20100101 Firefox/52.0"
192.168.25.180 - - [02/May/2017:22:54:05 -0400] "GET /zentao/js/all.js?v=9.1.2 HTTP/1.1" 200 104385 "http://192.168.21.6:81/zentao/user-login-L3plbnRhby9wcm9kdWN0LWJyb3dzZS0xLmh0bWw=.html" "Mozilla/5.0 (Windows NT 5.1; rv:52.0) Gecko/20100101 Firefox/52.0"
192.168.25.180 - - [02/May/2017:22:54:05 -0400] "GET /zentao/favicon.ico HTTP/1.1" 200 9622 "-" "Mozilla/5.0 (Windows NT 5.1; rv:52.0) Gecko/20100101 Firefox/52.0"
192.168.25.180 - - [02/May/2017:22:54:05 -0400] "GET /zentao/theme/default/images/main/zt-logo.png HTTP/1.1" 200 4308 "http://192.168.21.6:81/zentao/user-login-L3plbnRhby9wcm9kdWN0LWJyb3dzZS0xLmh0bWw=.html" "Mozilla/5.0 (Windows NT 5.1; rv:52.0) Gecko/20100101 Firefox/52.0"
192.168.25.180 - - [02/May/2017:22:54:14 -0400] "POST /zentao/user-login-L3plbnRhby9wcm9kdWN0LWJyb3dzZS0xLmh0bWw=.html HTTP/1.1" 200 226 "http://192.168.21.6:81/zentao/user-login-L3plbnRhby9wcm9kdWN0LWJyb3dzZS0xLmh0bWw=.html" "Mozilla/5.0 (Windows NT 5.1; rv:52.0) Gecko/20100101 Firefox/52.0"
192.168.25.180 - - [02/May/2017:22:54:18 -0400] "POST /zentao/user-login-L3plbnRhby9wcm9kdWN0LWJyb3dzZS0xLmh0bWw=.html HTTP/1.1" 200 134 "http://192.168.21.6:81/zentao/user-login-L3plbnRhby9wcm9kdWN0LWJyb3dzZS0xLmh0bWw=.html" "Mozilla/5.0 (Windows NT 5.1; rv:52.0) Gecko/20100101 Firefox/52.0"
192.168.25.180 - - [02/May/2017:22:54:18 -0400] "GET /zentao/product-browse-1.html HTTP/1.1" 200 9350 "http://192.168.21.6:81/zentao/user-login-L3plbnRhby9wcm9kdWN0LWJyb3dzZS0xLmh0bWw=.html" "Mozilla/5.0 (Windows NT 5.1; rv:52.0) Gecko/20100101 Firefox/52.0"
192.168.25.180 - - [02/May/2017:22:54:19 -0400] "GET /zentao/theme/default/fonts/zenicon.woff?v=1.0.0 HTTP/1.1" 200 19416 "http://192.168.21.6:81/zentao/theme/default/zh-cn.default.css?v=9.1.2" "Mozilla/5.0 (Windows NT 5.1; rv:52.0) Gecko/20100101 Firefox/52.0"
192.168.25.180 - - [02/May/2017:22:54:19 -0400] "GET /zentao/theme/default/images/main/icon.png HTTP/1.1" 200 3466 "http://192.168.21.6:81/zentao/theme/default/zh-cn.default.css?v=9.1.2" "Mozilla/5.0 (Windows NT 5.1; rv:52.0) Gecko/20100101 Firefox/52.0"
192.168.25.180 - - [02/May/2017:22:54:19 -0400] "GET /zentao/theme/zui/fonts/zenicon.woff?v=1.0.0 HTTP/1.1" 200 82784 "http://192.168.21.6:81/zentao/theme/default/zh-cn.default.css?v=9.1.2" "Mozilla/5.0 (Windows NT 5.1; rv:52.0) Gecko/20100101 Firefox/52.0"
192.168.25.180 - - [02/May/2017:22:54:30 -0400] "GET /zentao/story-view-1.html HTTP/1.1" 200 9918 "http://192.168.21.6:81/zentao/product-browse-1.html" "Mozilla/5.0 (Windows NT 5.1; rv:52.0) Gecko/20100101 Firefox/52.0"
192.168.25.180 - - [02/May/2017:22:54:31 -0400] "GET /zentao/js/kindeditor/themes/default/default.css HTTP/1.1" 200 3621 "http://192.168.21.6:81/zentao/story-view-1.html" "Mozilla/5.0 (Windows NT 5.1; rv:52.0) Gecko/20100101 Firefox/52.0"
192.168.25.180 - - [02/May/2017:22:54:31 -0400] "GET /zentao/js/jquery/reverseorder/raw.js HTTP/1.1" 200 450 "http://192.168.21.6:81/zentao/story-view-1.html" "Mozilla/5.0 (Windows NT 5.1; rv:52.0) Gecko/20100101 Firefox/52.0"
192.168.25.180 - - [02/May/2017:22:54:31 -0400] "GET /zentao/js/jquery/syntaxhighlighter/scripts/shCore.js HTTP/1.1" 200 8449 "http://192.168.21.6:81/zentao/story-view-1.html" "Mozilla/5.0 (Windows NT 5.1; rv:52.0) Gecko/20100101 Firefox/52.0"
192.168.25.180 - - [02/May/2017:22:54:31 -0400] "GET /zentao/js/jquery/syntaxhighlighter/scripts/shAutoloader.js HTTP/1.1" 200 896 "http://192.168.21.6:81/zentao/story-view-1.html" "Mozilla/5.0 (Windows NT 5.1; rv:52.0) Gecko/20100101 Firefox/52.0"
192.168.25.180 - - [02/May/2017:22:54:31 -0400] "GET /zentao/js/kindeditor/kindeditor-min.js HTTP/1.1" 200 30614 "http://192.168.21.6:81/zentao/story-view-1.html" "Mozilla/5.0 (Windows NT 5.1; rv:52.0) Gecko/20100101 Firefox/52.0"
192.168.25.180 - - [02/May/2017:22:54:31 -0400] "GET /zentao/js/kindeditor/lang/zh_CN.js HTTP/1.1" 200 3125 "http://192.168.21.6:81/zentao/story-view-1.html" "Mozilla/5.0 (Windows NT 5.1; rv:52.0) Gecko/20100101 Firefox/52.0"
192.168.25.180 - - [02/May/2017:22:54:31 -0400] "GET /zentao/js/jquery/syntaxhighlighter/styles/shCore.css HTTP/1.1" 200 1300 "http://192.168.21.6:81/zentao/story-view-1.html" "Mozilla/5.0 (Windows NT 5.1; rv:52.0) Gecko/20100101 Firefox/52.0"
192.168.25.180 - - [02/May/2017:22:54:31 -0400] "GET /zentao/js/jquery/syntaxhighlighter/styles/shThemeDefault.css HTTP/1.1" 200 668 "http://192.168.21.6:81/zentao/story-view-1.html" "Mozilla/5.0 (Windows NT 5.1; rv:52.0) Gecko/20100101 Firefox/52.0"
192.168.25.180 - - [02/May/2017:22:54:31 -0400] "GET /zentao/theme/zui/css/min.css HTTP/1.1" 200 20765 "http://192.168.21.6:81/zentao/story-view-1.html" "Mozilla/5.0 (Windows NT 5.1; rv:52.0) Gecko/20100101 Firefox/52.0"
192.168.25.180 - - [02/May/2017:22:54:49 -0400] "GET /zentao/my/ HTTP/1.1" 200 3037 "http://192.168.21.6:81/zentao/story-view-1.html" "Mozilla/5.0 (Windows NT 5.1; rv:52.0) Gecko/20100101 Firefox/52.0"
192.168.25.180 - - [02/May/2017:22:54:49 -0400] "GET /zentao/theme/default/index.css?v=9.1.2 HTTP/1.1" 200 - "http://192.168.21.6:81/zentao/my/" "Mozilla/5.0 (Windows NT 5.1; rv:52.0) Gecko/20100101 Firefox/52.0"
192.168.25.180 - - [02/May/2017:22:54:50 -0400] "GET /zentao/my/ HTTP/1.1" 200 8600 "http://192.168.21.6:81/zentao/story-view-1.html" "Mozilla/5.0 (Windows NT 5.1; rv:52.0) Gecko/20100101 Firefox/52.0"
192.168.25.180 - - [02/May/2017:22:54:50 -0400] "GET /zentao/js/jquery/tablesorter/min.js?v=9.1.2 HTTP/1.1" 200 11028 "http://192.168.21.6:81/zentao/my/" "Mozilla/5.0 (Windows NT 5.1; rv:52.0) Gecko/20100101 Firefox/52.0"
192.168.25.180 - - [02/May/2017:22:54:50 -0400] "GET /zentao/js/jquery/tablesorter/metadata.js?v=9.1.2 HTTP/1.1" 200 1522 "http://192.168.21.6:81/zentao/my/" "Mozilla/5.0 (Windows NT 5.1; rv:52.0) Gecko/20100101 Firefox/52.0"
192.168.25.180 - - [02/May/2017:22:54:50 -0400] "GET /zentao/theme/default/index.css?v=9.1.2 HTTP/1.1" 200 - "http://192.168.21.6:81/zentao/my/" "Mozilla/5.0 (Windows NT 5.1; rv:52.0) Gecko/20100101 Firefox/52.0"
192.168.25.180 - - [02/May/2017:22:54:50 -0400] "GET /zentao/theme/default/zh-cn.default.css?v=9.1.2 HTTP/1.1" 200 32995 "http://192.168.21.6:81/zentao/my/" "Mozilla/5.0 (Windows NT 5.1; rv:52.0) Gecko/20100101 Firefox/52.0"
192.168.25.180 - - [02/May/2017:22:54:50 -0400] "GET /zentao/js/all.js?v=9.1.2 HTTP/1.1" 200 104385 "http://192.168.21.6:81/zentao/my/" "Mozilla/5.0 (Windows NT 5.1; rv:52.0) Gecko/20100101 Firefox/52.0"
192.168.25.180 - - [02/May/2017:22:54:50 -0400] "GET /zentao/theme/default/fonts/zenicon.woff?v=1.0.0 HTTP/1.1" 200 19416 "http://192.168.21.6:81/zentao/theme/default/zh-cn.default.css?v=9.1.2" "Mozilla/5.0 (Windows NT 5.1; rv:52.0) Gecko/20100101 Firefox/52.0"
192.168.25.180 - - [02/May/2017:22:54:50 -0400] "GET /zentao/theme/zui/fonts/zenicon.woff?v=1.0.0 HTTP/1.1" 200 82784 "http://192.168.21.6:81/zentao/theme/default/zh-cn.default.css?v=9.1.2" "Mozilla/5.0 (Windows NT 5.1; rv:52.0) Gecko/20100101 Firefox/52.0"
192.168.25.180 - - [02/May/2017:22:54:50 -0400] "GET /zentao/theme/default/images/main/icon.png HTTP/1.1" 200 3466 "http://192.168.21.6:81/zentao/theme/default/zh-cn.default.css?v=9.1.2" "Mozilla/5.0 (Windows NT 5.1; rv:52.0) Gecko/20100101 Firefox/52.0"
192.168.25.180 - - [02/May/2017:22:54:50 -0400] "GET /zentao/block-printBlock-52-my.html HTTP/1.1" 200 966 "http://192.168.21.6:81/zentao/my/" "Mozilla/5.0 (Windows NT 5.1; rv:52.0) Gecko/20100101 Firefox/52.0"
192.168.25.180 - - [02/May/2017:22:54:50 -0400] "GET /zentao/block-printBlock-55-my.html HTTP/1.1" 200 224 "http://192.168.21.6:81/zentao/my/" "Mozilla/5.0 (Windows NT 5.1; rv:52.0) Gecko/20100101 Firefox/52.0"
192.168.25.180 - - [02/May/2017:22:54:50 -0400] "GET /zentao/block-printBlock-54-my.html HTTP/1.1" 200 1774 "http://192.168.21.6:81/zentao/my/" "Mozilla/5.0 (Windows NT 5.1; rv:52.0) Gecko/20100101 Firefox/52.0"
192.168.25.180 - - [02/May/2017:22:54:50 -0400] "GET /zentao/block-printBlock-56-my.html HTTP/1.1" 200 420 "http://192.168.21.6:81/zentao/my/" "Mozilla/5.0 (Windows NT 5.1; rv:52.0) Gecko/20100101 Firefox/52.0"
192.168.25.180 - - [02/May/2017:22:54:50 -0400] "GET /zentao/block-printBlock-53-my.html HTTP/1.1" 200 249 "http://192.168.21.6:81/zentao/my/" "Mozilla/5.0 (Windows NT 5.1; rv:52.0) Gecko/20100101 Firefox/52.0"
192.168.25.180 - - [02/May/2017:22:54:50 -0400] "GET /zentao/block-printBlock-57-my.html HTTP/1.1" 200 312 "http://192.168.21.6:81/zentao/my/" "Mozilla/5.0 (Windows NT 5.1; rv:52.0) Gecko/20100101 Firefox/52.0"
192.168.25.180 - - [02/May/2017:22:54:50 -0400] "GET /zentao/block-printBlock-58-my.html HTTP/1.1" 200 219 "http://192.168.21.6:81/zentao/my/" "Mozilla/5.0 (Windows NT 5.1; rv:52.0) Gecko/20100101 Firefox/52.0"
192.168.25.180 - - [02/May/2017:22:54:50 -0400] "GET /zentao/theme/default/images/main/green.png HTTP/1.1" 200 2733 "http://192.168.21.6:81/zentao/my/" "Mozilla/5.0 (Windows NT 5.1; rv:52.0) Gecko/20100101 Firefox/52.0"
192.168.25.180 - - [02/May/2017:22:54:50 -0400] "GET /zentao/block-printBlock-59-my.html HTTP/1.1" 200 239 "http://192.168.21.6:81/zentao/my/" "Mozilla/5.0 (Windows NT 5.1; rv:52.0) Gecko/20100101 Firefox/52.0"
192.168.25.180 - - [02/May/2017:22:54:50 -0400] "GET /zentao/block-printBlock-60-my.html HTTP/1.1" 200 253 "http://192.168.21.6:81/zentao/my/" "Mozilla/5.0 (Windows NT 5.1; rv:52.0) Gecko/20100101 Firefox/52.0"
192.168.25.180 - - [02/May/2017:22:54:51 -0400] "GET /zentao/js/chartjs/chart.line.min.js?v=9.1.2&_=1493780089126 HTTP/1.1" 200 2918 "http://192.168.21.6:81/zentao/my/" "Mozilla/5.0 (Windows NT 5.1; rv:52.0) Gecko/20100101 Firefox/52.0"
192.168.25.180 - - [02/May/2017:23:04:50 -0400] "GET /zentao/misc-ping.html HTTP/1.1" 200 88 "http://192.168.21.6:81/zentao/my/" "Mozilla/5.0 (Windows NT 5.1; rv:52.0) Gecko/20100101 Firefox/52.0"
192.168.25.180 - - [02/May/2017:23:14:51 -0400] "GET /zentao/misc-ping.html HTTP/1.1" 200 88 "-" "Mozilla/5.0 (Windows NT 5.1; rv:52.0) Gecko/20100101 Firefox/52.0"
192.168.25.180 - - [02/May/2017:23:24:51 -0400] "GET /zentao/misc-ping.html HTTP/1.1" 200 88 "-" "Mozilla/5.0 (Windows NT 5.1; rv:52.0) Gecko/20100101 Firefox/52.0"
192.168.25.197 - - [02/May/2017:23:29:28 -0400] "GET /zentao/product/ HTTP/1.1" 200 7495 "http://192.168.21.6:81/zentao/cron/" "Mozilla/5.0 (Windows NT 6.1) AppleWebKit/537.36 (KHTML, like Gecko) Chrome/56.0.2924.87 Safari/537.36"
192.168.25.197 - - [02/May/2017:23:29:28 -0400] "GET /zentao/block-printBlock-47-product.html HTTP/1.1" 200 420 "http://192.168.21.6:81/zentao/product/" "Mozilla/5.0 (Windows NT 6.1) AppleWebKit/537.36 (KHTML, like Gecko) Chrome/56.0.2924.87 Safari/537.36"
192.168.25.197 - - [02/May/2017:23:29:28 -0400] "GET /zentao/block-printBlock-48-product.html HTTP/1.1" 200 505 "http://192.168.21.6:81/zentao/product/" "Mozilla/5.0 (Windows NT 6.1) AppleWebKit/537.36 (KHTML, like Gecko) Chrome/56.0.2924.87 Safari/537.36"
192.168.25.197 - - [02/May/2017:23:29:31 -0400] "GET /zentao/product-view-1.html HTTP/1.1" 200 6231 "http://192.168.21.6:81/zentao/product/" "Mozilla/5.0 (Windows NT 6.1) AppleWebKit/537.36 (KHTML, like Gecko) Chrome/56.0.2924.87 Safari/537.36"
192.168.25.197 - - [02/May/2017:23:29:31 -0400] "GET /zentao/js/jquery/reverseorder/raw.js HTTP/1.1" 200 450 "http://192.168.21.6:81/zentao/product-view-1.html" "Mozilla/5.0 (Windows NT 6.1) AppleWebKit/537.36 (KHTML, like Gecko) Chrome/56.0.2924.87 Safari/537.36"
192.168.25.180 - - [02/May/2017:23:34:52 -0400] "GET /zentao/misc-ping.html HTTP/1.1" 200 88 "-" "Mozilla/5.0 (Windows NT 5.1; rv:52.0) Gecko/20100101 Firefox/52.0"
192.168.25.197 - - [02/May/2017:23:39:32 -0400] "GET /zentao/misc-ping.html HTTP/1.1" 200 88 "http://192.168.21.6:81/zentao/product-view-1.html" "Mozilla/5.0 (Windows NT 6.1) AppleWebKit/537.36 (KHTML, like Gecko) Chrome/56.0.2924.87 Safari/537.36"
192.168.25.180 - - [02/May/2017:23:44:53 -0400] "GET /zentao/misc-ping.html HTTP/1.1" 200 88 "-" "Mozilla/5.0 (Windows NT 5.1; rv:52.0) Gecko/20100101 Firefox/52.0"
192.168.25.197 - - [02/May/2017:23:49:33 -0400] "GET /zentao/misc-ping.html HTTP/1.1" 200 88 "http://192.168.21.6:81/zentao/misc-ping.html" "Mozilla/5.0 (Windows NT 6.1) AppleWebKit/537.36 (KHTML, like Gecko) Chrome/56.0.2924.87 Safari/537.36"
192.168.25.180 - - [02/May/2017:23:54:53 -0400] "GET /zentao/misc-ping.html HTTP/1.1" 200 88 "-" "Mozilla/5.0 (Windows NT 5.1; rv:52.0) Gecko/20100101 Firefox/52.0"
192.168.25.197 - - [02/May/2017:23:59:33 -0400] "GET /zentao/misc-ping.html HTTP/1.1" 200 88 "http://192.168.21.6:81/zentao/misc-ping.html" "Mozilla/5.0 (Windows NT 6.1) AppleWebKit/537.36 (KHTML, like Gecko) Chrome/56.0.2924.87 Safari/537.36"
192.168.25.180 - - [03/May/2017:00:04:54 -0400] "GET /zentao/misc-ping.html HTTP/1.1" 200 88 "-" "Mozilla/5.0 (Windows NT 5.1; rv:52.0) Gecko/20100101 Firefox/52.0"
192.168.25.197 - - [03/May/2017:00:09:33 -0400] "GET /zentao/misc-ping.html HTTP/1.1" 200 88 "http://192.168.21.6:81/zentao/misc-ping.html" "Mozilla/5.0 (Windows NT 6.1) AppleWebKit/537.36 (KHTML, like Gecko) Chrome/56.0.2924.87 Safari/537.36"
192.168.25.180 - - [03/May/2017:00:14:54 -0400] "GET /zentao/misc-ping.html HTTP/1.1" 200 88 "-" "Mozilla/5.0 (Windows NT 5.1; rv:52.0) Gecko/20100101 Firefox/52.0"
192.168.25.197 - - [03/May/2017:00:19:33 -0400] "GET /zentao/misc-ping.html HTTP/1.1" 200 88 "http://192.168.21.6:81/zentao/misc-ping.html" "Mozilla/5.0 (Windows NT 6.1) AppleWebKit/537.36 (KHTML, like Gecko) Chrome/56.0.2924.87 Safari/537.36"
192.168.25.180 - - [03/May/2017:00:24:54 -0400] "GET /zentao/misc-ping.html HTTP/1.1" 200 88 "-" "Mozilla/5.0 (Windows NT 5.1; rv:52.0) Gecko/20100101 Firefox/52.0"
192.168.25.197 - - [03/May/2017:00:29:34 -0400] "GET /zentao/misc-ping.html HTTP/1.1" 200 88 "http://192.168.21.6:81/zentao/misc-ping.html" "Mozilla/5.0 (Windows NT 6.1) AppleWebKit/537.36 (KHTML, like Gecko) Chrome/56.0.2924.87 Safari/537.36"
192.168.25.180 - - [03/May/2017:00:34:55 -0400] "GET /zentao/misc-ping.html HTTP/1.1" 200 88 "-" "Mozilla/5.0 (Windows NT 5.1; rv:52.0) Gecko/20100101 Firefox/52.0"
192.168.25.197 - - [03/May/2017:00:39:34 -0400] "GET /zentao/misc-ping.html HTTP/1.1" 200 88 "http://192.168.21.6:81/zentao/misc-ping.html" "Mozilla/5.0 (Windows NT 6.1) AppleWebKit/537.36 (KHTML, like Gecko) Chrome/56.0.2924.87 Safari/537.36"
192.168.25.180 - - [03/May/2017:00:44:55 -0400] "GET /zentao/misc-ping.html HTTP/1.1" 200 88 "-" "Mozilla/5.0 (Windows NT 5.1; rv:52.0) Gecko/20100101 Firefox/52.0"
192.168.25.197 - - [03/May/2017:00:49:34 -0400] "GET /zentao/misc-ping.html HTTP/1.1" 200 88 "http://192.168.21.6:81/zentao/misc-ping.html" "Mozilla/5.0 (Windows NT 6.1) AppleWebKit/537.36 (KHTML, like Gecko) Chrome/56.0.2924.87 Safari/537.36"
192.168.25.180 - - [03/May/2017:00:54:56 -0400] "GET /zentao/misc-ping.html HTTP/1.1" 200 88 "-" "Mozilla/5.0 (Windows NT 5.1; rv:52.0) Gecko/20100101 Firefox/52.0"
192.168.25.197 - - [03/May/2017:00:59:34 -0400] "GET /zentao/misc-ping.html HTTP/1.1" 200 88 "http://192.168.21.6:81/zentao/misc-ping.html" "Mozilla/5.0 (Windows NT 6.1) AppleWebKit/537.36 (KHTML, like Gecko) Chrome/56.0.2924.87 Safari/537.36"
192.168.25.180 - - [03/May/2017:01:04:56 -0400] "GET /zentao/misc-ping.html HTTP/1.1" 200 88 "-" "Mozilla/5.0 (Windows NT 5.1; rv:52.0) Gecko/20100101 Firefox/52.0"
192.168.25.197 - - [03/May/2017:01:09:35 -0400] "GET /zentao/misc-ping.html HTTP/1.1" 200 88 "http://192.168.21.6:81/zentao/misc-ping.html" "Mozilla/5.0 (Windows NT 6.1) AppleWebKit/537.36 (KHTML, like Gecko) Chrome/56.0.2924.87 Safari/537.36"
192.168.25.180 - - [03/May/2017:01:14:57 -0400] "GET /zentao/misc-ping.html HTTP/1.1" 200 88 "-" "Mozilla/5.0 (Windows NT 5.1; rv:52.0) Gecko/20100101 Firefox/52.0"
192.168.25.197 - - [03/May/2017:01:19:35 -0400] "GET /zentao/misc-ping.html HTTP/1.1" 200 88 "http://192.168.21.6:81/zentao/misc-ping.html" "Mozilla/5.0 (Windows NT 6.1) AppleWebKit/537.36 (KHTML, like Gecko) Chrome/56.0.2924.87 Safari/537.36"
192.168.25.180 - - [03/May/2017:01:24:57 -0400] "GET /zentao/misc-ping.html HTTP/1.1" 200 88 "-" "Mozilla/5.0 (Windows NT 5.1; rv:52.0) Gecko/20100101 Firefox/52.0"
192.168.25.197 - - [03/May/2017:01:29:35 -0400] "GET /zentao/misc-ping.html HTTP/1.1" 200 88 "http://192.168.21.6:81/zentao/misc-ping.html" "Mozilla/5.0 (Windows NT 6.1) AppleWebKit/537.36 (KHTML, like Gecko) Chrome/56.0.2924.87 Safari/537.36"
192.168.25.180 - - [03/May/2017:01:34:58 -0400] "GET /zentao/misc-ping.html HTTP/1.1" 200 88 "-" "Mozilla/5.0 (Windows NT 5.1; rv:52.0) Gecko/20100101 Firefox/52.0"
192.168.25.197 - - [03/May/2017:01:39:35 -0400] "GET /zentao/misc-ping.html HTTP/1.1" 200 88 "http://192.168.21.6:81/zentao/misc-ping.html" "Mozilla/5.0 (Windows NT 6.1) AppleWebKit/537.36 (KHTML, like Gecko) Chrome/56.0.2924.87 Safari/537.36"
