192.168.25.200 - - [16/Jan/2002:00:40:38 -0500] "GET /zentao/theme/default/images/main/icon.png HTTP/1.1" 200 3466 "http://192.168.21.6:81/zentao/theme/default/zh-cn.default.css?v=9.1.2" "Mozilla/5.0 (Windows NT 6.1) AppleWebKit/537.36 (KHTML, like Gecko) Chrome/56.0.2924.87 Safari/537.36"
192.168.25.200 - - [16/Jan/2002:00:40:38 -0500] "GET /zentao/theme/zui/fonts/zenicon.woff?v=1.0.0 HTTP/1.1" 200 82784 "http://192.168.21.6:81/zentao/theme/default/zh-cn.default.css?v=9.1.2" "Mozilla/5.0 (Windows NT 6.1) AppleWebKit/537.36 (KHTML, like Gecko) Chrome/56.0.2924.87 Safari/537.36"
192.168.25.200 - - [16/Jan/2002:00:41:08 -0500] "GET /zentao/group-managePriv-byModule.html?onlybody=yes HTTP/1.1" 200 10092 "http://192.168.21.6:81/zentao/group-browse.html" "Mozilla/5.0 (Windows NT 6.1) AppleWebKit/537.36 (KHTML, like Gecko) Chrome/56.0.2924.87 Safari/537.36"
192.168.25.200 - - [16/Jan/2002:00:41:09 -0500] "GET /zentao/theme/default/zh-cn.default.css?v=9.1.2 HTTP/1.1" 200 32995 "http://192.168.21.6:81/zentao/group-managePriv-byModule.html?onlybody=yes" "Mozilla/5.0 (Windows NT 6.1) AppleWebKit/537.36 (KHTML, like Gecko) Chrome/56.0.2924.87 Safari/537.36"
192.168.25.200 - - [16/Jan/2002:00:41:09 -0500] "GET /zentao/js/all.js?v=9.1.2 HTTP/1.1" 200 104385 "http://192.168.21.6:81/zentao/group-managePriv-byModule.html?onlybody=yes" "Mozilla/5.0 (Windows NT 6.1) AppleWebKit/537.36 (KHTML, like Gecko) Chrome/56.0.2924.87 Safari/537.36"
192.168.25.200 - - [16/Jan/2002:00:41:10 -0500] "GET /zentao/theme/default/fonts/zenicon.woff?v=1.0.0 HTTP/1.1" 200 19416 "http://192.168.21.6:81/zentao/theme/default/zh-cn.default.css?v=9.1.2" "Mozilla/5.0 (Windows NT 6.1) AppleWebKit/537.36 (KHTML, like Gecko) Chrome/56.0.2924.87 Safari/537.36"
192.168.25.200 - - [16/Jan/2002:00:41:19 -0500] "GET /zentao/dept-browse.html HTTP/1.1" 200 5025 "http://192.168.21.6:81/zentao/group-browse.html" "Mozilla/5.0 (Windows NT 6.1) AppleWebKit/537.36 (KHTML, like Gecko) Chrome/56.0.2924.87 Safari/537.36"
192.168.25.200 - - [16/Jan/2002:00:41:19 -0500] "GET /zentao/theme/default/zh-cn.default.css?v=9.1.2 HTTP/1.1" 200 32995 "http://192.168.21.6:81/zentao/dept-browse.html" "Mozilla/5.0 (Windows NT 6.1) AppleWebKit/537.36 (KHTML, like Gecko) Chrome/56.0.2924.87 Safari/537.36"
192.168.25.200 - - [16/Jan/2002:00:41:19 -0500] "GET /zentao/js/all.js?v=9.1.2 HTTP/1.1" 200 104385 "http://192.168.21.6:81/zentao/dept-browse.html" "Mozilla/5.0 (Windows NT 6.1) AppleWebKit/537.36 (KHTML, like Gecko) Chrome/56.0.2924.87 Safari/537.36"
192.168.25.200 - - [16/Jan/2002:00:41:19 -0500] "GET /zentao/theme/default/fonts/zenicon.woff?v=1.0.0 HTTP/1.1" 200 19416 "http://192.168.21.6:81/zentao/theme/default/zh-cn.default.css?v=9.1.2" "Mozilla/5.0 (Windows NT 6.1) AppleWebKit/537.36 (KHTML, like Gecko) Chrome/56.0.2924.87 Safari/537.36"
192.168.25.200 - - [16/Jan/2002:00:41:20 -0500] "GET /zentao/theme/default/images/main/icon.png HTTP/1.1" 200 3466 "http://192.168.21.6:81/zentao/theme/default/zh-cn.default.css?v=9.1.2" "Mozilla/5.0 (Windows NT 6.1) AppleWebKit/537.36 (KHTML, like Gecko) Chrome/56.0.2924.87 Safari/537.36"
192.168.25.200 - - [16/Jan/2002:00:41:20 -0500] "GET /zentao/theme/zui/fonts/zenicon.woff?v=1.0.0 HTTP/1.1" 200 82784 "http://192.168.21.6:81/zentao/theme/default/zh-cn.default.css?v=9.1.2" "Mozilla/5.0 (Windows NT 6.1) AppleWebKit/537.36 (KHTML, like Gecko) Chrome/56.0.2924.87 Safari/537.36"
192.168.25.200 - - [16/Jan/2002:00:41:24 -0500] "GET /zentao/company-browse.html HTTP/1.1" 200 11236 "http://192.168.21.6:81/zentao/dept-browse.html" "Mozilla/5.0 (Windows NT 6.1) AppleWebKit/537.36 (KHTML, like Gecko) Chrome/56.0.2924.87 Safari/537.36"
192.168.25.200 - - [16/Jan/2002:00:41:25 -0500] "GET /zentao/theme/default/zh-cn.default.css?v=9.1.2 HTTP/1.1" 200 32995 "http://192.168.21.6:81/zentao/company-browse.html" "Mozilla/5.0 (Windows NT 6.1) AppleWebKit/537.36 (KHTML, like Gecko) Chrome/56.0.2924.87 Safari/537.36"
192.168.25.200 - - [16/Jan/2002:00:41:25 -0500] "GET /zentao/js/all.js?v=9.1.2 HTTP/1.1" 200 104385 "http://192.168.21.6:81/zentao/company-browse.html" "Mozilla/5.0 (Windows NT 6.1) AppleWebKit/537.36 (KHTML, like Gecko) Chrome/56.0.2924.87 Safari/537.36"
192.168.25.200 - - [16/Jan/2002:00:41:25 -0500] "GET /zentao/theme/default/fonts/zenicon.woff?v=1.0.0 HTTP/1.1" 200 19416 "http://192.168.21.6:81/zentao/theme/default/zh-cn.default.css?v=9.1.2" "Mozilla/5.0 (Windows NT 6.1) AppleWebKit/537.36 (KHTML, like Gecko) Chrome/56.0.2924.87 Safari/537.36"
192.168.25.200 - - [16/Jan/2002:00:41:25 -0500] "GET /zentao/theme/default/images/main/icon.png HTTP/1.1" 200 3466 "http://192.168.21.6:81/zentao/theme/default/zh-cn.default.css?v=9.1.2" "Mozilla/5.0 (Windows NT 6.1) AppleWebKit/537.36 (KHTML, like Gecko) Chrome/56.0.2924.87 Safari/537.36"
192.168.25.200 - - [16/Jan/2002:00:41:25 -0500] "GET /zentao/theme/zui/fonts/zenicon.woff?v=1.0.0 HTTP/1.1" 200 82784 "http://192.168.21.6:81/zentao/theme/default/zh-cn.default.css?v=9.1.2" "Mozilla/5.0 (Windows NT 6.1) AppleWebKit/537.36 (KHTML, like Gecko) Chrome/56.0.2924.87 Safari/537.36"
192.168.25.200 - - [16/Jan/2002:00:41:28 -0500] "GET /zentao/user-view-constine_yang.html HTTP/1.1" 302 - "http://192.168.21.6:81/zentao/company-browse.html" "Mozilla/5.0 (Windows NT 6.1) AppleWebKit/537.36 (KHTML, like Gecko) Chrome/56.0.2924.87 Safari/537.36"
192.168.25.200 - - [16/Jan/2002:00:41:28 -0500] "GET /zentao/user-todo-constine_yang.html HTTP/1.1" 200 6059 "http://192.168.21.6:81/zentao/company-browse.html" "Mozilla/5.0 (Windows NT 6.1) AppleWebKit/537.36 (KHTML, like Gecko) Chrome/56.0.2924.87 Safari/537.36"
192.168.25.200 - - [16/Jan/2002:00:41:28 -0500] "GET /zentao/theme/default/zh-cn.default.css?v=9.1.2 HTTP/1.1" 200 32995 "http://192.168.21.6:81/zentao/user-todo-constine_yang.html" "Mozilla/5.0 (Windows NT 6.1) AppleWebKit/537.36 (KHTML, like Gecko) Chrome/56.0.2924.87 Safari/537.36"
192.168.25.200 - - [16/Jan/2002:00:41:28 -0500] "GET /zentao/js/all.js?v=9.1.2 HTTP/1.1" 200 104385 "http://192.168.21.6:81/zentao/user-todo-constine_yang.html" "Mozilla/5.0 (Windows NT 6.1) AppleWebKit/537.36 (KHTML, like Gecko) Chrome/56.0.2924.87 Safari/537.36"
192.168.25.200 - - [16/Jan/2002:00:41:29 -0500] "GET /zentao/theme/default/fonts/zenicon.woff?v=1.0.0 HTTP/1.1" 200 19416 "http://192.168.21.6:81/zentao/theme/default/zh-cn.default.css?v=9.1.2" "Mozilla/5.0 (Windows NT 6.1) AppleWebKit/537.36 (KHTML, like Gecko) Chrome/56.0.2924.87 Safari/537.36"
192.168.25.200 - - [16/Jan/2002:00:41:29 -0500] "GET /zentao/theme/default/images/main/icon.png HTTP/1.1" 200 3466 "http://192.168.21.6:81/zentao/theme/default/zh-cn.default.css?v=9.1.2" "Mozilla/5.0 (Windows NT 6.1) AppleWebKit/537.36 (KHTML, like Gecko) Chrome/56.0.2924.87 Safari/537.36"
192.168.25.200 - - [16/Jan/2002:00:41:29 -0500] "GET /zentao/theme/zui/fonts/zenicon.woff?v=1.0.0 HTTP/1.1" 200 82784 "http://192.168.21.6:81/zentao/theme/default/zh-cn.default.css?v=9.1.2" "Mozilla/5.0 (Windows NT 6.1) AppleWebKit/537.36 (KHTML, like Gecko) Chrome/56.0.2924.87 Safari/537.36"
192.168.25.200 - - [16/Jan/2002:00:42:23 -0500] "GET /zentao/user-project-constine_yang.html HTTP/1.1" 200 4798 "http://192.168.21.6:81/zentao/user-todo-constine_yang.html" "Mozilla/5.0 (Windows NT 6.1) AppleWebKit/537.36 (KHTML, like Gecko) Chrome/56.0.2924.87 Safari/537.36"
192.168.25.200 - - [16/Jan/2002:00:42:24 -0500] "GET /zentao/js/jquery/tablesorter/metadata.js?v=9.1.2 HTTP/1.1" 200 1522 "http://192.168.21.6:81/zentao/user-project-constine_yang.html" "Mozilla/5.0 (Windows NT 6.1) AppleWebKit/537.36 (KHTML, like Gecko) Chrome/56.0.2924.87 Safari/537.36"
192.168.25.200 - - [16/Jan/2002:00:42:24 -0500] "GET /zentao/js/jquery/tablesorter/min.js?v=9.1.2 HTTP/1.1" 200 11028 "http://192.168.21.6:81/zentao/user-project-constine_yang.html" "Mozilla/5.0 (Windows NT 6.1) AppleWebKit/537.36 (KHTML, like Gecko) Chrome/56.0.2924.87 Safari/537.36"
192.168.25.200 - - [16/Jan/2002:00:42:24 -0500] "GET /zentao/theme/default/zh-cn.default.css?v=9.1.2 HTTP/1.1" 200 32995 "http://192.168.21.6:81/zentao/user-project-constine_yang.html" "Mozilla/5.0 (Windows NT 6.1) AppleWebKit/537.36 (KHTML, like Gecko) Chrome/56.0.2924.87 Safari/537.36"
192.168.25.200 - - [16/Jan/2002:00:42:24 -0500] "GET /zentao/js/all.js?v=9.1.2 HTTP/1.1" 200 104385 "http://192.168.21.6:81/zentao/user-project-constine_yang.html" "Mozilla/5.0 (Windows NT 6.1) AppleWebKit/537.36 (KHTML, like Gecko) Chrome/56.0.2924.87 Safari/537.36"
192.168.25.200 - - [16/Jan/2002:00:42:24 -0500] "GET /zentao/theme/default/fonts/zenicon.woff?v=1.0.0 HTTP/1.1" 200 19416 "http://192.168.21.6:81/zentao/theme/default/zh-cn.default.css?v=9.1.2" "Mozilla/5.0 (Windows NT 6.1) AppleWebKit/537.36 (KHTML, like Gecko) Chrome/56.0.2924.87 Safari/537.36"
192.168.25.200 - - [16/Jan/2002:00:42:24 -0500] "GET /zentao/theme/default/images/main/icon.png HTTP/1.1" 200 3466 "http://192.168.21.6:81/zentao/theme/default/zh-cn.default.css?v=9.1.2" "Mozilla/5.0 (Windows NT 6.1) AppleWebKit/537.36 (KHTML, like Gecko) Chrome/56.0.2924.87 Safari/537.36"
192.168.25.200 - - [16/Jan/2002:00:42:24 -0500] "GET /zentao/theme/zui/fonts/zenicon.woff?v=1.0.0 HTTP/1.1" 200 82784 "http://192.168.21.6:81/zentao/theme/default/zh-cn.default.css?v=9.1.2" "Mozilla/5.0 (Windows NT 6.1) AppleWebKit/537.36 (KHTML, like Gecko) Chrome/56.0.2924.87 Safari/537.36"
192.168.25.200 - - [16/Jan/2002:00:42:25 -0500] "GET /zentao/user-profile-constine_yang.html HTTP/1.1" 200 5140 "http://192.168.21.6:81/zentao/user-project-constine_yang.html" "Mozilla/5.0 (Windows NT 6.1) AppleWebKit/537.36 (KHTML, like Gecko) Chrome/56.0.2924.87 Safari/537.36"
192.168.25.200 - - [16/Jan/2002:00:42:25 -0500] "GET /zentao/js/jquery/tablesorter/metadata.js?v=9.1.2 HTTP/1.1" 200 1522 "http://192.168.21.6:81/zentao/user-profile-constine_yang.html" "Mozilla/5.0 (Windows NT 6.1) AppleWebKit/537.36 (KHTML, like Gecko) Chrome/56.0.2924.87 Safari/537.36"
192.168.25.200 - - [16/Jan/2002:00:42:25 -0500] "GET /zentao/js/jquery/tablesorter/min.js?v=9.1.2 HTTP/1.1" 200 11028 "http://192.168.21.6:81/zentao/user-profile-constine_yang.html" "Mozilla/5.0 (Windows NT 6.1) AppleWebKit/537.36 (KHTML, like Gecko) Chrome/56.0.2924.87 Safari/537.36"
192.168.25.200 - - [16/Jan/2002:00:42:25 -0500] "GET /zentao/theme/default/zh-cn.default.css?v=9.1.2 HTTP/1.1" 200 32995 "http://192.168.21.6:81/zentao/user-profile-constine_yang.html" "Mozilla/5.0 (Windows NT 6.1) AppleWebKit/537.36 (KHTML, like Gecko) Chrome/56.0.2924.87 Safari/537.36"
192.168.25.200 - - [16/Jan/2002:00:42:25 -0500] "GET /zentao/js/all.js?v=9.1.2 HTTP/1.1" 200 104385 "http://192.168.21.6:81/zentao/user-profile-constine_yang.html" "Mozilla/5.0 (Windows NT 6.1) AppleWebKit/537.36 (KHTML, like Gecko) Chrome/56.0.2924.87 Safari/537.36"
192.168.25.200 - - [16/Jan/2002:00:42:26 -0500] "GET /zentao/theme/default/fonts/zenicon.woff?v=1.0.0 HTTP/1.1" 200 19416 "http://192.168.21.6:81/zentao/theme/default/zh-cn.default.css?v=9.1.2" "Mozilla/5.0 (Windows NT 6.1) AppleWebKit/537.36 (KHTML, like Gecko) Chrome/56.0.2924.87 Safari/537.36"
192.168.25.200 - - [16/Jan/2002:00:42:26 -0500] "GET /zentao/theme/default/images/main/icon.png HTTP/1.1" 200 3466 "http://192.168.21.6:81/zentao/theme/default/zh-cn.default.css?v=9.1.2" "Mozilla/5.0 (Windows NT 6.1) AppleWebKit/537.36 (KHTML, like Gecko) Chrome/56.0.2924.87 Safari/537.36"
192.168.25.200 - - [16/Jan/2002:00:42:26 -0500] "GET /zentao/theme/zui/fonts/zenicon.woff?v=1.0.0 HTTP/1.1" 200 82784 "http://192.168.21.6:81/zentao/theme/default/zh-cn.default.css?v=9.1.2" "Mozilla/5.0 (Windows NT 6.1) AppleWebKit/537.36 (KHTML, like Gecko) Chrome/56.0.2924.87 Safari/537.36"
192.168.25.200 - - [16/Jan/2002:00:42:36 -0500] "GET /zentao/qa/ HTTP/1.1" 200 2852 "http://192.168.21.6:81/zentao/user-profile-constine_yang.html" "Mozilla/5.0 (Windows NT 6.1) AppleWebKit/537.36 (KHTML, like Gecko) Chrome/56.0.2924.87 Safari/537.36"
192.168.25.200 - - [16/Jan/2002:00:42:37 -0500] "GET /zentao/theme/default/zh-cn.default.css?v=9.1.2 HTTP/1.1" 200 32995 "http://192.168.21.6:81/zentao/qa/" "Mozilla/5.0 (Windows NT 6.1) AppleWebKit/537.36 (KHTML, like Gecko) Chrome/56.0.2924.87 Safari/537.36"
192.168.25.200 - - [16/Jan/2002:00:42:37 -0500] "GET /zentao/js/all.js?v=9.1.2 HTTP/1.1" 200 104385 "http://192.168.21.6:81/zentao/qa/" "Mozilla/5.0 (Windows NT 6.1) AppleWebKit/537.36 (KHTML, like Gecko) Chrome/56.0.2924.87 Safari/537.36"
192.168.25.200 - - [16/Jan/2002:00:42:37 -0500] "GET /zentao/theme/default/fonts/zenicon.woff?v=1.0.0 HTTP/1.1" 200 19416 "http://192.168.21.6:81/zentao/theme/default/zh-cn.default.css?v=9.1.2" "Mozilla/5.0 (Windows NT 6.1) AppleWebKit/537.36 (KHTML, like Gecko) Chrome/56.0.2924.87 Safari/537.36"
192.168.25.200 - - [16/Jan/2002:00:42:37 -0500] "GET /zentao/qa/ HTTP/1.1" 200 7506 "http://192.168.21.6:81/zentao/qa/" "Mozilla/5.0 (Windows NT 6.1) AppleWebKit/537.36 (KHTML, like Gecko) Chrome/56.0.2924.87 Safari/537.36"
192.168.25.200 - - [16/Jan/2002:00:42:37 -0500] "GET /zentao/js/all.js?v=9.1.2 HTTP/1.1" 304 - "http://192.168.21.6:81/zentao/qa/" "Mozilla/5.0 (Windows NT 6.1) AppleWebKit/537.36 (KHTML, like Gecko) Chrome/56.0.2924.87 Safari/537.36"
192.168.25.200 - - [16/Jan/2002:00:42:37 -0500] "GET /zentao/theme/default/zh-cn.default.css?v=9.1.2 HTTP/1.1" 304 - "http://192.168.21.6:81/zentao/qa/" "Mozilla/5.0 (Windows NT 6.1) AppleWebKit/537.36 (KHTML, like Gecko) Chrome/56.0.2924.87 Safari/537.36"
192.168.25.200 - - [16/Jan/2002:00:42:37 -0500] "GET /zentao/js/jquery/tablesorter/metadata.js?v=9.1.2 HTTP/1.1" 200 1522 "http://192.168.21.6:81/zentao/qa/" "Mozilla/5.0 (Windows NT 6.1) AppleWebKit/537.36 (KHTML, like Gecko) Chrome/56.0.2924.87 Safari/537.36"
192.168.25.200 - - [16/Jan/2002:00:42:37 -0500] "GET /zentao/js/jquery/tablesorter/min.js?v=9.1.2 HTTP/1.1" 200 11028 "http://192.168.21.6:81/zentao/qa/" "Mozilla/5.0 (Windows NT 6.1) AppleWebKit/537.36 (KHTML, like Gecko) Chrome/56.0.2924.87 Safari/537.36"
192.168.25.200 - - [16/Jan/2002:00:42:38 -0500] "GET /zentao/theme/default/fonts/zenicon.woff?v=1.0.0 HTTP/1.1" 200 19416 "http://192.168.21.6:81/zentao/theme/default/zh-cn.default.css?v=9.1.2" "Mozilla/5.0 (Windows NT 6.1) AppleWebKit/537.36 (KHTML, like Gecko) Chrome/56.0.2924.87 Safari/537.36"
192.168.25.200 - - [16/Jan/2002:00:42:38 -0500] "GET /zentao/theme/zui/fonts/zenicon.woff?v=1.0.0 HTTP/1.1" 200 82784 "http://192.168.21.6:81/zentao/theme/default/zh-cn.default.css?v=9.1.2" "Mozilla/5.0 (Windows NT 6.1) AppleWebKit/537.36 (KHTML, like Gecko) Chrome/56.0.2924.87 Safari/537.36"
192.168.25.200 - - [16/Jan/2002:00:42:38 -0500] "GET /zentao/theme/default/images/main/icon.png HTTP/1.1" 200 3466 "http://192.168.21.6:81/zentao/theme/default/zh-cn.default.css?v=9.1.2" "Mozilla/5.0 (Windows NT 6.1) AppleWebKit/537.36 (KHTML, like Gecko) Chrome/56.0.2924.87 Safari/537.36"
192.168.25.200 - - [16/Jan/2002:00:42:38 -0500] "GET /zentao/block-printBlock-40-qa.html HTTP/1.1" 200 219 "http://192.168.21.6:81/zentao/qa/" "Mozilla/5.0 (Windows NT 6.1) AppleWebKit/537.36 (KHTML, like Gecko) Chrome/56.0.2924.87 Safari/537.36"
192.168.25.200 - - [16/Jan/2002:00:42:38 -0500] "GET /zentao/block-printBlock-41-qa.html HTTP/1.1" 200 253 "http://192.168.21.6:81/zentao/qa/" "Mozilla/5.0 (Windows NT 6.1) AppleWebKit/537.36 (KHTML, like Gecko) Chrome/56.0.2924.87 Safari/537.36"
192.168.25.200 - - [16/Jan/2002:00:42:38 -0500] "GET /zentao/block-printBlock-42-qa.html HTTP/1.1" 200 260 "http://192.168.21.6:81/zentao/qa/" "Mozilla/5.0 (Windows NT 6.1) AppleWebKit/537.36 (KHTML, like Gecko) Chrome/56.0.2924.87 Safari/537.36"
192.168.25.200 - - [16/Jan/2002:00:42:38 -0500] "GET /zentao/project/ HTTP/1.1" 200 8760 "http://192.168.21.6:81/zentao/qa/" "Mozilla/5.0 (Windows NT 6.1) AppleWebKit/537.36 (KHTML, like Gecko) Chrome/56.0.2924.87 Safari/537.36"
192.168.25.200 - - [16/Jan/2002:00:42:38 -0500] "GET /zentao/js/jquery/tablesorter/min.js?v=9.1.2 HTTP/1.1" 200 11028 "http://192.168.21.6:81/zentao/project/" "Mozilla/5.0 (Windows NT 6.1) AppleWebKit/537.36 (KHTML, like Gecko) Chrome/56.0.2924.87 Safari/537.36"
192.168.25.200 - - [16/Jan/2002:00:42:38 -0500] "GET /zentao/js/jquery/tablesorter/metadata.js?v=9.1.2 HTTP/1.1" 200 1522 "http://192.168.21.6:81/zentao/project/" "Mozilla/5.0 (Windows NT 6.1) AppleWebKit/537.36 (KHTML, like Gecko) Chrome/56.0.2924.87 Safari/537.36"
192.168.25.200 - - [16/Jan/2002:00:42:38 -0500] "GET /zentao/theme/default/zh-cn.default.css?v=9.1.2 HTTP/1.1" 200 32995 "http://192.168.21.6:81/zentao/project/" "Mozilla/5.0 (Windows NT 6.1) AppleWebKit/537.36 (KHTML, like Gecko) Chrome/56.0.2924.87 Safari/537.36"
192.168.25.200 - - [16/Jan/2002:00:42:38 -0500] "GET /zentao/js/all.js?v=9.1.2 HTTP/1.1" 200 104385 "http://192.168.21.6:81/zentao/project/" "Mozilla/5.0 (Windows NT 6.1) AppleWebKit/537.36 (KHTML, like Gecko) Chrome/56.0.2924.87 Safari/537.36"
192.168.25.200 - - [16/Jan/2002:00:42:39 -0500] "GET /zentao/theme/default/fonts/zenicon.woff?v=1.0.0 HTTP/1.1" 200 19416 "http://192.168.21.6:81/zentao/theme/default/zh-cn.default.css?v=9.1.2" "Mozilla/5.0 (Windows NT 6.1) AppleWebKit/537.36 (KHTML, like Gecko) Chrome/56.0.2924.87 Safari/537.36"
192.168.25.200 - - [16/Jan/2002:00:42:39 -0500] "GET /zentao/theme/zui/fonts/zenicon.woff?v=1.0.0 HTTP/1.1" 200 82784 "http://192.168.21.6:81/zentao/theme/default/zh-cn.default.css?v=9.1.2" "Mozilla/5.0 (Windows NT 6.1) AppleWebKit/537.36 (KHTML, like Gecko) Chrome/56.0.2924.87 Safari/537.36"
192.168.25.200 - - [16/Jan/2002:00:42:39 -0500] "GET /zentao/theme/default/images/main/icon.png HTTP/1.1" 200 3466 "http://192.168.21.6:81/zentao/theme/default/zh-cn.default.css?v=9.1.2" "Mozilla/5.0 (Windows NT 6.1) AppleWebKit/537.36 (KHTML, like Gecko) Chrome/56.0.2924.87 Safari/537.36"
192.168.25.200 - - [16/Jan/2002:00:42:39 -0500] "GET /zentao/block-printBlock-10-project.html HTTP/1.1" 200 1471 "http://192.168.21.6:81/zentao/project/" "Mozilla/5.0 (Windows NT 6.1) AppleWebKit/537.36 (KHTML, like Gecko) Chrome/56.0.2924.87 Safari/537.36"
192.168.25.200 - - [16/Jan/2002:00:42:39 -0500] "GET /zentao/block-printBlock-11-project.html HTTP/1.1" 200 312 "http://192.168.21.6:81/zentao/project/" "Mozilla/5.0 (Windows NT 6.1) AppleWebKit/537.36 (KHTML, like Gecko) Chrome/56.0.2924.87 Safari/537.36"
192.168.25.200 - - [16/Jan/2002:00:42:39 -0500] "GET /zentao/js/chartjs/chart.line.min.js?v=9.1.2&_=1493712722092 HTTP/1.1" 200 2918 "http://192.168.21.6:81/zentao/project/" "Mozilla/5.0 (Windows NT 6.1) AppleWebKit/537.36 (KHTML, like Gecko) Chrome/56.0.2924.87 Safari/537.36"
192.168.25.200 - - [16/Jan/2002:00:42:50 -0500] "GET /zentao/company/ HTTP/1.1" 302 - "http://192.168.21.6:81/zentao/project/" "Mozilla/5.0 (Windows NT 6.1) AppleWebKit/537.36 (KHTML, like Gecko) Chrome/56.0.2924.87 Safari/537.36"
192.168.25.200 - - [16/Jan/2002:00:42:50 -0500] "GET /zentao/company-browse.html HTTP/1.1" 200 11236 "http://192.168.21.6:81/zentao/project/" "Mozilla/5.0 (Windows NT 6.1) AppleWebKit/537.36 (KHTML, like Gecko) Chrome/56.0.2924.87 Safari/537.36"
192.168.25.200 - - [16/Jan/2002:00:42:51 -0500] "GET /zentao/theme/default/zh-cn.default.css?v=9.1.2 HTTP/1.1" 200 32995 "http://192.168.21.6:81/zentao/company-browse.html" "Mozilla/5.0 (Windows NT 6.1) AppleWebKit/537.36 (KHTML, like Gecko) Chrome/56.0.2924.87 Safari/537.36"
192.168.25.200 - - [16/Jan/2002:00:42:51 -0500] "GET /zentao/js/all.js?v=9.1.2 HTTP/1.1" 200 104385 "http://192.168.21.6:81/zentao/company-browse.html" "Mozilla/5.0 (Windows NT 6.1) AppleWebKit/537.36 (KHTML, like Gecko) Chrome/56.0.2924.87 Safari/537.36"
192.168.25.200 - - [16/Jan/2002:00:42:51 -0500] "GET /zentao/theme/default/fonts/zenicon.woff?v=1.0.0 HTTP/1.1" 200 19416 "http://192.168.21.6:81/zentao/theme/default/zh-cn.default.css?v=9.1.2" "Mozilla/5.0 (Windows NT 6.1) AppleWebKit/537.36 (KHTML, like Gecko) Chrome/56.0.2924.87 Safari/537.36"
192.168.25.200 - - [16/Jan/2002:00:42:51 -0500] "GET /zentao/theme/default/images/main/icon.png HTTP/1.1" 200 3466 "http://192.168.21.6:81/zentao/theme/default/zh-cn.default.css?v=9.1.2" "Mozilla/5.0 (Windows NT 6.1) AppleWebKit/537.36 (KHTML, like Gecko) Chrome/56.0.2924.87 Safari/537.36"
192.168.25.200 - - [16/Jan/2002:00:42:51 -0500] "GET /zentao/theme/zui/fonts/zenicon.woff?v=1.0.0 HTTP/1.1" 200 82784 "http://192.168.21.6:81/zentao/theme/default/zh-cn.default.css?v=9.1.2" "Mozilla/5.0 (Windows NT 6.1) AppleWebKit/537.36 (KHTML, like Gecko) Chrome/56.0.2924.87 Safari/537.36"
192.168.25.200 - - [16/Jan/2002:00:42:56 -0500] "GET /zentao/user-edit-2-company.html HTTP/1.1" 200 5926 "http://192.168.21.6:81/zentao/company-browse.html" "Mozilla/5.0 (Windows NT 6.1) AppleWebKit/537.36 (KHTML, like Gecko) Chrome/56.0.2924.87 Safari/537.36"
192.168.25.200 - - [16/Jan/2002:00:42:57 -0500] "GET /zentao/theme/default/zh-cn.default.css?v=9.1.2 HTTP/1.1" 200 32995 "http://192.168.21.6:81/zentao/user-edit-2-company.html" "Mozilla/5.0 (Windows NT 6.1) AppleWebKit/537.36 (KHTML, like Gecko) Chrome/56.0.2924.87 Safari/537.36"
192.168.25.200 - - [16/Jan/2002:00:42:57 -0500] "GET /zentao/js/all.js?v=9.1.2 HTTP/1.1" 200 104385 "http://192.168.21.6:81/zentao/user-edit-2-company.html" "Mozilla/5.0 (Windows NT 6.1) AppleWebKit/537.36 (KHTML, like Gecko) Chrome/56.0.2924.87 Safari/537.36"
192.168.25.200 - - [16/Jan/2002:00:42:57 -0500] "GET /zentao/theme/default/fonts/zenicon.woff?v=1.0.0 HTTP/1.1" 200 19416 "http://192.168.21.6:81/zentao/theme/default/zh-cn.default.css?v=9.1.2" "Mozilla/5.0 (Windows NT 6.1) AppleWebKit/537.36 (KHTML, like Gecko) Chrome/56.0.2924.87 Safari/537.36"
192.168.25.200 - - [16/Jan/2002:00:42:57 -0500] "GET /zentao/theme/default/images/main/icon.png HTTP/1.1" 200 3466 "http://192.168.21.6:81/zentao/theme/default/zh-cn.default.css?v=9.1.2" "Mozilla/5.0 (Windows NT 6.1) AppleWebKit/537.36 (KHTML, like Gecko) Chrome/56.0.2924.87 Safari/537.36"
192.168.25.200 - - [16/Jan/2002:00:42:57 -0500] "GET /zentao/theme/zui/fonts/zenicon.woff?v=1.0.0 HTTP/1.1" 200 82784 "http://192.168.21.6:81/zentao/theme/default/zh-cn.default.css?v=9.1.2" "Mozilla/5.0 (Windows NT 6.1) AppleWebKit/537.36 (KHTML, like Gecko) Chrome/56.0.2924.87 Safari/537.36"
192.168.25.200 - - [16/Jan/2002:00:43:07 -0500] "POST /zentao/user-edit-2-company.html HTTP/1.1" 200 205 "http://192.168.21.6:81/zentao/user-edit-2-company.html" "Mozilla/5.0 (Windows NT 6.1) AppleWebKit/537.36 (KHTML, like Gecko) Chrome/56.0.2924.87 Safari/537.36"
192.168.25.200 - - [16/Jan/2002:00:43:20 -0500] "POST /zentao/user-edit-2-company.html HTTP/1.1" 200 130 "http://192.168.21.6:81/zentao/user-edit-2-company.html" "Mozilla/5.0 (Windows NT 6.1) AppleWebKit/537.36 (KHTML, like Gecko) Chrome/56.0.2924.87 Safari/537.36"
192.168.25.200 - - [16/Jan/2002:00:43:20 -0500] "GET /zentao/company-browse.html HTTP/1.1" 200 11236 "http://192.168.21.6:81/zentao/user-edit-2-company.html" "Mozilla/5.0 (Windows NT 6.1) AppleWebKit/537.36 (KHTML, like Gecko) Chrome/56.0.2924.87 Safari/537.36"
192.168.25.200 - - [16/Jan/2002:00:43:21 -0500] "GET /zentao/theme/default/zh-cn.default.css?v=9.1.2 HTTP/1.1" 200 32995 "http://192.168.21.6:81/zentao/company-browse.html" "Mozilla/5.0 (Windows NT 6.1) AppleWebKit/537.36 (KHTML, like Gecko) Chrome/56.0.2924.87 Safari/537.36"
192.168.25.200 - - [16/Jan/2002:00:43:21 -0500] "GET /zentao/js/all.js?v=9.1.2 HTTP/1.1" 200 104385 "http://192.168.21.6:81/zentao/company-browse.html" "Mozilla/5.0 (Windows NT 6.1) AppleWebKit/537.36 (KHTML, like Gecko) Chrome/56.0.2924.87 Safari/537.36"
192.168.25.200 - - [16/Jan/2002:00:43:21 -0500] "GET /zentao/theme/default/fonts/zenicon.woff?v=1.0.0 HTTP/1.1" 200 19416 "http://192.168.21.6:81/zentao/theme/default/zh-cn.default.css?v=9.1.2" "Mozilla/5.0 (Windows NT 6.1) AppleWebKit/537.36 (KHTML, like Gecko) Chrome/56.0.2924.87 Safari/537.36"
192.168.25.200 - - [16/Jan/2002:00:43:21 -0500] "GET /zentao/theme/default/images/main/icon.png HTTP/1.1" 200 3466 "http://192.168.21.6:81/zentao/theme/default/zh-cn.default.css?v=9.1.2" "Mozilla/5.0 (Windows NT 6.1) AppleWebKit/537.36 (KHTML, like Gecko) Chrome/56.0.2924.87 Safari/537.36"
192.168.25.200 - - [16/Jan/2002:00:43:21 -0500] "GET /zentao/theme/zui/fonts/zenicon.woff?v=1.0.0 HTTP/1.1" 200 82784 "http://192.168.21.6:81/zentao/theme/default/zh-cn.default.css?v=9.1.2" "Mozilla/5.0 (Windows NT 6.1) AppleWebKit/537.36 (KHTML, like Gecko) Chrome/56.0.2924.87 Safari/537.36"
192.168.25.200 - - [16/Jan/2002:00:45:14 -0500] "GET /zentao/dept-browse.html HTTP/1.1" 200 5025 "http://192.168.21.6:81/zentao/company-browse.html" "Mozilla/5.0 (Windows NT 6.1) AppleWebKit/537.36 (KHTML, like Gecko) Chrome/56.0.2924.87 Safari/537.36"
192.168.25.200 - - [16/Jan/2002:00:45:15 -0500] "GET /zentao/theme/default/zh-cn.default.css?v=9.1.2 HTTP/1.1" 200 32995 "http://192.168.21.6:81/zentao/dept-browse.html" "Mozilla/5.0 (Windows NT 6.1) AppleWebKit/537.36 (KHTML, like Gecko) Chrome/56.0.2924.87 Safari/537.36"
192.168.25.200 - - [16/Jan/2002:00:45:15 -0500] "GET /zentao/js/all.js?v=9.1.2 HTTP/1.1" 200 104385 "http://192.168.21.6:81/zentao/dept-browse.html" "Mozilla/5.0 (Windows NT 6.1) AppleWebKit/537.36 (KHTML, like Gecko) Chrome/56.0.2924.87 Safari/537.36"
192.168.25.200 - - [16/Jan/2002:00:45:15 -0500] "GET /zentao/theme/default/fonts/zenicon.woff?v=1.0.0 HTTP/1.1" 200 19416 "http://192.168.21.6:81/zentao/theme/default/zh-cn.default.css?v=9.1.2" "Mozilla/5.0 (Windows NT 6.1) AppleWebKit/537.36 (KHTML, like Gecko) Chrome/56.0.2924.87 Safari/537.36"
192.168.25.200 - - [16/Jan/2002:00:45:15 -0500] "GET /zentao/theme/default/images/main/icon.png HTTP/1.1" 200 3466 "http://192.168.21.6:81/zentao/theme/default/zh-cn.default.css?v=9.1.2" "Mozilla/5.0 (Windows NT 6.1) AppleWebKit/537.36 (KHTML, like Gecko) Chrome/56.0.2924.87 Safari/537.36"
192.168.25.200 - - [16/Jan/2002:00:45:15 -0500] "GET /zentao/theme/zui/fonts/zenicon.woff?v=1.0.0 HTTP/1.1" 200 82784 "http://192.168.21.6:81/zentao/theme/default/zh-cn.default.css?v=9.1.2" "Mozilla/5.0 (Windows NT 6.1) AppleWebKit/537.36 (KHTML, like Gecko) Chrome/56.0.2924.87 Safari/537.36"
192.168.25.200 - - [16/Jan/2002:00:45:19 -0500] "GET /zentao/misc-about.html HTTP/1.1" 200 2319 "http://192.168.21.6:81/zentao/dept-browse.html" "Mozilla/5.0 (Windows NT 6.1) AppleWebKit/537.36 (KHTML, like Gecko) Chrome/56.0.2924.87 Safari/537.36"
192.168.25.200 - - [16/Jan/2002:00:45:20 -0500] "GET /zentao/theme/default/zh-cn.default.css?v=9.1.2 HTTP/1.1" 200 32995 "http://192.168.21.6:81/zentao/misc-about.html" "Mozilla/5.0 (Windows NT 6.1) AppleWebKit/537.36 (KHTML, like Gecko) Chrome/56.0.2924.87 Safari/537.36"
192.168.25.200 - - [16/Jan/2002:00:45:20 -0500] "GET /zentao/js/all.js?v=9.1.2 HTTP/1.1" 200 104385 "http://192.168.21.6:81/zentao/misc-about.html" "Mozilla/5.0 (Windows NT 6.1) AppleWebKit/537.36 (KHTML, like Gecko) Chrome/56.0.2924.87 Safari/537.36"
192.168.25.200 - - [16/Jan/2002:00:45:20 -0500] "GET /zentao/theme/default/images/main/logo2.png HTTP/1.1" 200 17934 "http://192.168.21.6:81/zentao/misc-about.html" "Mozilla/5.0 (Windows NT 6.1) AppleWebKit/537.36 (KHTML, like Gecko) Chrome/56.0.2924.87 Safari/537.36"
192.168.25.200 - - [16/Jan/2002:00:45:20 -0500] "GET /zentao/theme/default/fonts/zenicon.woff?v=1.0.0 HTTP/1.1" 200 19416 "http://192.168.21.6:81/zentao/theme/default/zh-cn.default.css?v=9.1.2" "Mozilla/5.0 (Windows NT 6.1) AppleWebKit/537.36 (KHTML, like Gecko) Chrome/56.0.2924.87 Safari/537.36"
192.168.25.185 - - [16/Jan/2002:00:47:24 -0500] "GET /zentao/misc-ping.html HTTP/1.1" 200 88 "-" "Mozilla/5.0 (Windows NT 6.1; Trident/7.0; rv:11.0) like Gecko"
192.168.25.200 - - [16/Jan/2002:00:55:16 -0500] "GET /zentao/misc-ping.html HTTP/1.1" 200 88 "http://192.168.21.6:81/zentao/dept-browse.html" "Mozilla/5.0 (Windows NT 6.1) AppleWebKit/537.36 (KHTML, like Gecko) Chrome/56.0.2924.87 Safari/537.36"
192.168.25.200 - - [16/Jan/2002:00:55:21 -0500] "GET /zentao/misc-ping.html HTTP/1.1" 200 88 "http://192.168.21.6:81/zentao/misc-about.html" "Mozilla/5.0 (Windows NT 6.1) AppleWebKit/537.36 (KHTML, like Gecko) Chrome/56.0.2924.87 Safari/537.36"
192.168.25.185 - - [16/Jan/2002:00:57:25 -0500] "GET /zentao/misc-ping.html HTTP/1.1" 200 88 "-" "Mozilla/5.0 (Windows NT 6.1; Trident/7.0; rv:11.0) like Gecko"
192.168.25.185 - - [16/Jan/2002:01:00:20 -0500] "GET /zentao/doc/ HTTP/1.1" 200 6909 "http://192.168.21.6:81/zentao/my/" "Mozilla/5.0 (Windows NT 6.1; Trident/7.0; rv:11.0) like Gecko"
192.168.25.185 - - [16/Jan/2002:01:00:20 -0500] "GET /zentao/theme/default/zh-cn.default.css?v=9.1.2 HTTP/1.1" 200 32995 "http://192.168.21.6:81/zentao/doc/" "Mozilla/5.0 (Windows NT 6.1; Trident/7.0; rv:11.0) like Gecko"
192.168.25.185 - - [16/Jan/2002:01:00:20 -0500] "GET /zentao/theme/default/images/main/doc-lib.png HTTP/1.1" 200 1172 "http://192.168.21.6:81/zentao/doc/" "Mozilla/5.0 (Windows NT 6.1; Trident/7.0; rv:11.0) like Gecko"
192.168.25.185 - - [16/Jan/2002:01:00:20 -0500] "GET /zentao/js/all.js?v=9.1.2 HTTP/1.1" 200 104385 "http://192.168.21.6:81/zentao/doc/" "Mozilla/5.0 (Windows NT 6.1; Trident/7.0; rv:11.0) like Gecko"
192.168.25.185 - - [16/Jan/2002:01:00:21 -0500] "GET /zentao/theme/default/images/main/icon.png HTTP/1.1" 200 3466 "http://192.168.21.6:81/zentao/doc/" "Mozilla/5.0 (Windows NT 6.1; Trident/7.0; rv:11.0) like Gecko"
192.168.25.200 - - [16/Jan/2002:01:05:16 -0500] "GET /zentao/misc-ping.html HTTP/1.1" 200 88 "http://192.168.21.6:81/zentao/misc-ping.html" "Mozilla/5.0 (Windows NT 6.1) AppleWebKit/537.36 (KHTML, like Gecko) Chrome/56.0.2924.87 Safari/537.36"
192.168.25.200 - - [16/Jan/2002:01:05:21 -0500] "GET /zentao/misc-ping.html HTTP/1.1" 200 88 "http://192.168.21.6:81/zentao/misc-ping.html" "Mozilla/5.0 (Windows NT 6.1) AppleWebKit/537.36 (KHTML, like Gecko) Chrome/56.0.2924.87 Safari/537.36"
192.168.25.185 - - [16/Jan/2002:01:09:32 -0500] "GET /zentao/my/ HTTP/1.1" 200 8751 "http://192.168.21.6:81/zentao/doc/" "Mozilla/5.0 (Windows NT 6.1; Trident/7.0; rv:11.0) like Gecko"
192.168.25.185 - - [16/Jan/2002:01:09:33 -0500] "GET /zentao/js/all.js?v=9.1.2 HTTP/1.1" 200 104385 "http://192.168.21.6:81/zentao/my/" "Mozilla/5.0 (Windows NT 6.1; Trident/7.0; rv:11.0) like Gecko"
192.168.25.185 - - [16/Jan/2002:01:09:33 -0500] "GET /zentao/theme/default/zh-cn.default.css?v=9.1.2 HTTP/1.1" 200 32995 "http://192.168.21.6:81/zentao/my/" "Mozilla/5.0 (Windows NT 6.1; Trident/7.0; rv:11.0) like Gecko"
192.168.25.185 - - [16/Jan/2002:01:09:33 -0500] "GET /zentao/theme/default/index.css?v=9.1.2 HTTP/1.1" 200 - "http://192.168.21.6:81/zentao/my/" "Mozilla/5.0 (Windows NT 6.1; Trident/7.0; rv:11.0) like Gecko"
192.168.25.185 - - [16/Jan/2002:01:09:33 -0500] "GET /zentao/js/jquery/tablesorter/min.js?v=9.1.2 HTTP/1.1" 200 11028 "http://192.168.21.6:81/zentao/my/" "Mozilla/5.0 (Windows NT 6.1; Trident/7.0; rv:11.0) like Gecko"
192.168.25.185 - - [16/Jan/2002:01:09:33 -0500] "GET /zentao/js/jquery/tablesorter/metadata.js?v=9.1.2 HTTP/1.1" 200 1522 "http://192.168.21.6:81/zentao/my/" "Mozilla/5.0 (Windows NT 6.1; Trident/7.0; rv:11.0) like Gecko"
192.168.25.185 - - [16/Jan/2002:01:09:33 -0500] "GET /zentao/block-printBlock-28-my.html HTTP/1.1" 200 966 "http://192.168.21.6:81/zentao/my/" "Mozilla/5.0 (Windows NT 6.1; Trident/7.0; rv:11.0) like Gecko"
192.168.25.185 - - [16/Jan/2002:01:09:33 -0500] "GET /zentao/theme/default/images/main/icon.png HTTP/1.1" 200 3466 "http://192.168.21.6:81/zentao/my/" "Mozilla/5.0 (Windows NT 6.1; Trident/7.0; rv:11.0) like Gecko"
192.168.25.185 - - [16/Jan/2002:01:09:33 -0500] "GET /zentao/block-printBlock-29-my.html HTTP/1.1" 200 445 "http://192.168.21.6:81/zentao/my/" "Mozilla/5.0 (Windows NT 6.1; Trident/7.0; rv:11.0) like Gecko"
192.168.25.185 - - [16/Jan/2002:01:09:33 -0500] "GET /zentao/block-printBlock-30-my.html HTTP/1.1" 200 1473 "http://192.168.21.6:81/zentao/my/" "Mozilla/5.0 (Windows NT 6.1; Trident/7.0; rv:11.0) like Gecko"
192.168.25.185 - - [16/Jan/2002:01:09:33 -0500] "GET /zentao/block-printBlock-31-my.html HTTP/1.1" 200 224 "http://192.168.21.6:81/zentao/my/" "Mozilla/5.0 (Windows NT 6.1; Trident/7.0; rv:11.0) like Gecko"
192.168.25.185 - - [16/Jan/2002:01:09:34 -0500] "GET /zentao/block-printBlock-32-my.html HTTP/1.1" 200 420 "http://192.168.21.6:81/zentao/my/" "Mozilla/5.0 (Windows NT 6.1; Trident/7.0; rv:11.0) like Gecko"
192.168.25.185 - - [16/Jan/2002:01:09:34 -0500] "GET /zentao/js/chartjs/chart.line.min.js?v=9.1.2&_=1493714263421 HTTP/1.1" 200 2918 "http://192.168.21.6:81/zentao/my/" "Mozilla/5.0 (Windows NT 6.1; Trident/7.0; rv:11.0) like Gecko"
192.168.25.185 - - [16/Jan/2002:01:09:34 -0500] "GET /zentao/block-printBlock-33-my.html HTTP/1.1" 200 312 "http://192.168.21.6:81/zentao/my/" "Mozilla/5.0 (Windows NT 6.1; Trident/7.0; rv:11.0) like Gecko"
192.168.25.185 - - [16/Jan/2002:01:09:34 -0500] "GET /zentao/block-printBlock-34-my.html HTTP/1.1" 200 219 "http://192.168.21.6:81/zentao/my/" "Mozilla/5.0 (Windows NT 6.1; Trident/7.0; rv:11.0) like Gecko"
192.168.25.185 - - [16/Jan/2002:01:09:34 -0500] "GET /zentao/block-printBlock-35-my.html HTTP/1.1" 200 239 "http://192.168.21.6:81/zentao/my/" "Mozilla/5.0 (Windows NT 6.1; Trident/7.0; rv:11.0) like Gecko"
192.168.25.185 - - [16/Jan/2002:01:09:34 -0500] "GET /zentao/block-printBlock-36-my.html HTTP/1.1" 200 253 "http://192.168.21.6:81/zentao/my/" "Mozilla/5.0 (Windows NT 6.1; Trident/7.0; rv:11.0) like Gecko"
192.168.25.200 - - [16/Jan/2002:01:15:16 -0500] "GET /zentao/misc-ping.html HTTP/1.1" 200 88 "http://192.168.21.6:81/zentao/misc-ping.html" "Mozilla/5.0 (Windows NT 6.1) AppleWebKit/537.36 (KHTML, like Gecko) Chrome/56.0.2924.87 Safari/537.36"
192.168.25.200 - - [16/Jan/2002:01:15:21 -0500] "GET /zentao/misc-ping.html HTTP/1.1" 200 88 "http://192.168.21.6:81/zentao/misc-ping.html" "Mozilla/5.0 (Windows NT 6.1) AppleWebKit/537.36 (KHTML, like Gecko) Chrome/56.0.2924.87 Safari/537.36"
192.168.25.185 - - [16/Jan/2002:01:19:33 -0500] "GET /zentao/misc-ping.html HTTP/1.1" 200 88 "http://192.168.21.6:81/zentao/my/" "Mozilla/5.0 (Windows NT 6.1; Trident/7.0; rv:11.0) like Gecko"
192.168.25.200 - - [16/Jan/2002:01:25:17 -0500] "GET /zentao/misc-ping.html HTTP/1.1" 200 88 "http://192.168.21.6:81/zentao/misc-ping.html" "Mozilla/5.0 (Windows NT 6.1) AppleWebKit/537.36 (KHTML, like Gecko) Chrome/56.0.2924.87 Safari/537.36"
192.168.25.200 - - [16/Jan/2002:01:25:22 -0500] "GET /zentao/misc-ping.html HTTP/1.1" 200 88 "http://192.168.21.6:81/zentao/misc-ping.html" "Mozilla/5.0 (Windows NT 6.1) AppleWebKit/537.36 (KHTML, like Gecko) Chrome/56.0.2924.87 Safari/537.36"
192.168.25.185 - - [16/Jan/2002:01:29:35 -0500] "GET /zentao/misc-ping.html HTTP/1.1" 200 88 "-" "Mozilla/5.0 (Windows NT 6.1; Trident/7.0; rv:11.0) like Gecko"
192.168.25.200 - - [16/Jan/2002:01:35:17 -0500] "GET /zentao/misc-ping.html HTTP/1.1" 200 88 "http://192.168.21.6:81/zentao/misc-ping.html" "Mozilla/5.0 (Windows NT 6.1) AppleWebKit/537.36 (KHTML, like Gecko) Chrome/56.0.2924.87 Safari/537.36"
192.168.25.200 - - [16/Jan/2002:01:35:22 -0500] "GET /zentao/misc-ping.html HTTP/1.1" 200 88 "http://192.168.21.6:81/zentao/misc-ping.html" "Mozilla/5.0 (Windows NT 6.1) AppleWebKit/537.36 (KHTML, like Gecko) Chrome/56.0.2924.87 Safari/537.36"
192.168.25.185 - - [16/Jan/2002:01:39:37 -0500] "GET /zentao/misc-ping.html HTTP/1.1" 200 88 "-" "Mozilla/5.0 (Windows NT 6.1; Trident/7.0; rv:11.0) like Gecko"
192.168.25.200 - - [16/Jan/2002:01:45:18 -0500] "GET /zentao/misc-ping.html HTTP/1.1" 200 88 "http://192.168.21.6:81/zentao/misc-ping.html" "Mozilla/5.0 (Windows NT 6.1) AppleWebKit/537.36 (KHTML, like Gecko) Chrome/56.0.2924.87 Safari/537.36"
192.168.25.200 - - [16/Jan/2002:01:45:22 -0500] "GET /zentao/misc-ping.html HTTP/1.1" 200 88 "http://192.168.21.6:81/zentao/misc-ping.html" "Mozilla/5.0 (Windows NT 6.1) AppleWebKit/537.36 (KHTML, like Gecko) Chrome/56.0.2924.87 Safari/537.36"
192.168.25.185 - - [16/Jan/2002:01:49:38 -0500] "GET /zentao/misc-ping.html HTTP/1.1" 200 88 "-" "Mozilla/5.0 (Windows NT 6.1; Trident/7.0; rv:11.0) like Gecko"
192.168.25.200 - - [16/Jan/2002:01:55:18 -0500] "GET /zentao/misc-ping.html HTTP/1.1" 200 88 "http://192.168.21.6:81/zentao/misc-ping.html" "Mozilla/5.0 (Windows NT 6.1) AppleWebKit/537.36 (KHTML, like Gecko) Chrome/56.0.2924.87 Safari/537.36"
192.168.25.200 - - [16/Jan/2002:01:55:23 -0500] "GET /zentao/misc-ping.html HTTP/1.1" 200 88 "http://192.168.21.6:81/zentao/misc-ping.html" "Mozilla/5.0 (Windows NT 6.1) AppleWebKit/537.36 (KHTML, like Gecko) Chrome/56.0.2924.87 Safari/537.36"
192.168.25.185 - - [16/Jan/2002:01:59:41 -0500] "GET /zentao/misc-ping.html HTTP/1.1" 200 88 "-" "Mozilla/5.0 (Windows NT 6.1; Trident/7.0; rv:11.0) like Gecko"
192.168.25.200 - - [16/Jan/2002:02:05:19 -0500] "GET /zentao/misc-ping.html HTTP/1.1" 200 88 "http://192.168.21.6:81/zentao/misc-ping.html" "Mozilla/5.0 (Windows NT 6.1) AppleWebKit/537.36 (KHTML, like Gecko) Chrome/56.0.2924.87 Safari/537.36"
192.168.25.200 - - [16/Jan/2002:02:05:23 -0500] "GET /zentao/misc-ping.html HTTP/1.1" 200 88 "http://192.168.21.6:81/zentao/misc-ping.html" "Mozilla/5.0 (Windows NT 6.1) AppleWebKit/537.36 (KHTML, like Gecko) Chrome/56.0.2924.87 Safari/537.36"
192.168.25.185 - - [16/Jan/2002:02:09:44 -0500] "GET /zentao/misc-ping.html HTTP/1.1" 200 88 "-" "Mozilla/5.0 (Windows NT 6.1; Trident/7.0; rv:11.0) like Gecko"
192.168.25.200 - - [16/Jan/2002:02:15:19 -0500] "GET /zentao/misc-ping.html HTTP/1.1" 200 88 "http://192.168.21.6:81/zentao/misc-ping.html" "Mozilla/5.0 (Windows NT 6.1) AppleWebKit/537.36 (KHTML, like Gecko) Chrome/56.0.2924.87 Safari/537.36"
192.168.25.200 - - [16/Jan/2002:02:15:23 -0500] "GET /zentao/misc-ping.html HTTP/1.1" 200 88 "http://192.168.21.6:81/zentao/misc-ping.html" "Mozilla/5.0 (Windows NT 6.1) AppleWebKit/537.36 (KHTML, like Gecko) Chrome/56.0.2924.87 Safari/537.36"
192.168.25.185 - - [16/Jan/2002:02:19:44 -0500] "GET /zentao/misc-ping.html HTTP/1.1" 200 88 "-" "Mozilla/5.0 (Windows NT 6.1; Trident/7.0; rv:11.0) like Gecko"
192.168.25.200 - - [16/Jan/2002:02:25:19 -0500] "GET /zentao/misc-ping.html HTTP/1.1" 200 88 "http://192.168.21.6:81/zentao/misc-ping.html" "Mozilla/5.0 (Windows NT 6.1) AppleWebKit/537.36 (KHTML, like Gecko) Chrome/56.0.2924.87 Safari/537.36"
192.168.25.200 - - [16/Jan/2002:02:25:24 -0500] "GET /zentao/misc-ping.html HTTP/1.1" 200 88 "http://192.168.21.6:81/zentao/misc-ping.html" "Mozilla/5.0 (Windows NT 6.1) AppleWebKit/537.36 (KHTML, like Gecko) Chrome/56.0.2924.87 Safari/537.36"
192.168.25.185 - - [16/Jan/2002:02:29:45 -0500] "GET /zentao/misc-ping.html HTTP/1.1" 200 88 "-" "Mozilla/5.0 (Windows NT 6.1; Trident/7.0; rv:11.0) like Gecko"
192.168.25.200 - - [16/Jan/2002:02:35:20 -0500] "GET /zentao/misc-ping.html HTTP/1.1" 200 88 "http://192.168.21.6:81/zentao/misc-ping.html" "Mozilla/5.0 (Windows NT 6.1) AppleWebKit/537.36 (KHTML, like Gecko) Chrome/56.0.2924.87 Safari/537.36"
192.168.25.200 - - [16/Jan/2002:02:35:24 -0500] "GET /zentao/misc-ping.html HTTP/1.1" 200 88 "http://192.168.21.6:81/zentao/misc-ping.html" "Mozilla/5.0 (Windows NT 6.1) AppleWebKit/537.36 (KHTML, like Gecko) Chrome/56.0.2924.87 Safari/537.36"
192.168.25.200 - - [16/Jan/2002:02:45:20 -0500] "GET /zentao/misc-ping.html HTTP/1.1" 200 88 "http://192.168.21.6:81/zentao/misc-ping.html" "Mozilla/5.0 (Windows NT 6.1) AppleWebKit/537.36 (KHTML, like Gecko) Chrome/56.0.2924.87 Safari/537.36"
192.168.25.200 - - [16/Jan/2002:02:45:24 -0500] "GET /zentao/misc-ping.html HTTP/1.1" 200 88 "http://192.168.21.6:81/zentao/misc-ping.html" "Mozilla/5.0 (Windows NT 6.1) AppleWebKit/537.36 (KHTML, like Gecko) Chrome/56.0.2924.87 Safari/537.36"
192.168.25.200 - - [16/Jan/2002:02:55:20 -0500] "GET /zentao/misc-ping.html HTTP/1.1" 200 88 "http://192.168.21.6:81/zentao/misc-ping.html" "Mozilla/5.0 (Windows NT 6.1) AppleWebKit/537.36 (KHTML, like Gecko) Chrome/56.0.2924.87 Safari/537.36"
192.168.25.200 - - [16/Jan/2002:02:55:25 -0500] "GET /zentao/misc-ping.html HTTP/1.1" 200 88 "http://192.168.21.6:81/zentao/misc-ping.html" "Mozilla/5.0 (Windows NT 6.1) AppleWebKit/537.36 (KHTML, like Gecko) Chrome/56.0.2924.87 Safari/537.36"
192.168.25.200 - - [16/Jan/2002:03:05:21 -0500] "GET /zentao/misc-ping.html HTTP/1.1" 200 88 "http://192.168.21.6:81/zentao/misc-ping.html" "Mozilla/5.0 (Windows NT 6.1) AppleWebKit/537.36 (KHTML, like Gecko) Chrome/56.0.2924.87 Safari/537.36"
192.168.25.200 - - [16/Jan/2002:03:05:25 -0500] "GET /zentao/misc-ping.html HTTP/1.1" 200 88 "http://192.168.21.6:81/zentao/misc-ping.html" "Mozilla/5.0 (Windows NT 6.1) AppleWebKit/537.36 (KHTML, like Gecko) Chrome/56.0.2924.87 Safari/537.36"
192.168.25.200 - - [16/Jan/2002:03:15:21 -0500] "GET /zentao/misc-ping.html HTTP/1.1" 200 88 "http://192.168.21.6:81/zentao/misc-ping.html" "Mozilla/5.0 (Windows NT 6.1) AppleWebKit/537.36 (KHTML, like Gecko) Chrome/56.0.2924.87 Safari/537.36"
192.168.25.200 - - [16/Jan/2002:03:15:25 -0500] "GET /zentao/misc-ping.html HTTP/1.1" 200 88 "http://192.168.21.6:81/zentao/misc-ping.html" "Mozilla/5.0 (Windows NT 6.1) AppleWebKit/537.36 (KHTML, like Gecko) Chrome/56.0.2924.87 Safari/537.36"
192.168.25.200 - - [16/Jan/2002:03:22:48 -0500] "GET /zentao/testcase-browse-1.html HTTP/1.1" 200 11574 "http://192.168.21.6:81/zentao/qa/" "Mozilla/5.0 (Windows NT 6.1) AppleWebKit/537.36 (KHTML, like Gecko) Chrome/56.0.2924.87 Safari/537.36"
192.168.25.200 - - [16/Jan/2002:03:22:49 -0500] "GET /zentao/js/jquery/tablesorter/metadata.js?v=9.1.2 HTTP/1.1" 200 1522 "http://192.168.21.6:81/zentao/testcase-browse-1.html" "Mozilla/5.0 (Windows NT 6.1) AppleWebKit/537.36 (KHTML, like Gecko) Chrome/56.0.2924.87 Safari/537.36"
192.168.25.200 - - [16/Jan/2002:03:22:49 -0500] "GET /zentao/js/jquery/tablesorter/min.js?v=9.1.2 HTTP/1.1" 200 11028 "http://192.168.21.6:81/zentao/testcase-browse-1.html" "Mozilla/5.0 (Windows NT 6.1) AppleWebKit/537.36 (KHTML, like Gecko) Chrome/56.0.2924.87 Safari/537.36"
192.168.25.200 - - [16/Jan/2002:03:22:49 -0500] "GET /zentao/theme/default/zh-cn.default.css?v=9.1.2 HTTP/1.1" 200 32995 "http://192.168.21.6:81/zentao/testcase-browse-1.html" "Mozilla/5.0 (Windows NT 6.1) AppleWebKit/537.36 (KHTML, like Gecko) Chrome/56.0.2924.87 Safari/537.36"
192.168.25.200 - - [16/Jan/2002:03:22:49 -0500] "GET /zentao/js/all.js?v=9.1.2 HTTP/1.1" 200 104385 "http://192.168.21.6:81/zentao/testcase-browse-1.html" "Mozilla/5.0 (Windows NT 6.1) AppleWebKit/537.36 (KHTML, like Gecko) Chrome/56.0.2924.87 Safari/537.36"
192.168.25.200 - - [16/Jan/2002:03:22:49 -0500] "GET /zentao/theme/default/fonts/zenicon.woff?v=1.0.0 HTTP/1.1" 200 19416 "http://192.168.21.6:81/zentao/theme/default/zh-cn.default.css?v=9.1.2" "Mozilla/5.0 (Windows NT 6.1) AppleWebKit/537.36 (KHTML, like Gecko) Chrome/56.0.2924.87 Safari/537.36"
192.168.25.200 - - [16/Jan/2002:03:22:50 -0500] "GET /zentao/theme/default/images/main/icon.png HTTP/1.1" 200 3466 "http://192.168.21.6:81/zentao/theme/default/zh-cn.default.css?v=9.1.2" "Mozilla/5.0 (Windows NT 6.1) AppleWebKit/537.36 (KHTML, like Gecko) Chrome/56.0.2924.87 Safari/537.36"
192.168.25.200 - - [16/Jan/2002:03:22:50 -0500] "GET /zentao/theme/zui/fonts/zenicon.woff?v=1.0.0 HTTP/1.1" 200 82784 "http://192.168.21.6:81/zentao/theme/default/zh-cn.default.css?v=9.1.2" "Mozilla/5.0 (Windows NT 6.1) AppleWebKit/537.36 (KHTML, like Gecko) Chrome/56.0.2924.87 Safari/537.36"
192.168.25.200 - - [16/Jan/2002:03:23:03 -0500] "GET /zentao/project/ HTTP/1.1" 200 8760 "http://192.168.21.6:81/zentao/testcase-browse-1.html" "Mozilla/5.0 (Windows NT 6.1) AppleWebKit/537.36 (KHTML, like Gecko) Chrome/56.0.2924.87 Safari/537.36"
192.168.25.200 - - [16/Jan/2002:03:23:03 -0500] "GET /zentao/js/jquery/tablesorter/min.js?v=9.1.2 HTTP/1.1" 200 11028 "http://192.168.21.6:81/zentao/project/" "Mozilla/5.0 (Windows NT 6.1) AppleWebKit/537.36 (KHTML, like Gecko) Chrome/56.0.2924.87 Safari/537.36"
192.168.25.200 - - [16/Jan/2002:03:23:03 -0500] "GET /zentao/js/jquery/tablesorter/metadata.js?v=9.1.2 HTTP/1.1" 200 1522 "http://192.168.21.6:81/zentao/project/" "Mozilla/5.0 (Windows NT 6.1) AppleWebKit/537.36 (KHTML, like Gecko) Chrome/56.0.2924.87 Safari/537.36"
192.168.25.200 - - [16/Jan/2002:03:23:03 -0500] "GET /zentao/theme/default/zh-cn.default.css?v=9.1.2 HTTP/1.1" 200 32995 "http://192.168.21.6:81/zentao/project/" "Mozilla/5.0 (Windows NT 6.1) AppleWebKit/537.36 (KHTML, like Gecko) Chrome/56.0.2924.87 Safari/537.36"
192.168.25.200 - - [16/Jan/2002:03:23:03 -0500] "GET /zentao/js/all.js?v=9.1.2 HTTP/1.1" 200 104385 "http://192.168.21.6:81/zentao/project/" "Mozilla/5.0 (Windows NT 6.1) AppleWebKit/537.36 (KHTML, like Gecko) Chrome/56.0.2924.87 Safari/537.36"
192.168.25.200 - - [16/Jan/2002:03:23:03 -0500] "GET /zentao/theme/default/fonts/zenicon.woff?v=1.0.0 HTTP/1.1" 200 19416 "http://192.168.21.6:81/zentao/theme/default/zh-cn.default.css?v=9.1.2" "Mozilla/5.0 (Windows NT 6.1) AppleWebKit/537.36 (KHTML, like Gecko) Chrome/56.0.2924.87 Safari/537.36"
192.168.25.200 - - [16/Jan/2002:03:23:03 -0500] "GET /zentao/theme/zui/fonts/zenicon.woff?v=1.0.0 HTTP/1.1" 200 82784 "http://192.168.21.6:81/zentao/theme/default/zh-cn.default.css?v=9.1.2" "Mozilla/5.0 (Windows NT 6.1) AppleWebKit/537.36 (KHTML, like Gecko) Chrome/56.0.2924.87 Safari/537.36"
192.168.25.200 - - [16/Jan/2002:03:23:03 -0500] "GET /zentao/theme/default/images/main/icon.png HTTP/1.1" 200 3466 "http://192.168.21.6:81/zentao/theme/default/zh-cn.default.css?v=9.1.2" "Mozilla/5.0 (Windows NT 6.1) AppleWebKit/537.36 (KHTML, like Gecko) Chrome/56.0.2924.87 Safari/537.36"
192.168.25.200 - - [16/Jan/2002:03:23:03 -0500] "GET /zentao/block-printBlock-11-project.html HTTP/1.1" 200 312 "http://192.168.21.6:81/zentao/project/" "Mozilla/5.0 (Windows NT 6.1) AppleWebKit/537.36 (KHTML, like Gecko) Chrome/56.0.2924.87 Safari/537.36"
192.168.25.200 - - [16/Jan/2002:03:23:03 -0500] "GET /zentao/block-printBlock-10-project.html HTTP/1.1" 200 1472 "http://192.168.21.6:81/zentao/project/" "Mozilla/5.0 (Windows NT 6.1) AppleWebKit/537.36 (KHTML, like Gecko) Chrome/56.0.2924.87 Safari/537.36"
192.168.25.200 - - [16/Jan/2002:03:23:04 -0500] "GET /zentao/js/chartjs/chart.line.min.js?v=9.1.2&_=1493722344347 HTTP/1.1" 200 2918 "http://192.168.21.6:81/zentao/project/" "Mozilla/5.0 (Windows NT 6.1) AppleWebKit/537.36 (KHTML, like Gecko) Chrome/56.0.2924.87 Safari/537.36"
192.168.25.200 - - [16/Jan/2002:03:23:14 -0500] "GET /zentao/product/ HTTP/1.1" 200 7616 "http://192.168.21.6:81/zentao/project/" "Mozilla/5.0 (Windows NT 6.1) AppleWebKit/537.36 (KHTML, like Gecko) Chrome/56.0.2924.87 Safari/537.36"
192.168.25.200 - - [16/Jan/2002:03:23:14 -0500] "GET /zentao/js/jquery/tablesorter/metadata.js?v=9.1.2 HTTP/1.1" 200 1522 "http://192.168.21.6:81/zentao/product/" "Mozilla/5.0 (Windows NT 6.1) AppleWebKit/537.36 (KHTML, like Gecko) Chrome/56.0.2924.87 Safari/537.36"
192.168.25.200 - - [16/Jan/2002:03:23:14 -0500] "GET /zentao/js/jquery/tablesorter/min.js?v=9.1.2 HTTP/1.1" 200 11028 "http://192.168.21.6:81/zentao/product/" "Mozilla/5.0 (Windows NT 6.1) AppleWebKit/537.36 (KHTML, like Gecko) Chrome/56.0.2924.87 Safari/537.36"
192.168.25.200 - - [16/Jan/2002:03:23:14 -0500] "GET /zentao/theme/default/zh-cn.default.css?v=9.1.2 HTTP/1.1" 200 32995 "http://192.168.21.6:81/zentao/product/" "Mozilla/5.0 (Windows NT 6.1) AppleWebKit/537.36 (KHTML, like Gecko) Chrome/56.0.2924.87 Safari/537.36"
192.168.25.200 - - [16/Jan/2002:03:23:14 -0500] "GET /zentao/js/all.js?v=9.1.2 HTTP/1.1" 200 104385 "http://192.168.21.6:81/zentao/product/" "Mozilla/5.0 (Windows NT 6.1) AppleWebKit/537.36 (KHTML, like Gecko) Chrome/56.0.2924.87 Safari/537.36"
192.168.25.200 - - [16/Jan/2002:03:23:14 -0500] "GET /zentao/theme/default/fonts/zenicon.woff?v=1.0.0 HTTP/1.1" 200 19416 "http://192.168.21.6:81/zentao/theme/default/zh-cn.default.css?v=9.1.2" "Mozilla/5.0 (Windows NT 6.1) AppleWebKit/537.36 (KHTML, like Gecko) Chrome/56.0.2924.87 Safari/537.36"
192.168.25.200 - - [16/Jan/2002:03:23:14 -0500] "GET /zentao/theme/zui/fonts/zenicon.woff?v=1.0.0 HTTP/1.1" 200 82784 "http://192.168.21.6:81/zentao/theme/default/zh-cn.default.css?v=9.1.2" "Mozilla/5.0 (Windows NT 6.1) AppleWebKit/537.36 (KHTML, like Gecko) Chrome/56.0.2924.87 Safari/537.36"
192.168.25.200 - - [16/Jan/2002:03:23:14 -0500] "GET /zentao/theme/default/images/main/icon.png HTTP/1.1" 200 3466 "http://192.168.21.6:81/zentao/theme/default/zh-cn.default.css?v=9.1.2" "Mozilla/5.0 (Windows NT 6.1) AppleWebKit/537.36 (KHTML, like Gecko) Chrome/56.0.2924.87 Safari/537.36"
192.168.25.200 - - [16/Jan/2002:03:23:14 -0500] "GET /zentao/block-printBlock-13-product.html HTTP/1.1" 200 239 "http://192.168.21.6:81/zentao/product/" "Mozilla/5.0 (Windows NT 6.1) AppleWebKit/537.36 (KHTML, like Gecko) Chrome/56.0.2924.87 Safari/537.36"
192.168.25.200 - - [16/Jan/2002:03:23:14 -0500] "GET /zentao/block-printBlock-12-product.html HTTP/1.1" 200 420 "http://192.168.21.6:81/zentao/product/" "Mozilla/5.0 (Windows NT 6.1) AppleWebKit/537.36 (KHTML, like Gecko) Chrome/56.0.2924.87 Safari/537.36"
192.168.25.200 - - [16/Jan/2002:03:23:19 -0500] "GET /zentao/project/ HTTP/1.1" 200 8760 "http://192.168.21.6:81/zentao/product/" "Mozilla/5.0 (Windows NT 6.1) AppleWebKit/537.36 (KHTML, like Gecko) Chrome/56.0.2924.87 Safari/537.36"
192.168.25.200 - - [16/Jan/2002:03:23:20 -0500] "GET /zentao/js/jquery/tablesorter/min.js?v=9.1.2 HTTP/1.1" 200 11028 "http://192.168.21.6:81/zentao/project/" "Mozilla/5.0 (Windows NT 6.1) AppleWebKit/537.36 (KHTML, like Gecko) Chrome/56.0.2924.87 Safari/537.36"
192.168.25.200 - - [16/Jan/2002:03:23:20 -0500] "GET /zentao/js/jquery/tablesorter/metadata.js?v=9.1.2 HTTP/1.1" 200 1522 "http://192.168.21.6:81/zentao/project/" "Mozilla/5.0 (Windows NT 6.1) AppleWebKit/537.36 (KHTML, like Gecko) Chrome/56.0.2924.87 Safari/537.36"
192.168.25.200 - - [16/Jan/2002:03:23:20 -0500] "GET /zentao/theme/default/zh-cn.default.css?v=9.1.2 HTTP/1.1" 200 32995 "http://192.168.21.6:81/zentao/project/" "Mozilla/5.0 (Windows NT 6.1) AppleWebKit/537.36 (KHTML, like Gecko) Chrome/56.0.2924.87 Safari/537.36"
192.168.25.200 - - [16/Jan/2002:03:23:20 -0500] "GET /zentao/js/all.js?v=9.1.2 HTTP/1.1" 200 104385 "http://192.168.21.6:81/zentao/project/" "Mozilla/5.0 (Windows NT 6.1) AppleWebKit/537.36 (KHTML, like Gecko) Chrome/56.0.2924.87 Safari/537.36"
